-- http://www.phpmyadmin.net
--
-- 호스트: localhost
-- 처리한 시간: 15-10-08 14:11
-- 서버 버전: 5.1.69
-- PHP 버전: 5.3.3




--
-- 데이터베이스: `mjshop1`
--

-- --------------------------------------------------------

--
-- 테이블 구조 `g5_auth`
--

CREATE TABLE IF NOT EXISTS `g5_auth` (
  `mb_id` varchar(20) NOT NULL DEFAULT '',
  `au_menu` varchar(20) NOT NULL DEFAULT '',
  `au_auth` set('r','w','d') NOT NULL DEFAULT '',
  PRIMARY KEY (`mb_id`,`au_menu`)
) ENGINE=MyISAM DEFAULT CHARSET=utf8;

--
-- 테이블의 덤프 데이터 `g5_auth`
--

INSERT INTO `g5_auth` (`mb_id`, `au_menu`, `au_auth`) VALUES
('ryunen', '100310', 'r,w,d'),
('ryunen', '200100', 'r,w,d');

-- --------------------------------------------------------

--
-- 테이블 구조 `g5_autosave`
--

CREATE TABLE IF NOT EXISTS `g5_autosave` (
  `as_id` int(11) NOT NULL AUTO_INCREMENT,
  `mb_id` varchar(20) NOT NULL,
  `as_uid` bigint(20) unsigned NOT NULL,
  `as_subject` varchar(255) NOT NULL,
  `as_content` text NOT NULL,
  `as_datetime` datetime NOT NULL,
  PRIMARY KEY (`as_id`),
  UNIQUE KEY `as_uid` (`as_uid`),
  KEY `mb_id` (`mb_id`)
) ENGINE=MyISAM  DEFAULT CHARSET=utf8 AUTO_INCREMENT=4 ;

-- --------------------------------------------------------

--
-- 테이블 구조 `g5_board_file`
--

CREATE TABLE IF NOT EXISTS `g5_board_file` (
  `bo_table` varchar(20) NOT NULL DEFAULT '',
  `wr_id` int(11) NOT NULL DEFAULT '0',
  `bf_no` int(11) NOT NULL DEFAULT '0',
  `bf_source` varchar(255) NOT NULL DEFAULT '',
  `bf_file` varchar(255) NOT NULL DEFAULT '',
  `bf_download` int(11) NOT NULL,
  `bf_content` text NOT NULL,
  `bf_filesize` int(11) NOT NULL DEFAULT '0',
  `bf_width` int(11) NOT NULL DEFAULT '0',
  `bf_height` smallint(6) NOT NULL DEFAULT '0',
  `bf_type` tinyint(4) NOT NULL DEFAULT '0',
  `bf_datetime` datetime NOT NULL DEFAULT '0000-00-00 00:00:00',
  PRIMARY KEY (`bo_table`,`wr_id`,`bf_no`)
) ENGINE=MyISAM DEFAULT CHARSET=utf8;

--
-- 테이블의 덤프 데이터 `g5_board_file`
--

INSERT INTO `g5_board_file` (`bo_table`, `wr_id`, `bf_no`, `bf_source`, `bf_file`, `bf_download`, `bf_content`, `bf_filesize`, `bf_width`, `bf_height`, `bf_type`, `bf_datetime`) VALUES
('free', 1, 0, '초계탕.jpg', '982981548_KteCN6c1_ECB488EAB384ED8395.jpg', 0, '', 77741, 500, 400, 2, '2015-07-30 17:33:21'),
('gallery', 2, 0, '2RL91WDG.jpg', '982981548_v8HnlFm0_2RL91WDG.jpg', 0, '', 74476, 670, 500, 2, '2015-07-31 10:15:34'),
('gallery', 3, 0, '4IKKHV2C.jpg', '982981548_6mUyXKEc_4IKKHV2C.jpg', 0, '', 57224, 500, 500, 2, '2015-07-31 10:19:23'),
('gallery', 4, 0, 'SFHCX9IL.jpg', '982981548_SFtufPHw_SFHCX9IL.jpg', 0, '', 64392, 500, 500, 2, '2015-07-31 10:22:05'),
('gallery', 5, 0, '1L7BL4SP.jpg', '982981548_2ySGgQU3_1L7BL4SP.jpg', 0, '', 61300, 500, 500, 2, '2015-07-31 10:24:28'),
('gallery', 6, 0, 'Y20MMX24.jpg', '982981548_VjkqQ8FN_Y20MMX24.jpg', 0, '', 103968, 500, 500, 2, '2015-07-31 10:26:39'),
('free', 3, 0, 'hathan.jpg', '982981548_pnmo9SEy_hathan.jpg', 0, '', 99262, 500, 500, 2, '2015-08-03 11:14:01');

-- --------------------------------------------------------

--
-- 테이블 구조 `g5_board_good`
--

CREATE TABLE IF NOT EXISTS `g5_board_good` (
  `bg_id` int(11) NOT NULL AUTO_INCREMENT,
  `bo_table` varchar(20) NOT NULL DEFAULT '',
  `wr_id` int(11) NOT NULL DEFAULT '0',
  `mb_id` varchar(20) NOT NULL DEFAULT '',
  `bg_flag` varchar(255) NOT NULL DEFAULT '',
  `bg_datetime` datetime NOT NULL DEFAULT '0000-00-00 00:00:00',
  PRIMARY KEY (`bg_id`),
  UNIQUE KEY `fkey1` (`bo_table`,`wr_id`,`mb_id`)
) ENGINE=MyISAM DEFAULT CHARSET=utf8 AUTO_INCREMENT=1 ;

-- --------------------------------------------------------

--
-- 테이블 구조 `g5_board_new`
--

CREATE TABLE IF NOT EXISTS `g5_board_new` (
  `bn_id` int(11) NOT NULL AUTO_INCREMENT,
  `bo_table` varchar(20) NOT NULL DEFAULT '',
  `wr_id` int(11) NOT NULL DEFAULT '0',
  `wr_parent` int(11) NOT NULL DEFAULT '0',
  `bn_datetime` datetime NOT NULL DEFAULT '0000-00-00 00:00:00',
  `mb_id` varchar(20) NOT NULL DEFAULT '',
  PRIMARY KEY (`bn_id`),
  KEY `mb_id` (`mb_id`)
) ENGINE=MyISAM  DEFAULT CHARSET=utf8 AUTO_INCREMENT=23 ;

-- --------------------------------------------------------

--
-- 테이블 구조 `g5_cert_history`
--

CREATE TABLE IF NOT EXISTS `g5_cert_history` (
  `cr_id` int(11) NOT NULL AUTO_INCREMENT,
  `mb_id` varchar(20) NOT NULL DEFAULT '',
  `cr_company` varchar(255) NOT NULL DEFAULT '',
  `cr_method` varchar(255) NOT NULL DEFAULT '',
  `cr_ip` varchar(255) NOT NULL DEFAULT '',
  `cr_date` date NOT NULL DEFAULT '0000-00-00',
  `cr_time` time NOT NULL DEFAULT '00:00:00',
  PRIMARY KEY (`cr_id`),
  KEY `mb_id` (`mb_id`)
) ENGINE=MyISAM DEFAULT CHARSET=utf8 AUTO_INCREMENT=1 ;

-- --------------------------------------------------------

--
-- 테이블 구조 `g5_content`
--

CREATE TABLE IF NOT EXISTS `g5_content` (
  `co_id` varchar(20) NOT NULL DEFAULT '',
  `co_html` tinyint(4) NOT NULL DEFAULT '0',
  `co_subject` varchar(255) NOT NULL DEFAULT '',
  `co_content` longtext NOT NULL,
  `co_mobile_content` longtext NOT NULL,
  `co_skin` varchar(255) NOT NULL DEFAULT '',
  `co_mobile_skin` varchar(255) NOT NULL DEFAULT '',
  `co_tag_filter_use` tinyint(4) NOT NULL DEFAULT '0',
  `co_hit` int(11) NOT NULL DEFAULT '0',
  `co_include_head` varchar(255) NOT NULL,
  `co_include_tail` varchar(255) NOT NULL,
  PRIMARY KEY (`co_id`)
) ENGINE=MyISAM DEFAULT CHARSET=utf8;

--
-- 테이블의 덤프 데이터 `g5_content`
--

INSERT INTO `g5_content` (`co_id`, `co_html`, `co_subject`, `co_content`, `co_mobile_content`, `co_skin`, `co_mobile_skin`, `co_tag_filter_use`, `co_hit`, `co_include_head`, `co_include_tail`) VALUES
('company', 1, '회사소개', '<p align="left" style="text-align: left;"><strong>품질 좋은 먹거리로 인정받아온 아줌마네 야채가게가<br>자연의 먹거리를 온라인에서도 손쉽게 구매하실 수 있도록<br>아줌마몰이 오픈됩니다.</strong></p><p align="left" style="text-align: left;"><strong>성실한 생산자와 소비자 모두가 건강해지고,<br>서로를 지켜주는 직거래 장터를 사이버 공간에 엽니다.<br>매장으로 찾아 뵐 수 없었던 더 많은 소비자를 위해.</strong></p><p align="left" style="text-align: left;"><strong>건강한 생산자가 수확한<br>위대한 자연의 식재료를 당신께 전해 드리겠습니다.</strong></p><p align="left" style="text-align: left;"><br><strong><span style="color: rgb(0, 0, 0); font-size: 18pt; background-color: rgb(255, 255, 255);">- 아줌마몰</span></strong></p>', '<p><strong style="line-height: 1.5;">품질 좋은 먹거리로 인정받아온 아줌마네 야채가게가</strong></p><p align="left"><strong>자연의 먹거리를 온라인에서도 손쉽게 구매하실 수 있도록<br>아줌마몰이 오픈됩니다.</strong></p><p align="left"><strong>성실한 생산자와 소비자 모두가 건강해지고,<br>서로를 지켜주는 직거래 장터를 사이버 공간에 엽니다.<br>매장으로 찾아 뵐 수 없었던 더 많은 소비자를 위해.</strong></p><p align="left"><strong>건강한 생산자가 수확한<br>위대한 자연의 식재료를 당신께 전해 드리겠습니다.</strong></p><p align="left">&nbsp;</p><p><strong style="line-height: 1.5;"><span style="font-size: 18pt; background-color: rgb(255, 255, 255);">- 아줌마몰</span></strong>&nbsp;</p>', 'basic', 'basic', 0, 0, '', ''),
('privacy', 1, '개인정보 처리방침', '<p align="left" style="text-align: left; margin-left: 0px;">''<strong>상호명</strong>''(<a href="http://www.domain.co.kr"><strong>www.domain.co.kr</strong></a> 이하 ''회사''라 함)는 정보통신망 이용촉진 및 정보보호 등에 관한 법률, 개인정보보호법, 통신비밀보호법 등 정보통신서비스제공자가 준수하여야 할 관련 법령상의 개인정보보호 규정을 준수하며, 관련 법령에 의거한 개인정보취급방침을 정하여 이용자 권익 보호에 최선을 다하고 있습니다.</p><p style="margin-left: 0px;">&nbsp;</p><p style="margin-left: 0px;">본 개인정보취급방침은 회사가 제공하는 서비스(모바일 웹/앱 포함) 이용에 적용되며 다음과 같은 내용을 담고 있습니다.</p><p style="margin-left: 0px;">&nbsp;</p><p style="margin-left: 0px;">본 방침은 : <strong>2015 년 8 월 14 일</strong> 부터 시행됩니다.&nbsp;&nbsp;</p><p>&nbsp;</p><p>&nbsp;</p><p><strong>1. 수집하는 개인정보 항목</strong></p><p><strong></strong>&nbsp;</p><p><strong>&nbsp; 가. 수집하는 개인정보의 항목</strong><br>&nbsp; <br>&nbsp;&nbsp;&nbsp;&nbsp; 첫째, 회사는 회원가입, 원활한 고객상담, 각종 서비스의 제공을 위해 최초 회원가입 당시 아래와 같은 최소한의 개인정보를 필수항목으로 수집하고 있습니다.<br>&nbsp;&nbsp;&nbsp;&nbsp; ○ 수집항목 : 아이디, 비밀번호, 이름, 생년월일, 회사명, 사업자등록번호, 업태, 업종, 주소, 연락처, 긴급연락처, 전자우편<br>&nbsp;&nbsp;&nbsp;&nbsp;&nbsp; <br>&nbsp;&nbsp;&nbsp;&nbsp; 둘째, 서비스 이용과정이나 사업처리 과정에서 아래와 같은 정보들이 자동으로 생성되어 수집될 수 있습니다.</p><p>&nbsp;&nbsp;&nbsp;&nbsp; ○ 수집항목 : IP Address, 쿠키, 방문 일시, 서비스 이용 기록, 불량 이용 기록, 기기정보<br>&nbsp;&nbsp; <br>&nbsp;&nbsp;&nbsp;&nbsp; 셋째, 유료 서비스 이용 과정에서 아래와 같은 결제 정보들이 수집될 수 있습니다.<br>&nbsp;&nbsp;&nbsp;&nbsp; ○ 신용카드 결제시 : 카드사명, 카드번호 등<br>&nbsp;&nbsp;&nbsp;&nbsp; ○ 계좌이체시 : 은행명, 계좌번호 등</p><p>&nbsp;</p><p><strong>&nbsp; 나. 개인정보 수집방법</strong><br>&nbsp; <br>&nbsp;&nbsp;&nbsp;&nbsp; 회사는 다음과 같은 방식으로 개인정보를 수집합니다.<br>&nbsp;&nbsp;&nbsp;&nbsp; ○ 홈페이지, 서면양식, 팩스, 전화, 상담게시판, 이메일, 이벤트 응모, 배송요청<br>&nbsp;&nbsp;&nbsp;&nbsp; ○ 협력사로부터의 제공<br>&nbsp;&nbsp;&nbsp;&nbsp; ○ 생성정보 수집 툴을 통한 수집</p><p>&nbsp;</p><p><br><strong>2. 개인정보의 수집 및 이용목적</strong></p><p><strong></strong>&nbsp;</p><p><strong>&nbsp;가. 서비스 제공에 관한 계약 이행 및 서비스 제공에 따른 요금정산</strong><br>&nbsp;&nbsp;&nbsp;&nbsp; ○ 컨텐츠 제공, 특정 맞춤 서비스 제공, 물품배송 도는 청구서 등 발송, 본인인증, 구매 및 요금결제, 요금추심<br>&nbsp;&nbsp;&nbsp;&nbsp; <br><strong>&nbsp;나. 회원관리</strong><br>&nbsp;&nbsp;&nbsp;&nbsp; ○ 회원제 서비스 이용에 따른 본인확인, 개인 식별, 불량회원의 부정 이용 방지와 비인가 사용 방지, 가입 의사 확인, 불만처리 등 민원처리, 고지사항 전달<br>&nbsp;&nbsp;&nbsp;&nbsp;&nbsp;<br><strong>&nbsp;다. 마케팅·광고에의 활용</strong><br>&nbsp;&nbsp;&nbsp;&nbsp; ○ 이벤트 정보 및 참여기회 제공, 광고성 정보 제공, 접속빈도 파악, 회원의 서비스 이용에 대한 통계</p><p>&nbsp;</p><p><br><strong>3. 개인정보의 보유 및 이용기간</strong></p><p><br>&nbsp;&nbsp;&nbsp;&nbsp; 이용자의 개인정보는 원칙적으로 개인정보의 수집 및 이용목적이 달성되면 지체 없이 파기합니다.<br>&nbsp;&nbsp;&nbsp;&nbsp; 단, 다음의 정보에 대해서는 아래의 보존 이유를 위해 명시한 기간 동안 보존합니다.<br>&nbsp;<br><strong>&nbsp;가. 회사 내부 방침에 의한 정보보유 사유</strong></p><p><br>&nbsp;&nbsp;&nbsp;&nbsp; ○ 회원제 서비스 이용에 따른 본인확인, 개인 식별<br>&nbsp;&nbsp;&nbsp;&nbsp; ○ 불량회원의 부정 이용 방지와 비인가 사용 방지, 가입 의사 확인, 불만처리 등 민원처리, 고지사항 전달</p><p>&nbsp;</p><p><strong>&nbsp;나. 관련법령에 의한 정보보유 사유</strong></p><p><br>&nbsp;&nbsp;&nbsp;&nbsp; 상법, 전자상거래 등에서의 소비자보호에 관한 법률 등 관계법령의 규정에 의하여 보존할 필요가 있는 경우 회사는 관계법령에서 정한 일정한 기간 동안 회원정보를 보관합니다. 이 경우 회사는 보관하는 정보를 그 보관의 목적으로만 이용하며 보존기간은 아래와 같습니다.<br>&nbsp;&nbsp; <br>&nbsp;&nbsp;&nbsp;&nbsp; ○ 계약 또는 청약철회 등에 관한 기록<br>&nbsp;&nbsp;&nbsp;&nbsp;&nbsp; - 보존 이유 : 전자상거래 등에서의 소비자보호에 관한 법률<br>&nbsp;&nbsp;&nbsp;&nbsp;&nbsp; - 보존 기간 : 5년</p><p>&nbsp;&nbsp;&nbsp;&nbsp; ○ 대금결제 및 재화 등의 공급에 관한 기록<br>&nbsp;&nbsp;&nbsp;&nbsp;&nbsp; - 보존 이유 : 전자상거래 등에서의 소비자보호에 관한 법률<br>&nbsp;&nbsp;&nbsp;&nbsp;&nbsp; - 보존 기간 : 5년</p><p>&nbsp;&nbsp;&nbsp;&nbsp; ○ 전자금융 거래에 관한 기록<br>&nbsp;&nbsp;&nbsp;&nbsp;&nbsp; - 보존 이유 : 전자금융거래법<br>&nbsp;&nbsp;&nbsp;&nbsp;&nbsp; - 보존 기간 : 5년</p><p>&nbsp;&nbsp;&nbsp;&nbsp; ○ 소비자의 불만 또는 분쟁처리에 관한 기록<br>&nbsp;&nbsp;&nbsp;&nbsp;&nbsp; - 보존 이유 : 전자상거래 등에서의 소비자보호에 관한 법률<br>&nbsp;&nbsp;&nbsp;&nbsp;&nbsp; - 보존 기간 : 3년</p><p>&nbsp;&nbsp;&nbsp;&nbsp; ○ 웹사이트 방문기록<br>&nbsp;&nbsp;&nbsp;&nbsp;&nbsp; - 보존 이유 : 통신비밀보호법<br>&nbsp;&nbsp;&nbsp;&nbsp;&nbsp; - 보존 기간 : 3개월</p><p>&nbsp;</p><p><br><strong>4. 개인정보의 파기절차 및 방법</strong></p><p>&nbsp;</p><p>&nbsp;&nbsp;&nbsp;&nbsp; 이용자의 개인정보는 원칙적으로 개인정보의 수집 및 이용목적이 달성되면 지체 없이 파기합니다.<br>&nbsp;&nbsp;&nbsp; &nbsp;회사의 개인정보 파기절차 및 방법은 다음과 같습니다.</p><p>&nbsp;</p><p><strong>&nbsp;가. 파기절차</strong></p><p><br>&nbsp;&nbsp;&nbsp;&nbsp; ○ 이용자가 회원가입 등을 위해 입력한 정보는 목적이 달성된 후 별도의 DB로 옮겨져(종이의 경우 별도의 서류함) 내부 방침 및 기타 관련 법령에 의한 정보보호 사유에 따라(보유 및 이용기간 참조)일정 기간 저장된 후 파기됩니다.<br>&nbsp;&nbsp;&nbsp;&nbsp; ○ 동 개인정보는 법률에 의한 경우가 아니고서는 보유되는 이외의 다른 목적으로 이용되지 않습니다.</p><p>&nbsp;</p><p><strong>&nbsp;나. 파기방법</strong></p><p><br>&nbsp;&nbsp;&nbsp;&nbsp; ○ 종이에 출력된 개인정보는 분쇄기로 분쇄하거나 소각을 통하여 파기합니다.<br>&nbsp;&nbsp;&nbsp;&nbsp; ○ 전자적 파일 형태로 저장된 개인정보는 기록을 재생할 수 없는 기술적 방법을 사용하여 삭제합니다.</p><p>&nbsp;</p><p><br><strong>5. 개인정보 제공</strong></p><p><br>&nbsp;&nbsp;&nbsp;&nbsp; 회사는 이용자의 개인정보를 원칙적으로 외부에 제공하지 않습니다. 다만, 아래의 경우에는 예외로 합니다.<br>&nbsp;&nbsp;&nbsp;&nbsp; - 이용자들이 사전에 동의한 경우<br>&nbsp;&nbsp;&nbsp;&nbsp; - 법령의 규정에 의거하거나, 수사 목적으로 법령에 정해진 절차와 방법에 따라 수사기관의 요구가 있는 경우<br>&nbsp;&nbsp;&nbsp;</p><p>&nbsp; </p><p><strong>6. 수집한 개인정보의 위탁</strong><br>&nbsp;</p><p>&nbsp;&nbsp;&nbsp;&nbsp; 회사는 고객님의 동의없이 고객님의 정보를 외부 업체에 위탁하지 않습니다.<br>&nbsp;&nbsp;&nbsp;&nbsp; 향후 그러한 필요가 생길 경우, 위탁 대상자와 위탁 업무 내용에 대해 고객님에게 통지하고 필요한 경우 사전 동의를 받도록 하겠습니다.<br>&nbsp;</p><p>&nbsp;</p><p><strong>7. 이용자 및 법정대리인의 권리와 그 행사방법</strong><br>&nbsp;</p><p>&nbsp;&nbsp;&nbsp;&nbsp; 이용자 및 법정 대리인은 언제든지 등록되어 있는 자신 혹은 당해 만 14세 미만 아동의 개인정보를 조회하거나 수정할 수 있으며 가입해지를 요청할 수도 있습니다. 다만, 그러한 경우 서비스의 일부 또는 전부 이용이 어려울 수 있습니다.<br>&nbsp;<br>&nbsp;&nbsp;&nbsp;&nbsp; 이용자 혹은 만 14세 미만 아동의 개인정보 조회/수정을 위해서는 ‘개인정보변경’(또는 ‘회원정보수정’ 등)을 개인정보관리책임자에게서면, 전화 또는 이메일로 연락하시면 지체없이 조치하겠습니다.</p><p><br>&nbsp;&nbsp;&nbsp;&nbsp; 귀하가 개인정보의 오류에 대한 정정을 요청하신 경우에는 정정을 완료하기 전까지 당해 개인정보를 이용 또는 제공하지 않습니다. 또한 잘못된 개인정보를 제3자에게 이미 제공한 경우에는 정정 처리결과를 제3자에게 지체없이 통지하여 정정이 이루어지도록 하겠습니다.<br>&nbsp;<br>&nbsp;&nbsp;&nbsp;&nbsp; 회사는 이용자 혹은 법정 대리인의 요청에 의해 해지 또는 삭제된 개인정보는 “회사가 수집하는 개인정보의 보유 및 이용기간”에 명시된 바에 따라 처리하고 그 외의 용도로 열람 또는 이용할 수 없도록 처리하고 있습니다.</p><p>&nbsp;</p><p><br><strong>8. 개인정보 자동수집 장치의 설치, 운영 및 그 거부에 관한 사항</strong></p><p>&nbsp;</p><p>&nbsp;&nbsp;&nbsp;&nbsp; 회사는 귀하의 정보를 수시로 저장하고 찾아내는 ‘쿠키(cookie)’ 등을 운용합니다.</p><p>&nbsp;</p><p><strong>&nbsp;가. 쿠키</strong><br>&nbsp;<br>&nbsp;&nbsp;&nbsp;&nbsp; - 회사는 개인화되고 맞춤화된 서비스를 제공하기 위해서 이용자의 정보를 저장하고 수시로 불러오는 ''쿠키(cookie)''를 사용합니다.<br>&nbsp;&nbsp;&nbsp;&nbsp; - 쿠키는 웹사이트를 운영하는데 이용되는 서버가 이용자의 브라우저에게 보내는 아주 작은 텍스트 파일로 이용자 컴퓨터의 하드디스크에 저장됩니다. 이후 이용자가 웹 사이트에 방문할 경우 웹 사이트 서버는 이용자의 하드 디스크에 저장되어 있는 쿠키의 내용을 읽어 이용자의 환경설정을 유지하고 맞춤화된 서비스를 제공하기 위해 이용됩니다.<br>&nbsp;&nbsp;&nbsp;&nbsp; - 쿠키는 개인을 식별하는 정보를 자동적/능동적으로 수집하지 않으며, 이용자는 언제든지 이러한 쿠키의 저장을 거부하거나 삭제할 수 있습니다.</p><p>&nbsp;</p><p><strong>나. 회사의 쿠키 사용 목적</strong><br>&nbsp;<br>&nbsp;&nbsp;&nbsp;&nbsp; - 이용자들이 방문한 네이버의 각 서비스와 웹 사이트들에 대한 방문 및 이용형태, 인기 검색어, 보안접속 여부, 뉴스편집, 이용자 규모 등을 파악하여 이용자에게 광고를 포함한 최적화된 맞춤형 정보를 제공하기 위해 사용합니다.</p><p>&nbsp;다. 쿠키의 설치/운영 및 거부<br>&nbsp;&nbsp;&nbsp;&nbsp; - 이용자는 쿠키 설치에 대한 선택권을 가지고 있습니다. 따라서 이용자는 웹브라우저에서 옵션을 설정함으로써 모든 쿠키를 허용하거나, 쿠키가 저장될 때마다 확인을 거치거나, 아니면 모든 쿠키의 저장을 거부할 수도 있습니다. 다만, 쿠키의 저장을 거부할 경우에는 로그인이 필요한 네이버 일부 서비스는 이용에 어려움이 있을 수 있습니다.<br>&nbsp;&nbsp;&nbsp;&nbsp; - 쿠키 설치 허용 여부를 지정하는 방법(Internet Explorer의 경우)은 다음과 같습니다.<br>&nbsp;&nbsp;&nbsp;&nbsp; <br>&nbsp;&nbsp;&nbsp;&nbsp;&nbsp;&nbsp; ① [도구] 메뉴에서 [인터넷 옵션]을 선택합니다.<br>&nbsp;&nbsp;&nbsp;&nbsp;&nbsp;&nbsp; ② [개인정보 탭]을 클릭합니다.<br>&nbsp;&nbsp;&nbsp;&nbsp;&nbsp;&nbsp; ③ [개인정보취급 수준]을 설정하시면 됩니다.</p><p>&nbsp;</p><p><br><strong>9. 개인정보의 기술적/관리적 보호 대책</strong></p><p><br>&nbsp;&nbsp;&nbsp;&nbsp; 회사는 이용자들의 개인정보를 취급함에 있어 개인정보가 분실, 도난, 누출, 변조 또는 훼손되지 않도록 안전성 확보를 위하여 다음과 같은 기술적/관리적 대책을 강구하고 있습니다.<br>&nbsp;<br><strong>&nbsp;가. 비밀번호 암호화</strong><br>&nbsp;<br>&nbsp;&nbsp;&nbsp; 회원 아이디(ID)의 비밀번호는 암호화되어 저장 및 관리되고 있어 본인만이 알고 있으며, 개인정보의 확인 및 변경도 비밀번호를 알고 있는 본인에 의해서만 가능합니다.<br>&nbsp;&nbsp;&nbsp; <br><strong>&nbsp;나. 해킹 등에 대비한 대책</strong><br>&nbsp;<br>&nbsp;&nbsp;&nbsp;&nbsp; 회사는 해킹이나 컴퓨터 바이러스 등에 의해 회원의 개인정보가 유출되거나 훼손되는 것을 막기 위해 최선을 다하고 있습니다.<br>&nbsp;&nbsp;&nbsp;&nbsp; 개인정보의 훼손에 대비해서 자료를 수시로 백업하고 있고, 최신 백신프로그램을 이용하여 이용자들의 개인정보나 자료가 누출되거나 손상되지 않도록 방지하고 있으며, 암호화통신 등을 통하여 네트워크상에서 개인정보를 안전하게 전송할 수 있도록 하고 있습니다.<br>&nbsp;&nbsp;&nbsp;&nbsp; 그리고 침입차단시스템을 이용하여 외부로부터의 무단 접근을 통제하고 있으며, 기타 시스템적으로 보안성을 확보하기 위한 가능한 모든 기술적 장치를 갖추려 노력하고 있습니다.</p><p>&nbsp;</p><p><br><strong>10. 개인정보관리책임자 및 담당자의 연락처</strong></p><p><br>&nbsp;&nbsp;&nbsp;&nbsp; 귀하께서는 회사의 서비스를 이용하시며 발생하는 모든 개인정보보호 관련 민원을 개인정보관리책임자 혹은 담당부서로 신고하실 수 있습니다. 회사는 이용자들의 신고사항에 대해 신속하게 충분한 답변을 드릴 것입니다.</p><p>&nbsp;</p><p><strong>&nbsp;&nbsp;&nbsp;&nbsp;&nbsp; [개인정보관리책임자]</strong><br>&nbsp;&nbsp;&nbsp;&nbsp;&nbsp;&nbsp; - 성명 : 최상호(개인정보보호팀 팀장)<br>&nbsp;&nbsp;&nbsp;&nbsp;&nbsp;&nbsp; -&nbsp;전화번호 : 1566-8680<br>&nbsp;&nbsp;&nbsp;&nbsp;&nbsp;&nbsp; - 이메일 : <a href="mailto:mj@mijinsoft.co.kr">mj@mijinsoft.co.kr</a></p><p>&nbsp;</p><p>&nbsp;&nbsp;&nbsp;&nbsp;&nbsp; 기타 개인정보침해에 대한 신고나 상담이 필요하신 경우에는 아래 기관에 문의하시기 바랍니다.</p><p><br>&nbsp;&nbsp;&nbsp;&nbsp;&nbsp;&nbsp; - 개인정보침해신고센터 (privacy.kisa.or.kr / 국번없이 118)<br>&nbsp;&nbsp;&nbsp;&nbsp;&nbsp;&nbsp; - 대검찰청 사이버수사과 (<a href="http://www.spo.go.kr">www.spo.go.kr</a> / 국번없이 1301)<br>&nbsp;&nbsp;&nbsp;&nbsp;&nbsp;&nbsp; - 경찰청 사이버안전국 (<a href="http://www.ctrc.go.kr">www.ctrc.go.kr</a> / 국번없이 182)</p>', '<p><span style="line-height: 1.5;">''</span><strong style="line-height: 1.5;">상호명</strong><span style="line-height: 1.5;">''(</span><a href="http://www.domain.co.kr/" style="line-height: 1.5;"><strong>www.domain.co.kr</strong></a><span style="line-height: 1.5;">&nbsp;</span><span style="line-height: 1.5;">이하 ''회사''라 함)는 정보통신망 이용촉진 및 정보보호 등에 관한 법률, 개인정보보호법, 통신비밀보호법 등 정보통신서비스제공자가 준수하여야 할 관련 법령상의 개인정보보호 규정을 준수하며, 관련 법령에 의거한 개인정보취급방침을 정하여 이용자 권익 보호에 최선을 다하고 있습니다.</span></p><p>&nbsp;</p><p>본 개인정보취급방침은 회사가 제공하는 서비스(모바일 웹/앱 포함) 이용에 적용되며 다음과 같은 내용을 담고 있습니다.</p><p>&nbsp;</p><p>본 방침은 :&nbsp;<strong>2015 년 8 월 14 일</strong>&nbsp;부터 시행됩니다.&nbsp;&nbsp;</p><p>&nbsp;</p><p>&nbsp;</p><p><strong>1. 수집하는 개인정보 항목</strong></p><p><strong></strong>&nbsp;</p><p><strong>&nbsp; 가. 수집하는 개인정보의 항목</strong><br>&nbsp;&nbsp;<br>&nbsp;&nbsp;&nbsp;&nbsp; 첫째, 회사는 회원가입, 원활한 고객상담, 각종 서비스의 제공을 위해 최초 회원가입 당시 아래와 같은 최소한의 개인정보를 필수항목으로 수집하고 있습니다.<br>&nbsp;&nbsp;&nbsp;&nbsp; ○ 수집항목 : 아이디, 비밀번호, 이름, 생년월일, 회사명, 사업자등록번호, 업태, 업종, 주소, 연락처, 긴급연락처, 전자우편<br>&nbsp;&nbsp;&nbsp;&nbsp;&nbsp;&nbsp;<br>&nbsp;&nbsp;&nbsp;&nbsp; 둘째, 서비스 이용과정이나 사업처리 과정에서 아래와 같은 정보들이 자동으로 생성되어 수집될 수 있습니다.</p><p>&nbsp;&nbsp;&nbsp;&nbsp; ○ 수집항목 : IP Address, 쿠키, 방문 일시, 서비스 이용 기록, 불량 이용 기록, 기기정보<br>&nbsp;&nbsp;&nbsp;<br>&nbsp;&nbsp;&nbsp;&nbsp; 셋째, 유료 서비스 이용 과정에서 아래와 같은 결제 정보들이 수집될 수 있습니다.<br>&nbsp;&nbsp;&nbsp;&nbsp; ○ 신용카드 결제시 : 카드사명, 카드번호 등<br>&nbsp;&nbsp;&nbsp;&nbsp; ○ 계좌이체시 : 은행명, 계좌번호 등</p><p>&nbsp;</p><p><strong>&nbsp; 나. 개인정보 수집방법</strong><br>&nbsp;&nbsp;<br>&nbsp;&nbsp;&nbsp;&nbsp; 회사는 다음과 같은 방식으로 개인정보를 수집합니다.<br>&nbsp;&nbsp;&nbsp;&nbsp; ○ 홈페이지, 서면양식, 팩스, 전화, 상담게시판, 이메일, 이벤트 응모, 배송요청<br>&nbsp;&nbsp;&nbsp;&nbsp; ○ 협력사로부터의 제공<br>&nbsp;&nbsp;&nbsp;&nbsp; ○ 생성정보 수집 툴을 통한 수집</p><p>&nbsp;</p><p><br><strong>2. 개인정보의 수집 및 이용목적</strong></p><p><strong></strong>&nbsp;</p><p><strong>&nbsp;가. 서비스 제공에 관한 계약 이행 및 서비스 제공에 따른 요금정산</strong><br>&nbsp;&nbsp;&nbsp;&nbsp; ○ 컨텐츠 제공, 특정 맞춤 서비스 제공, 물품배송 도는 청구서 등 발송, 본인인증, 구매 및 요금결제, 요금추심<br>&nbsp;&nbsp;&nbsp;&nbsp;&nbsp;<br><strong>&nbsp;나. 회원관리</strong><br>&nbsp;&nbsp;&nbsp;&nbsp; ○ 회원제 서비스 이용에 따른 본인확인, 개인 식별, 불량회원의 부정 이용 방지와 비인가 사용 방지, 가입 의사 확인, 불만처리 등 민원처리, 고지사항 전달<br>&nbsp;&nbsp;&nbsp;&nbsp;&nbsp;<br><strong>&nbsp;다. 마케팅·광고에의 활용</strong><br>&nbsp;&nbsp;&nbsp;&nbsp; ○ 이벤트 정보 및 참여기회 제공, 광고성 정보 제공, 접속빈도 파악, 회원의 서비스 이용에 대한 통계</p><p>&nbsp;</p><p><br><strong>3. 개인정보의 보유 및 이용기간</strong></p><p><br>&nbsp;&nbsp;&nbsp;&nbsp; 이용자의 개인정보는 원칙적으로 개인정보의 수집 및 이용목적이 달성되면 지체 없이 파기합니다.<br>&nbsp;&nbsp;&nbsp;&nbsp; 단, 다음의 정보에 대해서는 아래의 보존 이유를 위해 명시한 기간 동안 보존합니다.<br>&nbsp;<br><strong>&nbsp;가. 회사 내부 방침에 의한 정보보유 사유</strong></p><p><br>&nbsp;&nbsp;&nbsp;&nbsp; ○ 회원제 서비스 이용에 따른 본인확인, 개인 식별<br>&nbsp;&nbsp;&nbsp;&nbsp; ○ 불량회원의 부정 이용 방지와 비인가 사용 방지, 가입 의사 확인, 불만처리 등 민원처리, 고지사항 전달</p><p>&nbsp;</p><p><strong>&nbsp;나. 관련법령에 의한 정보보유 사유</strong></p><p><br>&nbsp;&nbsp;&nbsp;&nbsp; 상법, 전자상거래 등에서의 소비자보호에 관한 법률 등 관계법령의 규정에 의하여 보존할 필요가 있는 경우 회사는 관계법령에서 정한 일정한 기간 동안 회원정보를 보관합니다. 이 경우 회사는 보관하는 정보를 그 보관의 목적으로만 이용하며 보존기간은 아래와 같습니다.<br>&nbsp;&nbsp;&nbsp;<br>&nbsp;&nbsp;&nbsp;&nbsp; ○ 계약 또는 청약철회 등에 관한 기록<br>&nbsp;&nbsp;&nbsp;&nbsp;&nbsp; - 보존 이유 : 전자상거래 등에서의 소비자보호에 관한 법률<br>&nbsp;&nbsp;&nbsp;&nbsp;&nbsp; - 보존 기간 : 5년</p><p>&nbsp;&nbsp;&nbsp;&nbsp; ○ 대금결제 및 재화 등의 공급에 관한 기록<br>&nbsp;&nbsp;&nbsp;&nbsp;&nbsp; - 보존 이유 : 전자상거래 등에서의 소비자보호에 관한 법률<br>&nbsp;&nbsp;&nbsp;&nbsp;&nbsp; - 보존 기간 : 5년</p><p>&nbsp;&nbsp;&nbsp;&nbsp; ○ 전자금융 거래에 관한 기록<br>&nbsp;&nbsp;&nbsp;&nbsp;&nbsp; - 보존 이유 : 전자금융거래법<br>&nbsp;&nbsp;&nbsp;&nbsp;&nbsp; - 보존 기간 : 5년</p><p>&nbsp;&nbsp;&nbsp;&nbsp; ○ 소비자의 불만 또는 분쟁처리에 관한 기록<br>&nbsp;&nbsp;&nbsp;&nbsp;&nbsp; - 보존 이유 : 전자상거래 등에서의 소비자보호에 관한 법률<br>&nbsp;&nbsp;&nbsp;&nbsp;&nbsp; - 보존 기간 : 3년</p><p>&nbsp;&nbsp;&nbsp;&nbsp; ○ 웹사이트 방문기록<br>&nbsp;&nbsp;&nbsp;&nbsp;&nbsp; - 보존 이유 : 통신비밀보호법<br>&nbsp;&nbsp;&nbsp;&nbsp;&nbsp; - 보존 기간 : 3개월</p><p>&nbsp;</p><p><br><strong>4. 개인정보의 파기절차 및 방법</strong></p><p>&nbsp;</p><p>&nbsp;&nbsp;&nbsp;&nbsp; 이용자의 개인정보는 원칙적으로 개인정보의 수집 및 이용목적이 달성되면 지체 없이 파기합니다.<br>&nbsp;&nbsp;&nbsp; &nbsp;회사의 개인정보 파기절차 및 방법은 다음과 같습니다.</p><p>&nbsp;</p><p><strong>&nbsp;가. 파기절차</strong></p><p><br>&nbsp;&nbsp;&nbsp;&nbsp; ○ 이용자가 회원가입 등을 위해 입력한 정보는 목적이 달성된 후 별도의 DB로 옮겨져(종이의 경우 별도의 서류함) 내부 방침 및 기타 관련 법령에 의한 정보보호 사유에 따라(보유 및 이용기간 참조)일정 기간 저장된 후 파기됩니다.<br>&nbsp;&nbsp;&nbsp;&nbsp; ○ 동 개인정보는 법률에 의한 경우가 아니고서는 보유되는 이외의 다른 목적으로 이용되지 않습니다.</p><p>&nbsp;</p><p><strong>&nbsp;나. 파기방법</strong></p><p><br>&nbsp;&nbsp;&nbsp;&nbsp; ○ 종이에 출력된 개인정보는 분쇄기로 분쇄하거나 소각을 통하여 파기합니다.<br>&nbsp;&nbsp;&nbsp;&nbsp; ○ 전자적 파일 형태로 저장된 개인정보는 기록을 재생할 수 없는 기술적 방법을 사용하여 삭제합니다.</p><p>&nbsp;</p><p><br><strong>5. 개인정보 제공</strong></p><p><br>&nbsp;&nbsp;&nbsp;&nbsp; 회사는 이용자의 개인정보를 원칙적으로 외부에 제공하지 않습니다. 다만, 아래의 경우에는 예외로 합니다.<br>&nbsp;&nbsp;&nbsp;&nbsp; - 이용자들이 사전에 동의한 경우<br>&nbsp;&nbsp;&nbsp;&nbsp; - 법령의 규정에 의거하거나, 수사 목적으로 법령에 정해진 절차와 방법에 따라 수사기관의 요구가 있는 경우<br>&nbsp;&nbsp;&nbsp;</p><p>&nbsp;</p><p><strong>6. 수집한 개인정보의 위탁</strong><br>&nbsp;</p><p>&nbsp;&nbsp;&nbsp;&nbsp; 회사는 고객님의 동의없이 고객님의 정보를 외부 업체에 위탁하지 않습니다.<br>&nbsp;&nbsp;&nbsp;&nbsp; 향후 그러한 필요가 생길 경우, 위탁 대상자와 위탁 업무 내용에 대해 고객님에게 통지하고 필요한 경우 사전 동의를 받도록 하겠습니다.<br>&nbsp;</p><p>&nbsp;</p><p><strong>7. 이용자 및 법정대리인의 권리와 그 행사방법</strong><br>&nbsp;</p><p>&nbsp;&nbsp;&nbsp;&nbsp; 이용자 및 법정 대리인은 언제든지 등록되어 있는 자신 혹은 당해 만 14세 미만 아동의 개인정보를 조회하거나 수정할 수 있으며 가입해지를 요청할 수도 있습니다. 다만, 그러한 경우 서비스의 일부 또는 전부 이용이 어려울 수 있습니다.<br>&nbsp;<br>&nbsp;&nbsp;&nbsp;&nbsp; 이용자 혹은 만 14세 미만 아동의 개인정보 조회/수정을 위해서는 ‘개인정보변경’(또는 ‘회원정보수정’ 등)을 개인정보관리책임자에게서면, 전화 또는 이메일로 연락하시면 지체없이 조치하겠습니다.</p><p><br>&nbsp;&nbsp;&nbsp;&nbsp; 귀하가 개인정보의 오류에 대한 정정을 요청하신 경우에는 정정을 완료하기 전까지 당해 개인정보를 이용 또는 제공하지 않습니다. 또한 잘못된 개인정보를 제3자에게 이미 제공한 경우에는 정정 처리결과를 제3자에게 지체없이 통지하여 정정이 이루어지도록 하겠습니다.<br>&nbsp;<br>&nbsp;&nbsp;&nbsp;&nbsp; 회사는 이용자 혹은 법정 대리인의 요청에 의해 해지 또는 삭제된 개인정보는 “회사가 수집하는 개인정보의 보유 및 이용기간”에 명시된 바에 따라 처리하고 그 외의 용도로 열람 또는 이용할 수 없도록 처리하고 있습니다.</p><p>&nbsp;</p><p><br><strong>8. 개인정보 자동수집 장치의 설치, 운영 및 그 거부에 관한 사항</strong></p><p>&nbsp;</p><p>&nbsp;&nbsp;&nbsp;&nbsp; 회사는 귀하의 정보를 수시로 저장하고 찾아내는 ‘쿠키(cookie)’ 등을 운용합니다.</p><p>&nbsp;</p><p><strong>&nbsp;가. 쿠키</strong><br>&nbsp;<br>&nbsp;&nbsp;&nbsp;&nbsp; - 회사는 개인화되고 맞춤화된 서비스를 제공하기 위해서 이용자의 정보를 저장하고 수시로 불러오는 ''쿠키(cookie)''를 사용합니다.<br>&nbsp;&nbsp;&nbsp;&nbsp; - 쿠키는 웹사이트를 운영하는데 이용되는 서버가 이용자의 브라우저에게 보내는 아주 작은 텍스트 파일로 이용자 컴퓨터의 하드디스크에 저장됩니다. 이후 이용자가 웹 사이트에 방문할 경우 웹 사이트 서버는 이용자의 하드 디스크에 저장되어 있는 쿠키의 내용을 읽어 이용자의 환경설정을 유지하고 맞춤화된 서비스를 제공하기 위해 이용됩니다.<br>&nbsp;&nbsp;&nbsp;&nbsp; - 쿠키는 개인을 식별하는 정보를 자동적/능동적으로 수집하지 않으며, 이용자는 언제든지 이러한 쿠키의 저장을 거부하거나 삭제할 수 있습니다.</p><p>&nbsp;</p><p><strong>나. 회사의 쿠키 사용 목적</strong><br>&nbsp;<br>&nbsp;&nbsp;&nbsp;&nbsp; - 이용자들이 방문한 네이버의 각 서비스와 웹 사이트들에 대한 방문 및 이용형태, 인기 검색어, 보안접속 여부, 뉴스편집, 이용자 규모 등을 파악하여 이용자에게 광고를 포함한 최적화된 맞춤형 정보를 제공하기 위해 사용합니다.</p><p>&nbsp;다. 쿠키의 설치/운영 및 거부<br>&nbsp;&nbsp;&nbsp;&nbsp; - 이용자는 쿠키 설치에 대한 선택권을 가지고 있습니다. 따라서 이용자는 웹브라우저에서 옵션을 설정함으로써 모든 쿠키를 허용하거나, 쿠키가 저장될 때마다 확인을 거치거나, 아니면 모든 쿠키의 저장을 거부할 수도 있습니다. 다만, 쿠키의 저장을 거부할 경우에는 로그인이 필요한 네이버 일부 서비스는 이용에 어려움이 있을 수 있습니다.<br>&nbsp;&nbsp;&nbsp;&nbsp; - 쿠키 설치 허용 여부를 지정하는 방법(Internet Explorer의 경우)은 다음과 같습니다.<br>&nbsp;&nbsp;&nbsp;&nbsp;&nbsp;<br>&nbsp;&nbsp;&nbsp;&nbsp;&nbsp;&nbsp; ① [도구] 메뉴에서 [인터넷 옵션]을 선택합니다.<br>&nbsp;&nbsp;&nbsp;&nbsp;&nbsp;&nbsp; ② [개인정보 탭]을 클릭합니다.<br>&nbsp;&nbsp;&nbsp;&nbsp;&nbsp;&nbsp; ③ [개인정보취급 수준]을 설정하시면 됩니다.</p><p>&nbsp;</p><p><br><strong>9. 개인정보의 기술적/관리적 보호 대책</strong></p><p><br>&nbsp;&nbsp;&nbsp;&nbsp; 회사는 이용자들의 개인정보를 취급함에 있어 개인정보가 분실, 도난, 누출, 변조 또는 훼손되지 않도록 안전성 확보를 위하여 다음과 같은 기술적/관리적 대책을 강구하고 있습니다.<br>&nbsp;<br><strong>&nbsp;가. 비밀번호 암호화</strong><br>&nbsp;<br>&nbsp;&nbsp;&nbsp; 회원 아이디(ID)의 비밀번호는 암호화되어 저장 및 관리되고 있어 본인만이 알고 있으며, 개인정보의 확인 및 변경도 비밀번호를 알고 있는 본인에 의해서만 가능합니다.<br>&nbsp;&nbsp;&nbsp;&nbsp;<br><strong>&nbsp;나. 해킹 등에 대비한 대책</strong><br>&nbsp;<br>&nbsp;&nbsp;&nbsp;&nbsp; 회사는 해킹이나 컴퓨터 바이러스 등에 의해 회원의 개인정보가 유출되거나 훼손되는 것을 막기 위해 최선을 다하고 있습니다.<br>&nbsp;&nbsp;&nbsp;&nbsp; 개인정보의 훼손에 대비해서 자료를 수시로 백업하고 있고, 최신 백신프로그램을 이용하여 이용자들의 개인정보나 자료가 누출되거나 손상되지 않도록 방지하고 있으며, 암호화통신 등을 통하여 네트워크상에서 개인정보를 안전하게 전송할 수 있도록 하고 있습니다.<br>&nbsp;&nbsp;&nbsp;&nbsp; 그리고 침입차단시스템을 이용하여 외부로부터의 무단 접근을 통제하고 있으며, 기타 시스템적으로 보안성을 확보하기 위한 가능한 모든 기술적 장치를 갖추려 노력하고 있습니다.</p><p>&nbsp;</p><p><br><strong>10. 개인정보관리책임자 및 담당자의 연락처</strong></p><p><br>&nbsp;&nbsp;&nbsp;&nbsp; 귀하께서는 회사의 서비스를 이용하시며 발생하는 모든 개인정보보호 관련 민원을 개인정보관리책임자 혹은 담당부서로 신고하실 수 있습니다. 회사는 이용자들의 신고사항에 대해 신속하게 충분한 답변을 드릴 것입니다.</p><p>&nbsp;</p><p><strong>&nbsp;&nbsp;&nbsp;&nbsp;&nbsp; [개인정보관리책임자]</strong><br>&nbsp;&nbsp;&nbsp;&nbsp;&nbsp;&nbsp; - 성명 : 최상호(개인정보보호팀 팀장)<br>&nbsp;&nbsp;&nbsp;&nbsp;&nbsp;&nbsp; -&nbsp;전화번호 : 1566-8680<br>&nbsp;&nbsp;&nbsp;&nbsp;&nbsp;&nbsp; - 이메일 :&nbsp;<a href="mailto:mj@mijinsoft.co.kr">mj@mijinsoft.co.kr</a></p><p>&nbsp;</p><p>&nbsp;&nbsp;&nbsp;&nbsp;&nbsp; 기타 개인정보침해에 대한 신고나 상담이 필요하신 경우에는 아래 기관에 문의하시기 바랍니다.</p><p><br>&nbsp;&nbsp;&nbsp;&nbsp;&nbsp;&nbsp; - 개인정보침해신고센터 (privacy.kisa.or.kr / 국번없이 118)<br>&nbsp;&nbsp;&nbsp;&nbsp;&nbsp;&nbsp; - 대검찰청 사이버수사과 (<a href="http://www.spo.go.kr/">www.spo.go.kr</a>&nbsp;/ 국번없이 1301)&nbsp;</p><p><span style="line-height: 1.5;">&nbsp; &nbsp; &nbsp; &nbsp;- 경찰청 사이버안전국 (</span><a href="http://www.ctrc.go.kr/" style="line-height: 1.5;">www.ctrc.go.kr</a><span style="line-height: 1.5;">&nbsp;</span><span style="line-height: 1.5;">/ 국번없이 182)</span>&nbsp;</p>', 'basic', 'basic', 0, 0, '', '');
INSERT INTO `g5_content` (`co_id`, `co_html`, `co_subject`, `co_content`, `co_mobile_content`, `co_skin`, `co_mobile_skin`, `co_tag_filter_use`, `co_hit`, `co_include_head`, `co_include_tail`) VALUES
('provision', 1, '서비스 이용약관', '<p><strong>제 1 조 (목적) </strong></p><p><strong></strong>&nbsp;</p><p>이 약관은&nbsp;<strong>상호명</strong> ("회사" 또는 "<strong>상호명</strong>")가 제공하는 <strong>상호명</strong> 및 <strong>상호명</strong> 관련 제반 서비스의 이용과 관련하여 회사와 회원과의 권리, 의무 및 책임사항, 기타 필요한 사항을 규정함을 목적으로 합니다.</p><p>&nbsp;</p><p><strong>제 2 조 (정의) </strong></p><p><strong></strong>&nbsp;</p><p>이 약관에서 사용하는 용어의 정의는 다음과 같습니다.</p><p><br>① "서비스"라 함은 구현되는 단말기(PC, TV, 휴대형단말기 등의 각종 유무선 장치를 포함)와 상관없이 "회원"이 이용할 수 있는 상호명 및 상호명 관련 제반 서비스를 의미합니다.<br>② "회원"이라 함은 회사의 "서비스"에 접속하여 이 약관에 따라 "회사"와 이용계약을 체결하고 "회사"가 제공하는 "서비스"를 이용하는 고객을 말합니다. <br>③ "아이디(ID)"라 함은 "회원"의 식별과 "서비스" 이용을 위하여 "회원"이 정하고 "회사"가 승인하는 문자와 숫자의 조합을 의미합니다. <br>④ "비밀번호"라 함은 "회원"이 부여 받은 "아이디와 일치되는 "회원"임을 확인하고 비밀보호를 위해 "회원" 자신이 정한 문자 또는 숫자의 조합을 의미합니다. <br>⑤ "유료서비스"라 함은 "회사"가 유료로 제공하는 각종 온라인디지털콘텐츠(각종 정보콘텐츠, VOD, 아이템 기타 유료콘텐츠를 포함) 및 제반 서비스를 의미합니다. <br>⑥ "포인트"라 함은 서비스의 효율적 이용을 위해 회사가 임의로 책정 또는 지급, 조정할 수 있는 재산적 가치가 없는 "서비스" 상의 가상 데이터를 의미합니다. <br>⑦"게시물"이라 함은 "회원"이 "서비스"를 이용함에 있어 "서비스상"에 게시한 부호ㆍ문자ㆍ음성ㆍ음향ㆍ화상ㆍ동영상 등의 정보 형태의 글, 사진, 동영상 및 각종 파일과 링크 등을 의미합니다. </p><p>&nbsp;</p><p><strong>제 3 조 (약관의 게시와 개정) </strong></p><p><strong></strong>&nbsp;</p><p>① "회사"는 이 약관의 내용을 "회원"이 쉽게 알 수 있도록 서비스 초기 화면에 게시합니다. <br>② "회사"는 "약관의규제에관한법률", "정보통신망이용촉진및정보보호등에관한법률(이하 "정보통신망법")" 등 관련법을 위배하지 않는 범위에서 이 약관을 개정할 수 있습니다. <br>③ "회사"가 약관을 개정할 경우에는 적용일자 및 개정사유를 명시하여 현행약관과 함께 제1항의 방식에 따라 그 개정약관의 적용일자 30일 전부터 적용일자 전일까지 공지합니다. 다만, 회원에게 불리한 약관의 개정의 경우에는 공지 외에 일정기간 서비스내 전자우편, 전자쪽지, 로그인시 동의창 등의 전자적 수단을 통해 따로 명확히 통지하도록 합니다.<br>④ 회사가 전항에 따라 개정약관을 공지 또는 통지하면서 회원에게 30일 기간 내에 의사표시를 하지 않으면 의사표시가 표명된 것으로 본다는 뜻을 명확하게 공지 또는 통지하였음에도 회원이 명시적으로 거부의 의사표시를 하지 아니한 경우 회원이 개정약관에 동의한 것으로 봅니다.<br>⑤ 회원이 개정약관의 적용에 동의하지 않는 경우 회사는 개정 약관의 내용을 적용할 수 없으며, 이 경우 회원은 이용계약을 해지할 수 있습니다. 다만, 기존 약관을 적용할 수 없는 특별한 사정이 있는 경우에는 회사는 이용계약을 해지할 수 있습니다.</p><p>&nbsp;</p><p><strong>제 4 조 (약관의 해석)</strong></p><p><strong>&nbsp;</strong></p><p>① "회사"는 "유료서비스" 및 개별 서비스에 대해서는 별도의 이용약관 및 정책(이하 "유료서비스약관 등")을 둘 수 있으며, 해당 내용이 이 약관과 상충할 경우에는 "유료서비스약관 등"이 우선하여 적용됩니다. <br>② 이 약관에서 정하지 아니한 사항이나 해석에 대해서는 "유료서비스약관 등" 및 관계법령 또는 상관례에 따릅니다. </p><p>&nbsp;</p><p><strong>제 5 조 (이용계약 체결) </strong></p><p><strong></strong>&nbsp;</p><p>① 이용계약은 "회원"이 되고자 하는 자(이하 "가입신청자")가 약관의 내용에 대하여 동의를 한 다음 회원가입신청을 하고 "회사"가 이러한 신청에 대하여 승낙함으로써 체결됩니다. <br>② "회사"는 "가입신청자"의 신청에 대하여 "서비스" 이용을 승낙함을 원칙으로 합니다. 다만, "회사"는 다음 각 호에 해당하는 신청에 대하여는 승낙을 하지 않거나 사후에 이용계약을 해지할 수 있습니다.<br>&nbsp;1.가입신청자가 이 약관에 의하여 이전에 회원자격을 상실한 적이 있는 경우, 단 "회사"의 회원 재가입 승낙을 얻은 경우에는 예외로 함. <br>&nbsp;2.실명이 아니거나 타인의 명의를 이용한 경우 <br>&nbsp;3.허위의 정보를 기재하거나, "회사"가 제시하는 내용을 기재하지 않은 경우 <br>&nbsp;4.14세 미만 아동이 법정대리인(부모 등)의 동의를 얻지 아니한 경우 <br>&nbsp;5.이용자의 귀책사유로 인하여 승인이 불가능하거나 기타 규정한 제반 사항을 위반하며 신청하는 경우 </p><p>③ 제1항에 따른 신청에 있어 "회사"는 "회원"의 종류에 따라 전문기관을 통한 실명확인 및 본인인증을 요청할 수 있습니다. <br>④ "회사"는 서비스관련설비의 여유가 없거나, 기술상 또는 업무상 문제가 있는 경우에는 승낙을 유보할 수 있습니다. <br>⑤ 제2항과 제4항에 따라 회원가입신청의 승낙을 하지 아니하거나 유보한 경우, "회사"는 원칙적으로 이를 가입신청자에게 알리도록 합니다. <br>⑥ 이용계약의 성립 시기는 "회사"가 가입완료를 신청절차 상에서 표시한 시점으로 합니다. <br>⑦ "회사"는 "회원"에 대해 회사정책에 따라 등급별로 구분하여 이용시간, 이용횟수, 서비스 메뉴 등을 세분하여 이용에 차등을 둘 수 있습니다. <br>⑧ "회사"는 "회원"에 대하여 "영화및비디오물의진흥에관한법률" 및 "청소년보호법"등에 따른 등급 및 연령 준수를 위해 이용제한이나 등급별 제한을 할 수 있습니다. </p><p>&nbsp;</p><p><strong>제 6 조 (회원정보의 변경) </strong></p><p><strong></strong>&nbsp;</p><p>① "회원"은 개인정보관리화면을 통하여 언제든지 본인의 개인정보를 열람하고 수정할 수 있습니다. 다만, 서비스 관리를 위해 필요한 실명, 주민등록번호, 아이디 등은 수정이 불가능합니다. <br>② "회원"은 회원가입신청 시 기재한 사항이 변경되었을 경우 온라인으로 수정을 하거나 전자우편 기타 방법으로 "회사"에 대하여 그 변경사항을 알려야 합니다. <br>③ 제2항의 변경사항을 "회사"에 알리지 않아 발생한 불이익에 대하여 "회사"는 책임지지 않습니다. </p><p>&nbsp;</p><p><strong>제 7 조 (개인정보보호 의무) </strong></p><p><strong></strong>&nbsp;</p><p>"회사"는 "정보통신망법" 등 관계 법령이 정하는 바에 따라 "회원"의 개인정보를 보호하기 위해 노력합니다. 개인정보의 보호 및 사용에 대해서는 관련법 및 "회사"의 개인정보취급방침이 적용됩니다. 다만, "회사"의 공식 사이트 이외의 링크된 사이트에서는 "회사"의 개인정보취급방침이 적용되지 않습니다.</p><p>&nbsp;</p><p><strong>제 8 조 ("회원"의 "아이디" 및 "비밀번호"의 관리에 대한 의무) </strong></p><p><strong></strong>&nbsp;</p><p>① "회원"의 "아이디"와 "비밀번호"에 관한 관리책임은 "회원"에게 있으며, 이를 제3자가 이용하도록 하여서는 안 됩니다. <br>②&nbsp;"회사"는 "회원"의 "아이디"가 개인정보 유출 우려가 있거나, 반사회적 또는 미풍양속에 어긋나거나 "회사" 및 "회사"의 운영자로 오인한 우려가 있는 경우, 해당 "아이디"의 이용을 제한할 수 있습니다. <br>③ "회원"은 "아이디" 및 "비밀번호"가 도용되거나 제3자가 사용하고 있음을 인지한 경우에는 이를 즉시 "회사"에 통지하고 "회사"의 안내에 따라야 합니다. <br>④ 제3항의 경우에 해당 "회원"이 "회사"에 그 사실을 통지하지 않거나, 통지한 경우에도 "회사"의 안내에 따르지 않아 발생한 불이익에 대하여 "회사"는 책임지지 않습니다. </p><p>&nbsp;</p><p><strong>제 9 조 ("회원"에 대한 통지) </strong></p><p><strong></strong>&nbsp;</p><p>① "회사"가 "회원"에 대한 통지를 하는 경우 이 약관에 별도 규정이 없는 한 서비스 내 전자우편주소, 전자쪽지 등으로 할 수 있습니다. <br>② "회사"는 "회원" 전체에 대한 통지의 경우 7일 이상 "회사"의 게시판에 게시함으로써 제1항의 통지에 갈음할 수 있습니다. </p><p>&nbsp;</p><p><strong>제 10 조 ("회사"의 의무) </strong></p><p><strong></strong>&nbsp;</p><p>① "회사"는 관련법과 이 약관이 금지하거나 미풍양속에 반하는 행위를 하지 않으며, 계속적이고 안정적으로 "서비스"를 제공하기 위하여 최선을 다하여 노력합니다. <br>② "회사"는 "회원"이 안전하게 "서비스"를 이용할 수 있도록 개인정보(신용정보 포함)보호를 위해 보안시스템을 갖추어야 하며 개인정보취급방침을 공시하고 준수합니다. <br>③ "회사"는 서비스이용과 관련하여 발생하는 이용자의 불만 또는 피해구제요청을 적절하게 처리할 수 있도록 필요한 인력 및 시스템을 구비합니다.<br>④ "회사"는 서비스이용과 관련하여 "회원"으로부터 제기된 의견이나 불만이 정당하다고 인정할 경우에는 이를 처리하여야 합니다. "회원"이 제기한 의견이나 불만사항에 대해서는 게시판을 활용하거나 전자우편 등을 통하여 "회원"에게 처리과정 및 결과를 전달합니다. </p><p>&nbsp;</p><p><strong>제 11 조 ("회원"의 의무) </strong></p><p><strong></strong>&nbsp;</p><p>① "회원"은 다음 행위를 하여서는 안 됩니다.</p><p>&nbsp;&nbsp; 1.신청 또는 변경 시 허위내용의 등록 <br>&nbsp;&nbsp; 2.타인의 정보도용 <br>&nbsp;&nbsp; 3."회사"가 게시한 정보의 변경 <br>&nbsp;&nbsp; 4."회사"가 정한 정보 이외의 정보(컴퓨터 프로그램 등) 등의 송신 또는 게시 <br>&nbsp;&nbsp; 5."회사"와 기타 제3자의 저작권 등 지적재산권에 대한 침해 <br>&nbsp;&nbsp; 6."회사" 및 기타 제3자의 명예를 손상시키거나 업무를 방해하는 행위 <br>&nbsp;&nbsp; 7.외설 또는 폭력적인 메시지, 화상, 음성, 기타 공서양속에 반하는 정보를 "서비스"에 공개 또는 게시하는 행위 <br>&nbsp;&nbsp; 8.회사의 동의 없이 영리를 목적으로 "서비스"를 사용하는 행위 <br>&nbsp;&nbsp; 9.기타 불법적이거나 부당한 행위 </p><p>② "회원"은 관계법, 이 약관의 규정, 이용안내 및 "서비스"와 관련하여 공지한 주의사항, "회사"가 통지하는 사항 등을 준수하여야 하며, 기타 "회사"의 업무에 방해되는 행위를 하여서는 안 됩니다. </p><p>&nbsp;</p><p><strong>제 12 조 ("서비스"의 제공 등) </strong></p><p><strong></strong>&nbsp;</p><p>① 회사는 회원에게 아래와 같은 서비스를 제공합니다.</p><p>&nbsp;&nbsp; 1.검색 서비스 <br>&nbsp;&nbsp; 2.개방형 서비스(블로그, 카페 등) <br>&nbsp;&nbsp; 3.게시판형 서비스(지식iN, 뉴스 등) <br>&nbsp;&nbsp; 4.메일서비스 <br>&nbsp;&nbsp; 5.보안패치, 백신서비스 <br>&nbsp;&nbsp; 6.기타 "회사"가 추가 개발하거나 다른 회사와의 제휴계약 등을 통해 "회원"에게 제공하는 일체의 서비스 </p><p>② 회사는 "서비스"를 일정범위로 분할하여 각 범위 별로 이용가능시간을 별도로 지정할 수 있습니다. 다만, 이러한 경우에는 그 내용을 사전에 공지합니다. <br>③ "서비스"는 연중무휴, 1일 24시간 제공함을 원칙으로 합니다. <br>④ "회사"는 컴퓨터 등 정보통신설비의 보수점검, 교체 및 고장, 통신두절 또는 운영상 상당한 이유가 있는 경우 "서비스"의 제공을 일시적으로 중단할 수 있습니다. 이 경우 "회사"는 제9조["회원"에 대한 통지]에 정한 방법으로 "회원"에게 통지합니다. 다만, "회사"가 사전에 통지할 수 없는 부득이한 사유가 있는 경우 사후에 통지할 수 있습니다. <br>⑤ "회사"는 서비스의 제공에 필요한 경우 정기점검을 실시할 수 있으며, 정기점검시간은 서비스제공화면에 공지한 바에 따릅니다. </p><p>&nbsp;</p><p><strong>제 13 조 ("서비스"의 변경) </strong></p><p><strong></strong>&nbsp;</p><p>① "회사"는 상당한 이유가 있는 경우에 운영상, 기술상의 필요에 따라 제공하고 있는 전부 또는 일부 "서비스"를 변경할 수 있습니다. <br>② "서비스"의 내용, 이용방법, 이용시간에 대하여 변경이 있는 경우에는 변경사유, 변경될 서비스의 내용 및 제공일자 등은 그 변경 전에 해당 서비스 초기화면에 게시하여야 합니다. <br>③ "회사"는 무료로 제공되는 서비스의 일부 또는 전부를 회사의 정책 및 운영의 필요상 수정, 중단, 변경할 수 있으며, 이에 대하여 관련법에 특별한 규정이 없는 한 "회원"에게 별도의 보상을 하지 않습니다. </p><p>&nbsp;</p><p><strong>제 14 조 (정보의 제공 및 광고의 게재)</strong></p><p><strong></strong>&nbsp;</p><p>① "회사"는 "회원"이 "서비스" 이용 중 필요하다고 인정되는 다양한 정보를 공지사항이나 전자우편 등의 방법으로 "회원"에게 제공할 수 있습니다. 다만, "회원"은 관련법에 따른 거래관련 정보 및 고객문의 등에 대한 답변 등을 제외하고는 언제든지 전자우편에 대해서 수신 거절을 할 수 있습니다. <br>② 제1항의 정보를 전화 및 모사전송기기에 의하여 전송하려고 하는 경우에는 "회원"의 사전 동의를 받아서 전송합니다. 다만, "회원"의 거래관련 정보 및 고객문의 등에 대한 회신에 있어서는 제외됩니다. <br>③ "회사"는 "서비스"의 운영과 관련하여 서비스 화면, 홈페이지, 전자우편 등에 광고를 게재할 수 있습니다. 광고가 게재된 전자우편을 수신한 "회원"은 수신거절을 "회사"에게 할 수 있습니다. <br>④ "이용자(회원, 비회원 포함)"는 회사가 제공하는 서비스와 관련하여 게시물 또는 기타 정보를 변경, 수정, 제한하는 등의 조치를 취하지 않습니다. </p><p>&nbsp;</p><p><strong>제 15 조 ("게시물"의 저작권)</strong></p><p><strong></strong>&nbsp;</p><p>① "회원"이 "서비스" 내에 게시한 "게시물"의 저작권은 해당 게시물의 저작자에게 귀속됩니다. <br>② "회원"이 "서비스" 내에 게시하는 "게시물"은 검색결과 내지 "서비스" 및 관련 프로모션 등에 노출될 수 있으며, 해당 노출을 위해 필요한 범위 내에서는 일부 수정, 복제, 편집되어 게시될 수 있습니다. 이 경우, 회사는 저작권법 규정을 준수하며, "회원"은 언제든지 고객센터 또는 "서비스" 내 관리기능을 통해 해당 게시물에 대해 삭제, 검색결과 제외, 비공개 등의 조치를 취할 수 있습니다. <br>③ "회사"는 제2항 이외의 방법으로 "회원"의 "게시물"을 이용하고자 하는 경우에는 전화, 팩스, 전자우편 등을 통해 사전에 "회원"의 동의를 얻어야 합니다. </p><p>&nbsp;</p><p><strong>제 16 조 ("게시물"의 관리) </strong></p><p><strong></strong>&nbsp;</p><p>① "회원"의 "게시물"이 "정보통신망법" 및 "저작권법"등 관련법에 위반되는 내용을 포함하는 경우, 권리자는 관련법이 정한 절차에 따라 해당 "게시물"의 게시중단 및 삭제 등을 요청할 수 있으며, "회사"는 관련법에 따라 조치를 취하여야 합니다. <br>② "회사"는 전항에 따른 권리자의 요청이 없는 경우라도 권리침해가 인정될 만한 사유가 있거나 기타 회사 정책 및 관련법에 위반되는 경우에는 관련법에 따라 해당 "게시물"에 대해 임시조치 등을 취할 수 있습니다. <br>③ 본 조에 따른 세부절차는 "정보통신망법" 및 "저작권법"이 규정한 범위 내에서 "회사"가 정한 "게시중단요청서비스"에 따릅니다.<br>- 게시중단요청서비스 : <a href="http://help.naver.com/claim_main.asp">http://help.naver.com/claim_main.asp</a> </p><p>&nbsp;</p><p><strong>제 17 조 (권리의 귀속)</strong></p><p><strong></strong>&nbsp;</p><p>① "서비스"에 대한 저작권 및 지적재산권은 "회사"에 귀속됩니다. 단, "회원"의 "게시물" 및 제휴계약에 따라 제공된 저작물 등은 제외합니다. <br>② "회사"는 서비스와 관련하여 "회원"에게 "회사"가 정한 이용조건에 따라 계정, "아이디", 콘텐츠, "포인트" 등을 이용할 수 있는 이용권만을 부여하며, "회원"은 이를 양도, 판매, 담보제공 등의 처분행위를 할 수 없습니다. </p><p>&nbsp;</p><p><strong>제 18 조 (포인트)</strong></p><p><strong></strong>&nbsp;</p><p>"회사"는 서비스의 효율적 이용 및 운영을 위해 사전 공지 후 "포인트"의 일부 또는 전부를 조정할 수 있으며, "포인트"는 회사가 정한 기간에 따라 주기적으로 소멸할 수 있습니다. </p><p>&nbsp;</p><p><strong>제 19 조 (계약해제, 해지 등) </strong></p><p><strong></strong>&nbsp;</p><p>① "회원"은 언제든지 서비스초기화면의 고객센터 또는 내 정보 관리 메뉴 등을 통하여 이용계약 해지 신청을 할 수 있으며, "회사"는 관련법 등이 정하는 바에 따라 이를 즉시 처리하여야 합니다. <br>② "회원"이 계약을 해지할 경우, 관련법 및 개인정보취급방침에 따라 "회사"가 회원정보를 보유하는 경우를 제외하고는 해지 즉시 "회원"의 모든 데이터는 소멸됩니다. <br>③ "회원"이 계약을 해지하는 경우, "회원"이 작성한 "게시물" 중 메일, 블로그 등과 같이 본인 계정에 등록된 게시물 일체는 삭제됩니다. 다만, 타인에 의해 담기, 스크랩 등이 되어 재게시되거나, 공용게시판에 등록된 "게시물" 등은 삭제되지 않으니 사전에 삭제 후 탈퇴하시기 바랍니다. </p><p>&nbsp;</p><p><strong>제 20 조 (이용제한 등)</strong></p><p><strong></strong>&nbsp;</p><p>① "회사"는 "회원"이 이 약관의 의무를 위반하거나 "서비스"의 정상적인 운영을 방해한 경우, 경고, 일시정지, 영구이용정지 등으로 "서비스" 이용을 단계적으로 제한할 수 있습니다. <br>② "회사"는 전항에도 불구하고, "주민등록법"을 위반한 명의도용 및 결제도용, "저작권법" 및 "컴퓨터프로그램보호법"을 위반한 불법프로그램의 제공 및 운영방해, "정보통신망법"을 위반한 불법통신 및 해킹, 악성프로그램의 배포, 접속권한 초과행위 등과 같이 관련법을 위반한 경우에는 즉시 영구이용정지를 할 수 있습니다. 본 항에 따른 영구이용정지 시 "서비스" 이용을 통해 획득한 "포인트" 및 기타 혜택 등도 모두 소멸되며, "회사"는 이에 대해 별도로 보상하지 않습니다. <br>③ "회사"는 "회원"이 계속해서 3개월 이상 로그인하지 않는 경우, 회원정보의 보호 및 운영의 효율성을 위해 이용을 제한할 수 있습니다. <br>④ "회사"는 본 조의 이용제한 범위 내에서 제한의 조건 및 세부내용은 이용제한정책 및 개별 서비스상의 운영정책에서 정하는 바에 의합니다. <br>⑤ 본 조에 따라 "서비스" 이용을 제한하거나 계약을 해지하는 경우에는 "회사"는 제9조["회원"에 대한 통지]에 따라 통지합니다. <br>⑥ "회원"은 본 조에 따른 이용제한 등에 대해 "회사"가 정한 절차에 따라 이의신청을 할 수 있습니다. 이 때 이의가 정당하다고 "회사"가 인정하는 경우 "회사"는 즉시 "서비스"의 이용을 재개합니다. </p><p>&nbsp;</p><p><strong>제 21 조 (책임제한)</strong></p><p><strong></strong>&nbsp;</p><p>① "회사"는 천재지변 또는 이에 준하는 불가항력으로 인하여 "서비스"를 제공할 수 없는 경우에는 "서비스" 제공에 관한 책임이 면제됩니다. <br>② "회사"는 "회원"의 귀책사유로 인한 "서비스" 이용의 장애에 대하여는 책임을 지지 않습니다. <br>③ "회사"는 "회원"이 "서비스"와 관련하여 게재한 정보, 자료, 사실의 신뢰도, 정확성 등의 내용에 관하여는 책임을 지지 않습니다. <br>④ "회사"는 "회원" 간 또는 "회원"과 제3자 상호간에 "서비스"를 매개로 하여 거래 등을 한 경우에는 책임이 면제됩니다. <br>⑤ "회사"는 무료로 제공되는 서비스 이용과 관련하여 관련법에 특별한 규정이 없는 한 책임을 지지 않습니다. </p><p>&nbsp;</p><p><strong>제 22 조 (준거법 및 재판관할)</strong></p><p><strong></strong>&nbsp;</p><p>① "회사"와 "회원" 간 제기된 소송은 대한민국법을 준거법으로 합니다. <br>② "회사"와 "회원"간 발생한 분쟁에 관한 소송은 제소 당시의 "회원"의 주소에 의하고, 주소가 없는 경우 거소를 관할하는 지방법원의 전속관할로 합니다. 단, 제소 당시 "회원"의 주소 또는 거소가 명확하지 아니한 경우의 관할법원은 민사소송법에 따라 정합니다.<br>③ 해외에 주소나 거소가 있는 "회원"의 경우 "회사"와 "회원"간 발생한 분쟁에 관한 소송은 전항에도 불구하고 대한민국 서울중앙지방법원을 관할법원으로 합니다.</p><p>&nbsp;</p><p><strong>부칙</strong></p><p><strong></strong>&nbsp;</p><p>① 이 약관은 2015년 8월 15일부터 적용됩니다. <br>② 2015년 8월 14일부터 시행되던 종전의 약관은 본 약관으로 대체합니다.</p>', '<p><strong style="line-height: 1.5;">제 1 조 (목적)</strong></p><p><strong></strong>&nbsp;</p><p>이 약관은&nbsp;<strong>상호명</strong>&nbsp;("회사" 또는 "<strong>상호명</strong>")가 제공하는&nbsp;<strong>상호명</strong>&nbsp;및&nbsp;<strong>상호명</strong>&nbsp;관련 제반 서비스의 이용과 관련하여 회사와 회원과의 권리, 의무 및 책임사항, 기타 필요한 사항을 규정함을 목적으로 합니다.</p><p>&nbsp;</p><p><strong>제 2 조 (정의)</strong></p><p><strong></strong>&nbsp;</p><p>이 약관에서 사용하는 용어의 정의는 다음과 같습니다.</p><p><br>① "서비스"라 함은 구현되는 단말기(PC, TV, 휴대형단말기 등의 각종 유무선 장치를 포함)와 상관없이 "회원"이 이용할 수 있는 상호명 및 상호명 관련 제반 서비스를 의미합니다.<br>② "회원"이라 함은 회사의 "서비스"에 접속하여 이 약관에 따라 "회사"와 이용계약을 체결하고 "회사"가 제공하는 "서비스"를 이용하는 고객을 말합니다.&nbsp;<br>③ "아이디(ID)"라 함은 "회원"의 식별과 "서비스" 이용을 위하여 "회원"이 정하고 "회사"가 승인하는 문자와 숫자의 조합을 의미합니다.&nbsp;<br>④ "비밀번호"라 함은 "회원"이 부여 받은 "아이디와 일치되는 "회원"임을 확인하고 비밀보호를 위해 "회원" 자신이 정한 문자 또는 숫자의 조합을 의미합니다.&nbsp;<br>⑤ "유료서비스"라 함은 "회사"가 유료로 제공하는 각종 온라인디지털콘텐츠(각종 정보콘텐츠, VOD, 아이템 기타 유료콘텐츠를 포함) 및 제반 서비스를 의미합니다.&nbsp;<br>⑥ "포인트"라 함은 서비스의 효율적 이용을 위해 회사가 임의로 책정 또는 지급, 조정할 수 있는 재산적 가치가 없는 "서비스" 상의 가상 데이터를 의미합니다.&nbsp;<br>⑦"게시물"이라 함은 "회원"이 "서비스"를 이용함에 있어 "서비스상"에 게시한 부호ㆍ문자ㆍ음성ㆍ음향ㆍ화상ㆍ동영상 등의 정보 형태의 글, 사진, 동영상 및 각종 파일과 링크 등을 의미합니다.</p><p>&nbsp;</p><p><strong>제 3 조 (약관의 게시와 개정)</strong></p><p><strong></strong>&nbsp;</p><p>① "회사"는 이 약관의 내용을 "회원"이 쉽게 알 수 있도록 서비스 초기 화면에 게시합니다.&nbsp;<br>② "회사"는 "약관의규제에관한법률", "정보통신망이용촉진및정보보호등에관한법률(이하 "정보통신망법")" 등 관련법을 위배하지 않는 범위에서 이 약관을 개정할 수 있습니다.&nbsp;<br>③ "회사"가 약관을 개정할 경우에는 적용일자 및 개정사유를 명시하여 현행약관과 함께 제1항의 방식에 따라 그 개정약관의 적용일자 30일 전부터 적용일자 전일까지 공지합니다. 다만, 회원에게 불리한 약관의 개정의 경우에는 공지 외에 일정기간 서비스내 전자우편, 전자쪽지, 로그인시 동의창 등의 전자적 수단을 통해 따로 명확히 통지하도록 합니다.<br>④ 회사가 전항에 따라 개정약관을 공지 또는 통지하면서 회원에게 30일 기간 내에 의사표시를 하지 않으면 의사표시가 표명된 것으로 본다는 뜻을 명확하게 공지 또는 통지하였음에도 회원이 명시적으로 거부의 의사표시를 하지 아니한 경우 회원이 개정약관에 동의한 것으로 봅니다.<br>⑤ 회원이 개정약관의 적용에 동의하지 않는 경우 회사는 개정 약관의 내용을 적용할 수 없으며, 이 경우 회원은 이용계약을 해지할 수 있습니다. 다만, 기존 약관을 적용할 수 없는 특별한 사정이 있는 경우에는 회사는 이용계약을 해지할 수 있습니다.</p><p>&nbsp;</p><p><strong>제 4 조 (약관의 해석)</strong></p><p><strong>&nbsp;</strong></p><p>① "회사"는 "유료서비스" 및 개별 서비스에 대해서는 별도의 이용약관 및 정책(이하 "유료서비스약관 등")을 둘 수 있으며, 해당 내용이 이 약관과 상충할 경우에는 "유료서비스약관 등"이 우선하여 적용됩니다.&nbsp;<br>② 이 약관에서 정하지 아니한 사항이나 해석에 대해서는 "유료서비스약관 등" 및 관계법령 또는 상관례에 따릅니다.</p><p>&nbsp;</p><p><strong>제 5 조 (이용계약 체결)</strong></p><p><strong></strong>&nbsp;</p><p>① 이용계약은 "회원"이 되고자 하는 자(이하 "가입신청자")가 약관의 내용에 대하여 동의를 한 다음 회원가입신청을 하고 "회사"가 이러한 신청에 대하여 승낙함으로써 체결됩니다.&nbsp;<br>② "회사"는 "가입신청자"의 신청에 대하여 "서비스" 이용을 승낙함을 원칙으로 합니다. 다만, "회사"는 다음 각 호에 해당하는 신청에 대하여는 승낙을 하지 않거나 사후에 이용계약을 해지할 수 있습니다.<br>&nbsp;1.가입신청자가 이 약관에 의하여 이전에 회원자격을 상실한 적이 있는 경우, 단 "회사"의 회원 재가입 승낙을 얻은 경우에는 예외로 함.&nbsp;<br>&nbsp;2.실명이 아니거나 타인의 명의를 이용한 경우&nbsp;<br>&nbsp;3.허위의 정보를 기재하거나, "회사"가 제시하는 내용을 기재하지 않은 경우&nbsp;<br>&nbsp;4.14세 미만 아동이 법정대리인(부모 등)의 동의를 얻지 아니한 경우&nbsp;<br>&nbsp;5.이용자의 귀책사유로 인하여 승인이 불가능하거나 기타 규정한 제반 사항을 위반하며 신청하는 경우</p><p>③ 제1항에 따른 신청에 있어 "회사"는 "회원"의 종류에 따라 전문기관을 통한 실명확인 및 본인인증을 요청할 수 있습니다.&nbsp;<br>④ "회사"는 서비스관련설비의 여유가 없거나, 기술상 또는 업무상 문제가 있는 경우에는 승낙을 유보할 수 있습니다.&nbsp;<br>⑤ 제2항과 제4항에 따라 회원가입신청의 승낙을 하지 아니하거나 유보한 경우, "회사"는 원칙적으로 이를 가입신청자에게 알리도록 합니다.&nbsp;<br>⑥ 이용계약의 성립 시기는 "회사"가 가입완료를 신청절차 상에서 표시한 시점으로 합니다.&nbsp;<br>⑦ "회사"는 "회원"에 대해 회사정책에 따라 등급별로 구분하여 이용시간, 이용횟수, 서비스 메뉴 등을 세분하여 이용에 차등을 둘 수 있습니다.&nbsp;<br>⑧ "회사"는 "회원"에 대하여 "영화및비디오물의진흥에관한법률" 및 "청소년보호법"등에 따른 등급 및 연령 준수를 위해 이용제한이나 등급별 제한을 할 수 있습니다.</p><p>&nbsp;</p><p><strong>제 6 조 (회원정보의 변경)</strong></p><p><strong></strong>&nbsp;</p><p>① "회원"은 개인정보관리화면을 통하여 언제든지 본인의 개인정보를 열람하고 수정할 수 있습니다. 다만, 서비스 관리를 위해 필요한 실명, 주민등록번호, 아이디 등은 수정이 불가능합니다.&nbsp;<br>② "회원"은 회원가입신청 시 기재한 사항이 변경되었을 경우 온라인으로 수정을 하거나 전자우편 기타 방법으로 "회사"에 대하여 그 변경사항을 알려야 합니다.&nbsp;<br>③ 제2항의 변경사항을 "회사"에 알리지 않아 발생한 불이익에 대하여 "회사"는 책임지지 않습니다.</p><p>&nbsp;</p><p><strong>제 7 조 (개인정보보호 의무)</strong></p><p><strong></strong>&nbsp;</p><p>"회사"는 "정보통신망법" 등 관계 법령이 정하는 바에 따라 "회원"의 개인정보를 보호하기 위해 노력합니다. 개인정보의 보호 및 사용에 대해서는 관련법 및 "회사"의 개인정보취급방침이 적용됩니다. 다만, "회사"의 공식 사이트 이외의 링크된 사이트에서는 "회사"의 개인정보취급방침이 적용되지 않습니다.</p><p>&nbsp;</p><p><strong>제 8 조 ("회원"의 "아이디" 및 "비밀번호"의 관리에 대한 의무)</strong></p><p><strong></strong>&nbsp;</p><p>① "회원"의 "아이디"와 "비밀번호"에 관한 관리책임은 "회원"에게 있으며, 이를 제3자가 이용하도록 하여서는 안 됩니다.&nbsp;<br>②&nbsp;"회사"는 "회원"의 "아이디"가 개인정보 유출 우려가 있거나, 반사회적 또는 미풍양속에 어긋나거나 "회사" 및 "회사"의 운영자로 오인한 우려가 있는 경우, 해당 "아이디"의 이용을 제한할 수 있습니다.&nbsp;<br>③ "회원"은 "아이디" 및 "비밀번호"가 도용되거나 제3자가 사용하고 있음을 인지한 경우에는 이를 즉시 "회사"에 통지하고 "회사"의 안내에 따라야 합니다.&nbsp;<br>④ 제3항의 경우에 해당 "회원"이 "회사"에 그 사실을 통지하지 않거나, 통지한 경우에도 "회사"의 안내에 따르지 않아 발생한 불이익에 대하여 "회사"는 책임지지 않습니다.</p><p>&nbsp;</p><p><strong>제 9 조 ("회원"에 대한 통지)</strong></p><p><strong></strong>&nbsp;</p><p>① "회사"가 "회원"에 대한 통지를 하는 경우 이 약관에 별도 규정이 없는 한 서비스 내 전자우편주소, 전자쪽지 등으로 할 수 있습니다.&nbsp;<br>② "회사"는 "회원" 전체에 대한 통지의 경우 7일 이상 "회사"의 게시판에 게시함으로써 제1항의 통지에 갈음할 수 있습니다.</p><p>&nbsp;</p><p><strong>제 10 조 ("회사"의 의무)</strong></p><p><strong></strong>&nbsp;</p><p>① "회사"는 관련법과 이 약관이 금지하거나 미풍양속에 반하는 행위를 하지 않으며, 계속적이고 안정적으로 "서비스"를 제공하기 위하여 최선을 다하여 노력합니다.&nbsp;<br>② "회사"는 "회원"이 안전하게 "서비스"를 이용할 수 있도록 개인정보(신용정보 포함)보호를 위해 보안시스템을 갖추어야 하며 개인정보취급방침을 공시하고 준수합니다.&nbsp;<br>③ "회사"는 서비스이용과 관련하여 발생하는 이용자의 불만 또는 피해구제요청을 적절하게 처리할 수 있도록 필요한 인력 및 시스템을 구비합니다.<br>④ "회사"는 서비스이용과 관련하여 "회원"으로부터 제기된 의견이나 불만이 정당하다고 인정할 경우에는 이를 처리하여야 합니다. "회원"이 제기한 의견이나 불만사항에 대해서는 게시판을 활용하거나 전자우편 등을 통하여 "회원"에게 처리과정 및 결과를 전달합니다.</p><p>&nbsp;</p><p><strong>제 11 조 ("회원"의 의무)</strong></p><p><strong></strong>&nbsp;</p><p>① "회원"은 다음 행위를 하여서는 안 됩니다.</p><p>&nbsp;&nbsp; 1.신청 또는 변경 시 허위내용의 등록&nbsp;<br>&nbsp;&nbsp; 2.타인의 정보도용&nbsp;<br>&nbsp;&nbsp; 3."회사"가 게시한 정보의 변경&nbsp;<br>&nbsp;&nbsp; 4."회사"가 정한 정보 이외의 정보(컴퓨터 프로그램 등) 등의 송신 또는 게시&nbsp;<br>&nbsp;&nbsp; 5."회사"와 기타 제3자의 저작권 등 지적재산권에 대한 침해&nbsp;<br>&nbsp;&nbsp; 6."회사" 및 기타 제3자의 명예를 손상시키거나 업무를 방해하는 행위&nbsp;<br>&nbsp;&nbsp; 7.외설 또는 폭력적인 메시지, 화상, 음성, 기타 공서양속에 반하는 정보를 "서비스"에 공개 또는 게시하는 행위&nbsp;<br>&nbsp;&nbsp; 8.회사의 동의 없이 영리를 목적으로 "서비스"를 사용하는 행위&nbsp;<br>&nbsp;&nbsp; 9.기타 불법적이거나 부당한 행위</p><p>② "회원"은 관계법, 이 약관의 규정, 이용안내 및 "서비스"와 관련하여 공지한 주의사항, "회사"가 통지하는 사항 등을 준수하여야 하며, 기타 "회사"의 업무에 방해되는 행위를 하여서는 안 됩니다.</p><p>&nbsp;</p><p><strong>제 12 조 ("서비스"의 제공 등)</strong></p><p><strong></strong>&nbsp;</p><p>① 회사는 회원에게 아래와 같은 서비스를 제공합니다.</p><p>&nbsp;&nbsp; 1.검색 서비스&nbsp;<br>&nbsp;&nbsp; 2.개방형 서비스(블로그, 카페 등)&nbsp;<br>&nbsp;&nbsp; 3.게시판형 서비스(지식iN, 뉴스 등)&nbsp;<br>&nbsp;&nbsp; 4.메일서비스&nbsp;<br>&nbsp;&nbsp; 5.보안패치, 백신서비스&nbsp;<br>&nbsp;&nbsp; 6.기타 "회사"가 추가 개발하거나 다른 회사와의 제휴계약 등을 통해 "회원"에게 제공하는 일체의 서비스</p><p>② 회사는 "서비스"를 일정범위로 분할하여 각 범위 별로 이용가능시간을 별도로 지정할 수 있습니다. 다만, 이러한 경우에는 그 내용을 사전에 공지합니다.&nbsp;<br>③ "서비스"는 연중무휴, 1일 24시간 제공함을 원칙으로 합니다.&nbsp;<br>④ "회사"는 컴퓨터 등 정보통신설비의 보수점검, 교체 및 고장, 통신두절 또는 운영상 상당한 이유가 있는 경우 "서비스"의 제공을 일시적으로 중단할 수 있습니다. 이 경우 "회사"는 제9조["회원"에 대한 통지]에 정한 방법으로 "회원"에게 통지합니다. 다만, "회사"가 사전에 통지할 수 없는 부득이한 사유가 있는 경우 사후에 통지할 수 있습니다.&nbsp;<br>⑤ "회사"는 서비스의 제공에 필요한 경우 정기점검을 실시할 수 있으며, 정기점검시간은 서비스제공화면에 공지한 바에 따릅니다.</p><p>&nbsp;</p><p><strong>제 13 조 ("서비스"의 변경)</strong></p><p><strong></strong>&nbsp;</p><p>① "회사"는 상당한 이유가 있는 경우에 운영상, 기술상의 필요에 따라 제공하고 있는 전부 또는 일부 "서비스"를 변경할 수 있습니다.&nbsp;<br>② "서비스"의 내용, 이용방법, 이용시간에 대하여 변경이 있는 경우에는 변경사유, 변경될 서비스의 내용 및 제공일자 등은 그 변경 전에 해당 서비스 초기화면에 게시하여야 합니다.&nbsp;<br>③ "회사"는 무료로 제공되는 서비스의 일부 또는 전부를 회사의 정책 및 운영의 필요상 수정, 중단, 변경할 수 있으며, 이에 대하여 관련법에 특별한 규정이 없는 한 "회원"에게 별도의 보상을 하지 않습니다.</p><p>&nbsp;</p><p><strong>제 14 조 (정보의 제공 및 광고의 게재)</strong></p><p><strong></strong>&nbsp;</p><p>① "회사"는 "회원"이 "서비스" 이용 중 필요하다고 인정되는 다양한 정보를 공지사항이나 전자우편 등의 방법으로 "회원"에게 제공할 수 있습니다. 다만, "회원"은 관련법에 따른 거래관련 정보 및 고객문의 등에 대한 답변 등을 제외하고는 언제든지 전자우편에 대해서 수신 거절을 할 수 있습니다.&nbsp;<br>② 제1항의 정보를 전화 및 모사전송기기에 의하여 전송하려고 하는 경우에는 "회원"의 사전 동의를 받아서 전송합니다. 다만, "회원"의 거래관련 정보 및 고객문의 등에 대한 회신에 있어서는 제외됩니다.&nbsp;<br>③ "회사"는 "서비스"의 운영과 관련하여 서비스 화면, 홈페이지, 전자우편 등에 광고를 게재할 수 있습니다. 광고가 게재된 전자우편을 수신한 "회원"은 수신거절을 "회사"에게 할 수 있습니다.&nbsp;<br>④ "이용자(회원, 비회원 포함)"는 회사가 제공하는 서비스와 관련하여 게시물 또는 기타 정보를 변경, 수정, 제한하는 등의 조치를 취하지 않습니다.</p><p>&nbsp;</p><p><strong>제 15 조 ("게시물"의 저작권)</strong></p><p><strong></strong>&nbsp;</p><p>① "회원"이 "서비스" 내에 게시한 "게시물"의 저작권은 해당 게시물의 저작자에게 귀속됩니다.&nbsp;<br>② "회원"이 "서비스" 내에 게시하는 "게시물"은 검색결과 내지 "서비스" 및 관련 프로모션 등에 노출될 수 있으며, 해당 노출을 위해 필요한 범위 내에서는 일부 수정, 복제, 편집되어 게시될 수 있습니다. 이 경우, 회사는 저작권법 규정을 준수하며, "회원"은 언제든지 고객센터 또는 "서비스" 내 관리기능을 통해 해당 게시물에 대해 삭제, 검색결과 제외, 비공개 등의 조치를 취할 수 있습니다.&nbsp;<br>③ "회사"는 제2항 이외의 방법으로 "회원"의 "게시물"을 이용하고자 하는 경우에는 전화, 팩스, 전자우편 등을 통해 사전에 "회원"의 동의를 얻어야 합니다.</p><p>&nbsp;</p><p><strong>제 16 조 ("게시물"의 관리)</strong></p><p><strong></strong>&nbsp;</p><p>① "회원"의 "게시물"이 "정보통신망법" 및 "저작권법"등 관련법에 위반되는 내용을 포함하는 경우, 권리자는 관련법이 정한 절차에 따라 해당 "게시물"의 게시중단 및 삭제 등을 요청할 수 있으며, "회사"는 관련법에 따라 조치를 취하여야 합니다.&nbsp;<br>② "회사"는 전항에 따른 권리자의 요청이 없는 경우라도 권리침해가 인정될 만한 사유가 있거나 기타 회사 정책 및 관련법에 위반되는 경우에는 관련법에 따라 해당 "게시물"에 대해 임시조치 등을 취할 수 있습니다.&nbsp;<br>③ 본 조에 따른 세부절차는 "정보통신망법" 및 "저작권법"이 규정한 범위 내에서 "회사"가 정한 "게시중단요청서비스"에 따릅니다.<br>- 게시중단요청서비스 :&nbsp;<a href="http://help.naver.com/claim_main.asp">http://help.naver.com/claim_main.asp</a></p><p>&nbsp;</p><p><strong>제 17 조 (권리의 귀속)</strong></p><p><strong></strong>&nbsp;</p><p>① "서비스"에 대한 저작권 및 지적재산권은 "회사"에 귀속됩니다. 단, "회원"의 "게시물" 및 제휴계약에 따라 제공된 저작물 등은 제외합니다.&nbsp;<br>② "회사"는 서비스와 관련하여 "회원"에게 "회사"가 정한 이용조건에 따라 계정, "아이디", 콘텐츠, "포인트" 등을 이용할 수 있는 이용권만을 부여하며, "회원"은 이를 양도, 판매, 담보제공 등의 처분행위를 할 수 없습니다.</p><p>&nbsp;</p><p><strong>제 18 조 (포인트)</strong></p><p><strong></strong>&nbsp;</p><p>"회사"는 서비스의 효율적 이용 및 운영을 위해 사전 공지 후 "포인트"의 일부 또는 전부를 조정할 수 있으며, "포인트"는 회사가 정한 기간에 따라 주기적으로 소멸할 수 있습니다.</p><p>&nbsp;</p><p><strong>제 19 조 (계약해제, 해지 등)</strong></p><p><strong></strong>&nbsp;</p><p>① "회원"은 언제든지 서비스초기화면의 고객센터 또는 내 정보 관리 메뉴 등을 통하여 이용계약 해지 신청을 할 수 있으며, "회사"는 관련법 등이 정하는 바에 따라 이를 즉시 처리하여야 합니다.&nbsp;<br>② "회원"이 계약을 해지할 경우, 관련법 및 개인정보취급방침에 따라 "회사"가 회원정보를 보유하는 경우를 제외하고는 해지 즉시 "회원"의 모든 데이터는 소멸됩니다.&nbsp;<br>③ "회원"이 계약을 해지하는 경우, "회원"이 작성한 "게시물" 중 메일, 블로그 등과 같이 본인 계정에 등록된 게시물 일체는 삭제됩니다. 다만, 타인에 의해 담기, 스크랩 등이 되어 재게시되거나, 공용게시판에 등록된 "게시물" 등은 삭제되지 않으니 사전에 삭제 후 탈퇴하시기 바랍니다.</p><p>&nbsp;</p><p><strong>제 20 조 (이용제한 등)</strong></p><p><strong></strong>&nbsp;</p><p>① "회사"는 "회원"이 이 약관의 의무를 위반하거나 "서비스"의 정상적인 운영을 방해한 경우, 경고, 일시정지, 영구이용정지 등으로 "서비스" 이용을 단계적으로 제한할 수 있습니다.&nbsp;<br>② "회사"는 전항에도 불구하고, "주민등록법"을 위반한 명의도용 및 결제도용, "저작권법" 및 "컴퓨터프로그램보호법"을 위반한 불법프로그램의 제공 및 운영방해, "정보통신망법"을 위반한 불법통신 및 해킹, 악성프로그램의 배포, 접속권한 초과행위 등과 같이 관련법을 위반한 경우에는 즉시 영구이용정지를 할 수 있습니다. 본 항에 따른 영구이용정지 시 "서비스" 이용을 통해 획득한 "포인트" 및 기타 혜택 등도 모두 소멸되며, "회사"는 이에 대해 별도로 보상하지 않습니다.&nbsp;<br>③ "회사"는 "회원"이 계속해서 3개월 이상 로그인하지 않는 경우, 회원정보의 보호 및 운영의 효율성을 위해 이용을 제한할 수 있습니다.&nbsp;<br>④ "회사"는 본 조의 이용제한 범위 내에서 제한의 조건 및 세부내용은 이용제한정책 및 개별 서비스상의 운영정책에서 정하는 바에 의합니다.&nbsp;<br>⑤ 본 조에 따라 "서비스" 이용을 제한하거나 계약을 해지하는 경우에는 "회사"는 제9조["회원"에 대한 통지]에 따라 통지합니다.&nbsp;<br>⑥ "회원"은 본 조에 따른 이용제한 등에 대해 "회사"가 정한 절차에 따라 이의신청을 할 수 있습니다. 이 때 이의가 정당하다고 "회사"가 인정하는 경우 "회사"는 즉시 "서비스"의 이용을 재개합니다.</p><p>&nbsp;</p><p><strong>제 21 조 (책임제한)</strong></p><p><strong></strong>&nbsp;</p><p>① "회사"는 천재지변 또는 이에 준하는 불가항력으로 인하여 "서비스"를 제공할 수 없는 경우에는 "서비스" 제공에 관한 책임이 면제됩니다.&nbsp;<br>② "회사"는 "회원"의 귀책사유로 인한 "서비스" 이용의 장애에 대하여는 책임을 지지 않습니다.&nbsp;<br>③ "회사"는 "회원"이 "서비스"와 관련하여 게재한 정보, 자료, 사실의 신뢰도, 정확성 등의 내용에 관하여는 책임을 지지 않습니다.&nbsp;<br>④ "회사"는 "회원" 간 또는 "회원"과 제3자 상호간에 "서비스"를 매개로 하여 거래 등을 한 경우에는 책임이 면제됩니다.&nbsp;<br>⑤ "회사"는 무료로 제공되는 서비스 이용과 관련하여 관련법에 특별한 규정이 없는 한 책임을 지지 않습니다.</p><p>&nbsp;</p><p><strong>제 22 조 (준거법 및 재판관할)</strong></p><p><strong></strong>&nbsp;</p><p>① "회사"와 "회원" 간 제기된 소송은 대한민국법을 준거법으로 합니다.&nbsp;<br>② "회사"와 "회원"간 발생한 분쟁에 관한 소송은 제소 당시의 "회원"의 주소에 의하고, 주소가 없는 경우 거소를 관할하는 지방법원의 전속관할로 합니다. 단, 제소 당시 "회원"의 주소 또는 거소가 명확하지 아니한 경우의 관할법원은 민사소송법에 따라 정합니다.<br>③ 해외에 주소나 거소가 있는 "회원"의 경우 "회사"와 "회원"간 발생한 분쟁에 관한 소송은 전항에도 불구하고 대한민국 서울중앙지방법원을 관할법원으로 합니다.</p><p>&nbsp;</p><p><strong>부칙</strong></p><p><strong></strong>&nbsp;</p><p>① 이 약관은 2015년 8월 15일부터 적용됩니다.&nbsp;&nbsp;</p><p><span style="line-height: 1.5;">② 2015년 8월 14일부터 시행되던 종전의 약관은 본 약관으로 대체합니다.</span>&nbsp;</p>', 'basic', 'basic', 0, 0, '', '');

-- --------------------------------------------------------

--
-- 테이블 구조 `g5_faq`
--

CREATE TABLE IF NOT EXISTS `g5_faq` (
  `fa_id` int(11) NOT NULL AUTO_INCREMENT,
  `fm_id` int(11) NOT NULL DEFAULT '0',
  `fa_subject` text NOT NULL,
  `fa_content` text NOT NULL,
  `fa_order` int(11) NOT NULL DEFAULT '0',
  PRIMARY KEY (`fa_id`),
  KEY `fm_id` (`fm_id`)
) ENGINE=MyISAM  DEFAULT CHARSET=utf8 AUTO_INCREMENT=14 ;

--
-- 테이블의 덤프 데이터 `g5_faq`
--

INSERT INTO `g5_faq` (`fa_id`, `fm_id`, `fa_subject`, `fa_content`, `fa_order`) VALUES
(1, 1, '회원정보 변경은 어떻게 하나요?', '<p>회원정보변경은 로그인 후&nbsp;마이페이지 &gt; 회원정보변경 페이지를 통해 가능하며,</p><p>고객님의 이메일, 배송지 등의 내용을 변경 하실 수 있습니다.</p>', 1),
(2, 1, '<p>아이디, 비밀번호를 분실했어요.</p>', '<p>회원 아이디와 비밀번호를 분실 하셨을 경우, 쇼핑몰 상단 로그인 페이지에 있는</p><p>아이디/비밀번호(ID/PW)찾기를 이용하시면 됩니다.</p><p>아이디는 홈페이지에서 바로 찾으실 수 있으며, 비밀번호는 본인명의의 휴대폰 또는 아이핀 인증 후 고객님께서</p><p>등록하신이메일과 핸드폰 문자로 새 비밀번호를 보내드립니다.</p><p>&nbsp;</p><p>새로 생성된 비밀번호로 로그인 하신 후 마이페이지 &gt; 개인정보관리 페이지에서 앞으로 사용하실 비밀번호로</p><p>변경,등록하여 사용 부탁드립니다.</p>', 2),
(4, 1, '회원으로 가입하면 어떤 혜택이 있나요?', '"신규 회원가입시"&nbsp; 총 10,000원 상당의 할인혜택을 드립니다.', 0),
(5, 2, '결제 수단에는 어떤 것들이 있나요?<br>', '<p>결제수단 : 신용카드 결제, 실시간 계좌이체, 디지털상품권 결제</p><p>일반 개인카드외에 체크카드, 법인카드도 사용 하실 수 있습니다.</p>', 0),
(6, 2, '<p>무통장 입금으로도 주문이 가능한가요?</p>', '<p>무통장 입금은 온라인마트의 주문/배송 특성상 불가합니다.</p><p>마트에서 결제 가능한 수단은 신용카드, 실시간계좌이체, 디지털상품권으로만 가능하오니</p><p>참고 부탁드립니다.&nbsp;</p>', 0),
(7, 3, '배송비는 얼마인가요?<br>', '<p>* 점포배송상품 주문시 배송비</p><p>- 결제금액이 3만원 미만일 경우 : 3천원</p><p>- 결제금액이 3만원 이상만일 경우 : 무료배송</p><p>&nbsp;</p><p>* 택배(가좌)점 주문시 배송비</p><p>- 결제금액이 5만원 미만일 경우 : 4,000원</p><p>- 결제금액이 5만원~8만원 미만일 경우 : 3,000원</p><p>- 8만원 이상일 경우 : 2,000원</p><p>&nbsp;</p><p>단, 무료배송행사 등을 진행할 경우 일부 변경될 수 있습니다.</p>', 0),
(8, 3, '당일배송도 가능 한가요?<br>', '<p>오후 1시30분부터 오후 4시까지 주문완료 하시면 당일배송이 가능 합니다.</p><p>주문완료 시간은 배송받는 점포별로 상이하며 원하시는 배송시간대가 조기 마감 될 수 있으니,</p><p>이점 참고 부탁드립니다.</p>', 0),
(9, 3, '배송추적을 할 수 있나요?<br>', '<p>점포배송 상품은 배송 추척 되지 않습니다.</p><p>필요 시 배송 기사님과 연락 하셔서 확인 하실 수 있습니다.</p><p>단, 택배 배송 상품은 마이페이지나 택배사 홈페이지를 통해 확인 가능합니다.</p>', 0),
(10, 4, '전체취소, 부분취소 금액은 카드사에서 언제 확인 가능한가요?', '<p>[전체취소]</p><p>1. 주문하신 날 결제 완료 상태에서 전체 취소 하셨다면, 당일 카드사에서 바로 확인 가능합니다.</p><p>2. 주문 후 다음날 전체 취소 시 영업일 기준 3~5일 이후에 카드사에서 확인 가능합니다.&nbsp;</p><p>3. 체크카드의 경우 주문취소 즉시 환불처리 됩니다.</p><p>&nbsp;&nbsp; 단, 아래와 같은 경우는 당일환불 예외처리됩니다.</p><p>&nbsp;&nbsp;&nbsp; ①부분취소 거래</p><p>&nbsp;&nbsp;&nbsp; ②포인트 결제거래(1원이상</p><p>&nbsp;&nbsp;&nbsp; ③청구 할인 거래(일부 캐시백 거래 포함</p><p>&nbsp;&nbsp;&nbsp; ④원거래 승인일자로부터 90일 경과 거래</p><p>&nbsp;&nbsp;&nbsp; ⑤고액 결제 거래(200만원 이상)</p><p>&nbsp;&nbsp;&nbsp; ⑥취소 선처리 불가 가맹점에서 발생한 거래등</p><p>&nbsp;</p><p>[부분 취소]</p><p>1. 부분 취소시에는 주문 당일, 익일에 관계없이 모두 영업일 기준 3~5일 이후에 카드사를 통해 확인 가능합니다.</p><p>(체크카드 당일환불처리 예외 적용됨)</p>', 0),
(11, 4, '주문 후 취소는 어떻게 해야하나요?<br>', '<p>마이페이지 &gt; 주문배송조회 에서 주문하신 상품의 처리상태가 [결제완료]이면 주문취소하실 수 있습니다.<br>(마이페이지 &gt; 주문취소신청 페이지에서 원하시는 주문건을 선택하신 후 주문취소 버튼을 클릭하셔서 [취소]하시면 완료됩니다.</p><p>&nbsp;</p><p>만약, 처리상태가 상품준비중, 배송중이면 홈페이지에서 처리가 어려우니,</p><p>고객센터(☎1577-0000)로 전화 주시면 최대한 도움 드릴 수 있도록 하겠습니다.</p>', 0),
(12, 5, '반품/교환은 어떻게 해야 하나요?', '<p>나의 온라인마트 반품/교환신청 페이지를 통해 신청 하시거나 콜센터(1577-0000)로 문의 부탁드립니다.</p><p>&nbsp;</p><p>[반품/교환 안내]</p><p>- 반품, 교환은 상품을 받으신 날로 부터 30일 이내에 가능합니다.(단, 신선제품의 경우 7일 이내)</p><p>- 상품 등의 내용이 표시, 광고 내용과 다르거나 계약내용과 다른 경우 상품을 받은 날로 부터 3개월 이내 또는 사실을 인지하 신 날로 부터 30일 이내에 가능합니다.</p><p>- 반품하실 경우 상품 구매시 적립된 포인트는 회수되며 적용된 쿠폰은 반환되지 않습니다.</p><p>- 제품의 하자, 배송중 불량이 생겼을 경우 동일 상품으로 교환이 가능합니다.</p><p>- 색상, 사이즈 등의 옵션 변경은 가능하나 타상품으로의 교환은 가능하지 않습니다.</p><p>- 고객님의 실수나 변심에 의한 반품/교환인 경우 반품배송료(4,000원)를 부담하셔야 합니다.</p><p>- 반품 및 교환을 매장에서 직접하시려면 상품 수령시 받으신 거래명세표(영수증)를 반드시 지참하시고 배송받으신 매장으로 방문하셔야 합니다.&nbsp;</p>', 0),
(13, 5, '교환이나 반품이 불가한 경우가 있나요?', '<p>고객님께서 구입하신 상품은 다음과 같은 상품의 특성이나 상품의 상태에 따라 교환과 반품이 제한될 수 있으니,</p><p>확인을 부탁드립니다.</p><p>&nbsp;</p><p>1. 고객님의 책임있는 사유로 상품 등이 없어지거나 또는 훼손된 경우</p><p>2. 포장이 훼손되어 상품가치가 현저히 훼손된 경우</p><p>&nbsp; (예 : 가전제품, 식품, 음반의 포장 훼손, Tag이나 라벨이 훼손된 일반상품 등)</p><p>3. 고객님의 사용 또는 일부 소비에 의하여 상품 등의 가치가 현저히 감소한 경우</p><p>4. 시간의 경과에 의하여 재판매가 곤란할 정도로 상품 등의 가치가 현저히 감소한 경우</p><p>5. 복제가 가능한 상품 등의 포장을 훼손한 경우</p><p>6. 신선상품(농산/수산/축산/냉장/냉동상품)을 단순 변심으로 교환/반품을 원할 경우</p>', 0);

-- --------------------------------------------------------

--
-- 테이블 구조 `g5_faq_master`
--

CREATE TABLE IF NOT EXISTS `g5_faq_master` (
  `fm_id` int(11) NOT NULL AUTO_INCREMENT,
  `fm_subject` varchar(255) NOT NULL DEFAULT '',
  `fm_head_html` text NOT NULL,
  `fm_tail_html` text NOT NULL,
  `fm_mobile_head_html` text NOT NULL,
  `fm_mobile_tail_html` text NOT NULL,
  `fm_order` int(11) NOT NULL DEFAULT '0',
  PRIMARY KEY (`fm_id`)
) ENGINE=MyISAM  DEFAULT CHARSET=utf8 AUTO_INCREMENT=6 ;

--
-- 테이블의 덤프 데이터 `g5_faq_master`
--

INSERT INTO `g5_faq_master` (`fm_id`, `fm_subject`, `fm_head_html`, `fm_tail_html`, `fm_mobile_head_html`, `fm_mobile_tail_html`, `fm_order`) VALUES
(1, '회원/정보관리', '', '', '<p>&nbsp;</p><p>&nbsp;</p>', '', 0),
(2, '주문/결제', '', '', '', '', 0),
(3, '배송', '', '', '', '', 0),
(4, '취소/환불', '', '', '', '', 0),
(5, '반품/교환/AS', '', '', '', '', 0);

-- --------------------------------------------------------

--
-- 테이블 구조 `g5_group`
--

CREATE TABLE IF NOT EXISTS `g5_group` (
  `gr_id` varchar(10) NOT NULL DEFAULT '',
  `gr_subject` varchar(255) NOT NULL DEFAULT '',
  `gr_device` enum('both','pc','mobile') NOT NULL DEFAULT 'both',
  `gr_admin` varchar(255) NOT NULL DEFAULT '',
  `gr_use_access` tinyint(4) NOT NULL DEFAULT '0',
  `gr_order` int(11) NOT NULL DEFAULT '0',
  `gr_1_subj` varchar(255) NOT NULL DEFAULT '',
  `gr_2_subj` varchar(255) NOT NULL DEFAULT '',
  `gr_3_subj` varchar(255) NOT NULL DEFAULT '',
  `gr_4_subj` varchar(255) NOT NULL DEFAULT '',
  `gr_5_subj` varchar(255) NOT NULL DEFAULT '',
  `gr_6_subj` varchar(255) NOT NULL DEFAULT '',
  `gr_7_subj` varchar(255) NOT NULL DEFAULT '',
  `gr_8_subj` varchar(255) NOT NULL DEFAULT '',
  `gr_9_subj` varchar(255) NOT NULL DEFAULT '',
  `gr_10_subj` varchar(255) NOT NULL DEFAULT '',
  `gr_1` varchar(255) NOT NULL DEFAULT '',
  `gr_2` varchar(255) NOT NULL DEFAULT '',
  `gr_3` varchar(255) NOT NULL DEFAULT '',
  `gr_4` varchar(255) NOT NULL DEFAULT '',
  `gr_5` varchar(255) NOT NULL DEFAULT '',
  `gr_6` varchar(255) NOT NULL DEFAULT '',
  `gr_7` varchar(255) NOT NULL DEFAULT '',
  `gr_8` varchar(255) NOT NULL DEFAULT '',
  `gr_9` varchar(255) NOT NULL DEFAULT '',
  `gr_10` varchar(255) NOT NULL DEFAULT '',
  PRIMARY KEY (`gr_id`)
) ENGINE=MyISAM DEFAULT CHARSET=utf8;

--
-- 테이블의 덤프 데이터 `g5_group`
--

INSERT INTO `g5_group` (`gr_id`, `gr_subject`, `gr_device`, `gr_admin`, `gr_use_access`, `gr_order`, `gr_1_subj`, `gr_2_subj`, `gr_3_subj`, `gr_4_subj`, `gr_5_subj`, `gr_6_subj`, `gr_7_subj`, `gr_8_subj`, `gr_9_subj`, `gr_10_subj`, `gr_1`, `gr_2`, `gr_3`, `gr_4`, `gr_5`, `gr_6`, `gr_7`, `gr_8`, `gr_9`, `gr_10`) VALUES
('shop', '쇼핑몰', 'both', '', 0, 0, '', '', '', '', '', '', '', '', '', '', '', '', '', '', '', '', '', '', '', '');

-- --------------------------------------------------------

--
-- 테이블 구조 `g5_group_member`
--

CREATE TABLE IF NOT EXISTS `g5_group_member` (
  `gm_id` int(11) NOT NULL AUTO_INCREMENT,
  `gr_id` varchar(255) NOT NULL DEFAULT '',
  `mb_id` varchar(20) NOT NULL DEFAULT '',
  `gm_datetime` datetime NOT NULL DEFAULT '0000-00-00 00:00:00',
  PRIMARY KEY (`gm_id`),
  KEY `gr_id` (`gr_id`),
  KEY `mb_id` (`mb_id`)
) ENGINE=MyISAM DEFAULT CHARSET=utf8 AUTO_INCREMENT=1 ;

-- --------------------------------------------------------

--
-- 테이블 구조 `g5_login`
--

CREATE TABLE IF NOT EXISTS `g5_login` (
  `lo_ip` varchar(255) NOT NULL DEFAULT '',
  `mb_id` varchar(20) NOT NULL DEFAULT '',
  `lo_datetime` datetime NOT NULL DEFAULT '0000-00-00 00:00:00',
  `lo_location` text NOT NULL,
  `lo_url` text NOT NULL,
  PRIMARY KEY (`lo_ip`)
) ENGINE=MyISAM DEFAULT CHARSET=utf8;

--
-- 테이블의 덤프 데이터 `g5_login`
--

INSERT INTO `g5_login` (`lo_ip`, `mb_id`, `lo_datetime`, `lo_location`, `lo_url`) VALUES
('58.151.27.172', 'admin', '2015-10-07 12:21:40', '오픈마켓 상품가져오기', '');

-- --------------------------------------------------------

--
-- 테이블 구조 `g5_mail`
--

CREATE TABLE IF NOT EXISTS `g5_mail` (
  `ma_id` int(11) NOT NULL AUTO_INCREMENT,
  `ma_subject` varchar(255) NOT NULL DEFAULT '',
  `ma_content` mediumtext NOT NULL,
  `ma_time` datetime NOT NULL DEFAULT '0000-00-00 00:00:00',
  `ma_ip` varchar(255) NOT NULL DEFAULT '',
  `ma_last_option` text NOT NULL,
  PRIMARY KEY (`ma_id`)
) ENGINE=MyISAM  DEFAULT CHARSET=utf8 AUTO_INCREMENT=2 ;

--
-- 테이블의 덤프 데이터 `g5_mail`
--

INSERT INTO `g5_mail` (`ma_id`, `ma_subject`, `ma_content`, `ma_time`, `ma_ip`, `ma_last_option`) VALUES
(1, '1212', '<p>121212</p>', '2015-07-09 14:47:35', '58.151.27.172', 'mb_id1=1||mb_id1_from=||mb_id1_to=||mb_email=||mb_mailling=1||mb_level_from=1||mb_level_to=10||gr_id=');

-- --------------------------------------------------------

--
-- 테이블 구조 `g5_member_group`
--

CREATE TABLE IF NOT EXISTS `g5_member_group` (
  `mg_no` int(11) NOT NULL AUTO_INCREMENT,
  `mg_name` varchar(255) NOT NULL DEFAULT '',
  `mg_memo` text NOT NULL,
  `mg_payment` varchar(1) NOT NULL DEFAULT 'A',
  `mg_point` varchar(1) NOT NULL DEFAULT '',
  `mg_point_price` int(11) NOT NULL DEFAULT '0',
  `mg_point_price_get` int(11) NOT NULL DEFAULT '0',
  `mg_save` varchar(1) NOT NULL DEFAULT '',
  `mg_save_price` int(11) NOT NULL DEFAULT '0',
  `mg_save_price_get` int(11) NOT NULL DEFAULT '0',
  `mg_img` varchar(250) NOT NULL DEFAULT '',
  `mg_seq` int(11) NOT NULL DEFAULT '0',
  PRIMARY KEY (`mg_no`)
) ENGINE=MyISAM  DEFAULT CHARSET=utf8 AUTO_INCREMENT=2 ;

--
-- 테이블의 덤프 데이터 `g5_member_group`
--

INSERT INTO `g5_member_group` (`mg_no`, `mg_name`, `mg_memo`, `mg_payment`, `mg_point`, `mg_point_price`, `mg_point_price_get`, `mg_save`, `mg_save_price`, `mg_save_price_get`, `mg_img`, `mg_seq`) VALUES
(1, 'VIP회원', '', 'A', 'Y', 500, 5, 'Y', 30000, 10, '', 0);

-- --------------------------------------------------------

--
-- 테이블 구조 `g5_memo`
--

CREATE TABLE IF NOT EXISTS `g5_memo` (
  `me_id` int(11) NOT NULL DEFAULT '0',
  `me_recv_mb_id` varchar(20) NOT NULL DEFAULT '',
  `me_send_mb_id` varchar(20) NOT NULL DEFAULT '',
  `me_send_datetime` datetime NOT NULL DEFAULT '0000-00-00 00:00:00',
  `me_read_datetime` datetime NOT NULL DEFAULT '0000-00-00 00:00:00',
  `me_memo` text NOT NULL,
  PRIMARY KEY (`me_id`),
  KEY `me_recv_mb_id` (`me_recv_mb_id`)
) ENGINE=MyISAM DEFAULT CHARSET=utf8;

-- --------------------------------------------------------

--
-- 테이블 구조 `g5_menu`
--

CREATE TABLE IF NOT EXISTS `g5_menu` (
  `me_id` int(11) NOT NULL AUTO_INCREMENT,
  `me_code` varchar(255) NOT NULL DEFAULT '',
  `me_name` varchar(255) NOT NULL DEFAULT '',
  `me_link` varchar(255) NOT NULL DEFAULT '',
  `me_target` varchar(255) NOT NULL DEFAULT '',
  `me_order` int(11) NOT NULL DEFAULT '0',
  `me_use` tinyint(4) NOT NULL DEFAULT '0',
  `me_mobile_use` tinyint(4) NOT NULL DEFAULT '0',
  PRIMARY KEY (`me_id`)
) ENGINE=MyISAM  DEFAULT CHARSET=utf8 AUTO_INCREMENT=20 ;

--
-- 테이블의 덤프 데이터 `g5_menu`
--

INSERT INTO `g5_menu` (`me_id`, `me_code`, `me_name`, `me_link`, `me_target`, `me_order`, `me_use`, `me_mobile_use`) VALUES
(14, '10', 'MD기획전', 'http://mjsoft.co/mjshop/shop/listtype.php?type=2', 'self', 0, 1, 1),
(15, '20', '재입고상품', 'http://mjsoft.co/mjshop/shop/listtype.php?type=3', 'self', 0, 1, 1),
(16, '30', '친환경유기농', 'http://mjsoft.co/mjshop/shop/list.php?ca_id=10', 'self', 0, 1, 1),
(17, '40', '수입식료품', 'http://mjsoft.co/mjshop/shop/list.php?ca_id=60', 'self', 0, 1, 1),
(18, '50', '오늘은뭐먹지?', 'http://mjsoft.co/mjshop/bbs/board.php?bo_table=gallery', 'self', 0, 1, 1),
(19, '60', '이벤트/핫딜', 'http://mjsoft.co/mjshop/shop/listtype.php?type=5', 'self', 0, 1, 1);

-- --------------------------------------------------------

--
-- 테이블 구조 `g5_new_win`
--

CREATE TABLE IF NOT EXISTS `g5_new_win` (
  `nw_id` int(11) NOT NULL AUTO_INCREMENT,
  `nw_division` varchar(10) NOT NULL DEFAULT 'both',
  `nw_device` varchar(10) NOT NULL DEFAULT 'both',
  `nw_begin_time` datetime NOT NULL DEFAULT '0000-00-00 00:00:00',
  `nw_end_time` datetime NOT NULL DEFAULT '0000-00-00 00:00:00',
  `nw_disable_hours` int(11) NOT NULL DEFAULT '0',
  `nw_left` int(11) NOT NULL DEFAULT '0',
  `nw_top` int(11) NOT NULL DEFAULT '0',
  `nw_height` int(11) NOT NULL DEFAULT '0',
  `nw_width` int(11) NOT NULL DEFAULT '0',
  `nw_subject` text NOT NULL,
  `nw_content` text NOT NULL,
  `nw_content_html` tinyint(4) NOT NULL DEFAULT '0',
  PRIMARY KEY (`nw_id`)
) ENGINE=MyISAM  DEFAULT CHARSET=utf8 AUTO_INCREMENT=2 ;

--
-- 테이블의 덤프 데이터 `g5_new_win`
--

INSERT INTO `g5_new_win` (`nw_id`, `nw_division`, `nw_device`, `nw_begin_time`, `nw_end_time`, `nw_disable_hours`, `nw_left`, `nw_top`, `nw_height`, `nw_width`, `nw_subject`, `nw_content`, `nw_content_html`) VALUES
(1, 'both', 'both', '2015-07-17 00:00:00', '2015-07-17 23:59:59', 24, 10, 10, 200, 320, '팝업레이어', '<img title="2d4e9e7dfe2d5b6952f7b53b7517a909_1437125097_0766.jpg" src="http://mjsoft.co/mjshop/data/editor/1507/2d4e9e7dfe2d5b6952f7b53b7517a909_1437125097_0766.jpg"><br style="clear: both;"><p>&nbsp;</p>', 0);

-- --------------------------------------------------------

--
-- 테이블 구조 `g5_point`
--

CREATE TABLE IF NOT EXISTS `g5_point` (
  `po_id` int(11) NOT NULL AUTO_INCREMENT,
  `mb_id` varchar(20) NOT NULL DEFAULT '',
  `po_datetime` datetime NOT NULL DEFAULT '0000-00-00 00:00:00',
  `po_content` varchar(255) NOT NULL DEFAULT '',
  `po_point` int(11) NOT NULL DEFAULT '0',
  `po_use_point` int(11) NOT NULL DEFAULT '0',
  `po_expired` tinyint(4) NOT NULL DEFAULT '0',
  `po_expire_date` date NOT NULL DEFAULT '0000-00-00',
  `po_mb_point` int(11) NOT NULL DEFAULT '0',
  `po_rel_table` varchar(20) NOT NULL DEFAULT '',
  `po_rel_id` varchar(20) NOT NULL DEFAULT '',
  `po_rel_action` varchar(255) NOT NULL DEFAULT '',
  PRIMARY KEY (`po_id`),
  KEY `index1` (`mb_id`,`po_rel_table`,`po_rel_id`,`po_rel_action`),
  KEY `index2` (`po_expire_date`)
) ENGINE=MyISAM  DEFAULT CHARSET=utf8 AUTO_INCREMENT=22 ;

--
-- 테이블의 덤프 데이터 `g5_point`
--

INSERT INTO `g5_point` (`po_id`, `mb_id`, `po_datetime`, `po_content`, `po_point`, `po_use_point`, `po_expired`, `po_expire_date`, `po_mb_point`, `po_rel_table`, `po_rel_id`, `po_rel_action`) VALUES
(1, 'ryunen', '2015-07-06 11:30:48', '회원가입 축하', 1000, 0, 0, '9999-12-31', 1000, '@member', 'ryunen', '회원가입'),
(2, 'ryunen', '2015-07-08 11:51:56', '주문번호 2015070712314008 (2) 배송완료', 300, 0, 0, '9999-12-31', 1300, '@delivery', 'ryunen', '2015070712314008,2'),
(4, 'ryunen', '2015-07-08 13:55:07', '주문번호  배송완료 -> 5% 등급 추가적립', 150, 0, 0, '9999-12-31', 1450, '@memgroup', 'ryunen', '2015070712314008'),
(5, 'admin', '2015-07-30 17:33:21', '자유게시판 1 글쓰기', 5, 0, 0, '9999-12-31', 5, 'free', '1', '쓰기'),
(6, 'admin', '2015-07-31 17:54:15', '공지사항 1 글쓰기', 5, 0, 0, '9999-12-31', 10, 'notice', '1', '쓰기'),
(7, 'admin', '2015-07-31 17:54:41', '공지사항 2 글쓰기', 5, 0, 0, '9999-12-31', 15, 'notice', '2', '쓰기'),
(8, 'admin', '2015-07-31 17:55:21', '공지사항 3 글쓰기', 5, 0, 0, '9999-12-31', 20, 'notice', '3', '쓰기'),
(9, 'admin', '2015-07-31 17:55:54', '공지사항 4 글쓰기', 5, 0, 0, '9999-12-31', 25, 'notice', '4', '쓰기'),
(10, 'admin', '2015-07-31 17:56:38', '공지사항 5 글쓰기', 5, 0, 0, '9999-12-31', 30, 'notice', '5', '쓰기'),
(11, 'admin', '2015-08-03 11:13:33', '자유게시판 2 글쓰기', 5, 0, 0, '9999-12-31', 35, 'free', '2', '쓰기'),
(12, 'admin', '2015-08-03 11:14:01', '자유게시판 3 글쓰기', 5, 0, 0, '9999-12-31', 40, 'free', '3', '쓰기'),
(13, 'admin', '2015-08-03 11:15:48', '자유게시판 4 글쓰기', 5, 0, 0, '9999-12-31', 45, 'free', '4', '쓰기'),
(14, 'admin', '2015-08-12 16:29:46', '공지사항 6 글답변', 1, 0, 0, '9999-12-31', 46, 'notice', '6', '쓰기'),
(15, 'admin', '2015-08-12 16:30:32', '공지사항 5-7 댓글쓰기', 1, 0, 0, '9999-12-31', 47, 'notice', '7', '댓글'),
(16, 'admin', '2015-08-12 16:30:38', '공지사항 5-8 댓글쓰기', 1, 0, 0, '9999-12-31', 48, 'notice', '8', '댓글'),
(17, 'admin', '2015-08-12 16:30:44', '공지사항 5-9 댓글쓰기', 1, 0, 0, '9999-12-31', 49, 'notice', '9', '댓글'),
(18, 'test', '2015-08-13 09:27:32', '회원가입 축하', 1000, 0, 0, '9999-12-31', 1000, '@member', 'test', '회원가입'),
(19, 'osm', '2015-08-24 12:19:41', '회원가입 축하', 1000, 0, 0, '9999-12-31', 1000, '@member', 'osm', '회원가입'),
(20, 'vizz', '2015-08-25 13:15:09', '회원가입 축하', 1000, 0, 0, '9999-12-31', 1000, '@member', 'vizz', '회원가입'),
(21, 'kall', '2015-08-27 15:17:25', '회원가입 축하', 1000, 0, 0, '9999-12-31', 1000, '@member', 'kall', '회원가입');

-- --------------------------------------------------------

--
-- 테이블 구조 `g5_poll`
--

CREATE TABLE IF NOT EXISTS `g5_poll` (
  `po_id` int(11) NOT NULL AUTO_INCREMENT,
  `po_subject` varchar(255) NOT NULL DEFAULT '',
  `po_poll1` varchar(255) NOT NULL DEFAULT '',
  `po_poll2` varchar(255) NOT NULL DEFAULT '',
  `po_poll3` varchar(255) NOT NULL DEFAULT '',
  `po_poll4` varchar(255) NOT NULL DEFAULT '',
  `po_poll5` varchar(255) NOT NULL DEFAULT '',
  `po_poll6` varchar(255) NOT NULL DEFAULT '',
  `po_poll7` varchar(255) NOT NULL DEFAULT '',
  `po_poll8` varchar(255) NOT NULL DEFAULT '',
  `po_poll9` varchar(255) NOT NULL DEFAULT '',
  `po_cnt1` int(11) NOT NULL DEFAULT '0',
  `po_cnt2` int(11) NOT NULL DEFAULT '0',
  `po_cnt3` int(11) NOT NULL DEFAULT '0',
  `po_cnt4` int(11) NOT NULL DEFAULT '0',
  `po_cnt5` int(11) NOT NULL DEFAULT '0',
  `po_cnt6` int(11) NOT NULL DEFAULT '0',
  `po_cnt7` int(11) NOT NULL DEFAULT '0',
  `po_cnt8` int(11) NOT NULL DEFAULT '0',
  `po_cnt9` int(11) NOT NULL DEFAULT '0',
  `po_etc` varchar(255) NOT NULL DEFAULT '',
  `po_level` tinyint(4) NOT NULL DEFAULT '0',
  `po_point` int(11) NOT NULL DEFAULT '0',
  `po_date` date NOT NULL DEFAULT '0000-00-00',
  `po_ips` mediumtext NOT NULL,
  `mb_ids` text NOT NULL,
  PRIMARY KEY (`po_id`)
) ENGINE=MyISAM DEFAULT CHARSET=utf8 AUTO_INCREMENT=1 ;

-- --------------------------------------------------------

--
-- 테이블 구조 `g5_poll_etc`
--

CREATE TABLE IF NOT EXISTS `g5_poll_etc` (
  `pc_id` int(11) NOT NULL DEFAULT '0',
  `po_id` int(11) NOT NULL DEFAULT '0',
  `mb_id` varchar(20) NOT NULL DEFAULT '',
  `pc_name` varchar(255) NOT NULL DEFAULT '',
  `pc_idea` varchar(255) NOT NULL DEFAULT '',
  `pc_datetime` datetime NOT NULL DEFAULT '0000-00-00 00:00:00',
  PRIMARY KEY (`pc_id`)
) ENGINE=MyISAM DEFAULT CHARSET=utf8;

-- --------------------------------------------------------

--
-- 테이블 구조 `g5_popular`
--

CREATE TABLE IF NOT EXISTS `g5_popular` (
  `pp_id` int(11) NOT NULL AUTO_INCREMENT,
  `pp_word` varchar(50) NOT NULL DEFAULT '',
  `pp_date` date NOT NULL DEFAULT '0000-00-00',
  `pp_ip` varchar(50) NOT NULL DEFAULT '',
  PRIMARY KEY (`pp_id`),
  UNIQUE KEY `index1` (`pp_date`,`pp_word`,`pp_ip`)
) ENGINE=MyISAM  DEFAULT CHARSET=utf8 AUTO_INCREMENT=5 ;

--
-- 테이블의 덤프 데이터 `g5_popular`
--

INSERT INTO `g5_popular` (`pp_id`, `pp_word`, `pp_date`, `pp_ip`) VALUES
(1, '블라우스', '2015-07-22', '58.151.27.172'),
(2, '마늘', '2015-08-11', '58.151.27.172'),
(3, '고등어', '2015-09-04', '58.151.27.172'),
(4, '블라우스', '2015-09-04', '58.151.27.172');

-- --------------------------------------------------------

--
-- 테이블 구조 `g5_qa_config`
--

CREATE TABLE IF NOT EXISTS `g5_qa_config` (
  `qa_title` varchar(255) NOT NULL DEFAULT '',
  `qa_category` varchar(255) NOT NULL DEFAULT '',
  `qa_skin` varchar(255) NOT NULL DEFAULT '',
  `qa_mobile_skin` varchar(255) NOT NULL DEFAULT '',
  `qa_use_email` tinyint(4) NOT NULL DEFAULT '0',
  `qa_req_email` tinyint(4) NOT NULL DEFAULT '0',
  `qa_use_hp` tinyint(4) NOT NULL DEFAULT '0',
  `qa_req_hp` tinyint(4) NOT NULL DEFAULT '0',
  `qa_use_sms` tinyint(4) NOT NULL DEFAULT '0',
  `qa_send_number` varchar(255) NOT NULL DEFAULT '0',
  `qa_admin_hp` varchar(255) NOT NULL DEFAULT '',
  `qa_admin_email` varchar(255) NOT NULL DEFAULT '',
  `qa_use_editor` tinyint(4) NOT NULL DEFAULT '0',
  `qa_subject_len` int(11) NOT NULL DEFAULT '0',
  `qa_mobile_subject_len` int(11) NOT NULL DEFAULT '0',
  `qa_page_rows` int(11) NOT NULL DEFAULT '0',
  `qa_mobile_page_rows` int(11) NOT NULL DEFAULT '0',
  `qa_image_width` int(11) NOT NULL DEFAULT '0',
  `qa_upload_size` int(11) NOT NULL DEFAULT '0',
  `qa_insert_content` text NOT NULL,
  `qa_include_head` varchar(255) NOT NULL DEFAULT '',
  `qa_include_tail` varchar(255) NOT NULL DEFAULT '',
  `qa_content_head` text NOT NULL,
  `qa_content_tail` text NOT NULL,
  `qa_mobile_content_head` text NOT NULL,
  `qa_mobile_content_tail` text NOT NULL,
  `qa_1_subj` varchar(255) NOT NULL DEFAULT '',
  `qa_2_subj` varchar(255) NOT NULL DEFAULT '',
  `qa_3_subj` varchar(255) NOT NULL DEFAULT '',
  `qa_4_subj` varchar(255) NOT NULL DEFAULT '',
  `qa_5_subj` varchar(255) NOT NULL DEFAULT '',
  `qa_1` varchar(255) NOT NULL DEFAULT '',
  `qa_2` varchar(255) NOT NULL DEFAULT '',
  `qa_3` varchar(255) NOT NULL DEFAULT '',
  `qa_4` varchar(255) NOT NULL DEFAULT '',
  `qa_5` varchar(255) NOT NULL DEFAULT ''
) ENGINE=MyISAM DEFAULT CHARSET=utf8;

--
-- 테이블의 덤프 데이터 `g5_qa_config`
--

INSERT INTO `g5_qa_config` (`qa_title`, `qa_category`, `qa_skin`, `qa_mobile_skin`, `qa_use_email`, `qa_req_email`, `qa_use_hp`, `qa_req_hp`, `qa_use_sms`, `qa_send_number`, `qa_admin_hp`, `qa_admin_email`, `qa_use_editor`, `qa_subject_len`, `qa_mobile_subject_len`, `qa_page_rows`, `qa_mobile_page_rows`, `qa_image_width`, `qa_upload_size`, `qa_insert_content`, `qa_include_head`, `qa_include_tail`, `qa_content_head`, `qa_content_tail`, `qa_mobile_content_head`, `qa_mobile_content_tail`, `qa_1_subj`, `qa_2_subj`, `qa_3_subj`, `qa_4_subj`, `qa_5_subj`, `qa_1`, `qa_2`, `qa_3`, `qa_4`, `qa_5`) VALUES
('1:1문의', '회원|포인트', 'basic', 'basic', 1, 0, 1, 0, 0, '0', '', '', 1, 60, 30, 15, 15, 600, 1048576, '', '', '', '', '', '', '', '', '', '', '', '', '', '', '', '', '');

-- --------------------------------------------------------

--
-- 테이블 구조 `g5_qa_content`
--

CREATE TABLE IF NOT EXISTS `g5_qa_content` (
  `qa_id` int(11) NOT NULL AUTO_INCREMENT,
  `qa_num` int(11) NOT NULL DEFAULT '0',
  `qa_parent` int(11) NOT NULL DEFAULT '0',
  `qa_related` int(11) NOT NULL DEFAULT '0',
  `mb_id` varchar(20) NOT NULL DEFAULT '',
  `qa_name` varchar(255) NOT NULL DEFAULT '',
  `qa_email` varchar(255) NOT NULL DEFAULT '',
  `qa_hp` varchar(255) NOT NULL DEFAULT '',
  `qa_type` tinyint(4) NOT NULL DEFAULT '0',
  `qa_category` varchar(255) NOT NULL DEFAULT '',
  `qa_email_recv` tinyint(4) NOT NULL DEFAULT '0',
  `qa_sms_recv` tinyint(4) NOT NULL DEFAULT '0',
  `qa_html` tinyint(4) NOT NULL DEFAULT '0',
  `qa_subject` varchar(255) NOT NULL DEFAULT '',
  `qa_content` text NOT NULL,
  `qa_status` tinyint(4) NOT NULL DEFAULT '0',
  `qa_file1` varchar(255) NOT NULL DEFAULT '',
  `qa_source1` varchar(255) NOT NULL DEFAULT '',
  `qa_file2` varchar(255) NOT NULL DEFAULT '',
  `qa_source2` varchar(255) NOT NULL DEFAULT '',
  `qa_ip` varchar(255) NOT NULL DEFAULT '',
  `qa_datetime` datetime NOT NULL DEFAULT '0000-00-00 00:00:00',
  `qa_1` varchar(255) NOT NULL DEFAULT '',
  `qa_2` varchar(255) NOT NULL DEFAULT '',
  `qa_3` varchar(255) NOT NULL DEFAULT '',
  `qa_4` varchar(255) NOT NULL DEFAULT '',
  `qa_5` varchar(255) NOT NULL DEFAULT '',
  PRIMARY KEY (`qa_id`),
  KEY `qa_num_parent` (`qa_num`,`qa_parent`)
) ENGINE=MyISAM  DEFAULT CHARSET=utf8 AUTO_INCREMENT=5 ;

--
-- 테이블의 덤프 데이터 `g5_qa_content`
--

INSERT INTO `g5_qa_content` (`qa_id`, `qa_num`, `qa_parent`, `qa_related`, `mb_id`, `qa_name`, `qa_email`, `qa_hp`, `qa_type`, `qa_category`, `qa_email_recv`, `qa_sms_recv`, `qa_html`, `qa_subject`, `qa_content`, `qa_status`, `qa_file1`, `qa_source1`, `qa_file2`, `qa_source2`, `qa_ip`, `qa_datetime`, `qa_1`, `qa_2`, `qa_3`, `qa_4`, `qa_5`) VALUES
(1, -1, 1, 1, 'admin', '최고관리자', 'admin@domain.com', '000', 0, '회원', 0, 0, 1, 'test', 'test<p>&nbsp;</p>', 0, '', '', '', '', '58.151.27.172', '2015-07-31 14:47:37', '', '', '', '', ''),
(2, -2, 2, 2, 'admin', '최고관리자', 'admin@domain.com', '0000', 0, '회원', 0, 0, 1, '일대일문의합니다.', '<p>ㅅㄷㄴㅅ&nbsp;</p>', 0, '', '', '', '', '58.151.27.172', '2015-08-12 11:49:13', '', '', '', '', ''),
(3, -3, 3, 3, 'ryunen', '박성원', 'ryunen@naver.com', '010-9357-0525', 0, '회원', 0, 0, 0, 'asd', 'asdasd', 0, '', '', '', '', '58.151.27.172', '2015-08-24 17:56:35', '', '', '', '', ''),
(4, -4, 4, 4, 'kall', '박성원', 'ryunen@chol.com', '010-9357-0525', 0, '회원', 0, 0, 1, '테스트 문이 입니다.', '테스트 문이 입니다.<p>&nbsp;</p>', 0, '', '', '', '', '58.151.27.172', '2015-08-27 15:58:33', '', '', '', '', '');

-- --------------------------------------------------------

--
-- 테이블 구조 `g5_scrap`
--

CREATE TABLE IF NOT EXISTS `g5_scrap` (
  `ms_id` int(11) NOT NULL AUTO_INCREMENT,
  `mb_id` varchar(20) NOT NULL DEFAULT '',
  `bo_table` varchar(20) NOT NULL DEFAULT '',
  `wr_id` varchar(15) NOT NULL DEFAULT '',
  `ms_datetime` datetime NOT NULL DEFAULT '0000-00-00 00:00:00',
  PRIMARY KEY (`ms_id`),
  KEY `mb_id` (`mb_id`)
) ENGINE=MyISAM  DEFAULT CHARSET=utf8 AUTO_INCREMENT=2 ;

--
-- 테이블의 덤프 데이터 `g5_scrap`
--

INSERT INTO `g5_scrap` (`ms_id`, `mb_id`, `bo_table`, `wr_id`, `ms_datetime`) VALUES
(1, 'vizz', 'gallery', '6', '2015-08-25 13:16:40');

-- --------------------------------------------------------

--
-- 테이블 구조 `g5_shop_banner`
--

CREATE TABLE IF NOT EXISTS `g5_shop_banner` (
  `bn_id` int(11) NOT NULL AUTO_INCREMENT,
  `bn_alt` varchar(255) NOT NULL DEFAULT '',
  `bn_url` varchar(255) NOT NULL DEFAULT '',
  `bn_position` varchar(255) NOT NULL DEFAULT '',
  `bn_border` tinyint(4) NOT NULL DEFAULT '0',
  `bn_new_win` tinyint(4) NOT NULL DEFAULT '0',
  `bn_begin_time` datetime NOT NULL DEFAULT '0000-00-00 00:00:00',
  `bn_end_time` datetime NOT NULL DEFAULT '0000-00-00 00:00:00',
  `bn_time` datetime NOT NULL DEFAULT '0000-00-00 00:00:00',
  `bn_hit` int(11) NOT NULL DEFAULT '0',
  `bn_order` int(11) NOT NULL DEFAULT '0',
  PRIMARY KEY (`bn_id`)
) ENGINE=MyISAM  DEFAULT CHARSET=utf8 AUTO_INCREMENT=9 ;

--
-- 테이블의 덤프 데이터 `g5_shop_banner`
--

INSERT INTO `g5_shop_banner` (`bn_id`, `bn_alt`, `bn_url`, `bn_position`, `bn_border`, `bn_new_win`, `bn_begin_time`, `bn_end_time`, `bn_time`, `bn_hit`, `bn_order`) VALUES
(1, '메인배너1', 'http://', '메인', 0, 0, '2015-07-16 00:00:00', '2019-08-16 00:00:00', '0000-00-00 00:00:00', 0, 50),
(2, '메인배너2', 'http://', '메인', 0, 0, '2015-07-16 00:00:00', '2019-08-16 00:00:00', '0000-00-00 00:00:00', 0, 50),
(3, '모바일 메인 배너', 'http://', '모바일메인', 0, 0, '2015-07-22 00:00:00', '2015-10-21 00:00:00', '0000-00-00 00:00:00', 0, 50),
(4, '모바일 메인 배너 2', 'http://', '모바일메인', 0, 0, '2015-07-22 00:00:00', '2015-10-21 00:00:00', '0000-00-00 00:00:00', 0, 50),
(5, '모바일 메인 중단', 'http://', '기타1', 0, 0, '2015-07-23 00:00:00', '2015-10-22 00:00:00', '0000-00-00 00:00:00', 0, 50),
(6, '우측 상단', 'http://', '우측', 0, 0, '2015-08-26 00:00:00', '2099-11-25 00:00:00', '0000-00-00 00:00:00', 0, 50),
(7, '메인 중단 배너', 'http://', '기타2', 0, 0, '2015-08-26 00:00:00', '2099-11-25 00:00:00', '0000-00-00 00:00:00', 0, 50),
(8, '메인 중하단 배너', 'http://', '기타3', 0, 0, '2015-08-26 00:00:00', '2099-11-25 00:00:00', '0000-00-00 00:00:00', 0, 50);

-- --------------------------------------------------------

--
-- 테이블 구조 `g5_shop_cart`
--

CREATE TABLE IF NOT EXISTS `g5_shop_cart` (
  `ct_id` int(11) NOT NULL AUTO_INCREMENT,
  `od_id` bigint(20) unsigned NOT NULL,
  `mb_id` varchar(255) NOT NULL DEFAULT '',
  `it_id` varchar(20) NOT NULL DEFAULT '',
  `it_name` varchar(255) NOT NULL DEFAULT '',
  `it_sc_type` tinyint(4) NOT NULL DEFAULT '0',
  `it_sc_method` tinyint(4) NOT NULL DEFAULT '0',
  `it_sc_price` int(11) NOT NULL DEFAULT '0',
  `it_sc_minimum` int(11) NOT NULL DEFAULT '0',
  `it_sc_qty` int(11) NOT NULL DEFAULT '0',
  `ct_status` varchar(255) NOT NULL DEFAULT '',
  `ct_history` text NOT NULL,
  `ct_price` int(11) NOT NULL DEFAULT '0',
  `ct_buyprice` int(11) NOT NULL DEFAULT '0',
  `ct_point` int(11) NOT NULL DEFAULT '0',
  `cp_price` int(11) NOT NULL DEFAULT '0',
  `ct_point_use` tinyint(4) NOT NULL DEFAULT '0',
  `ct_stock_use` tinyint(4) NOT NULL DEFAULT '0',
  `ct_option` varchar(255) NOT NULL DEFAULT '',
  `ct_qty` int(11) NOT NULL DEFAULT '0',
  `ct_notax` tinyint(4) NOT NULL DEFAULT '0',
  `io_id` varchar(255) NOT NULL DEFAULT '',
  `io_type` tinyint(4) NOT NULL DEFAULT '0',
  `io_price` int(11) NOT NULL DEFAULT '0',
  `io_buyprice` int(11) NOT NULL DEFAULT '0',
  `ct_time` datetime NOT NULL DEFAULT '0000-00-00 00:00:00',
  `ct_ip` varchar(25) NOT NULL DEFAULT '',
  `ct_send_cost` tinyint(4) NOT NULL DEFAULT '0',
  `ct_direct` tinyint(4) NOT NULL DEFAULT '0',
  `ct_select` tinyint(4) NOT NULL DEFAULT '0',
  `ct_select_time` datetime NOT NULL DEFAULT '0000-00-00 00:00:00',
  `iu_flag` tinyint(4) NOT NULL,
  `otms_OrderNo` varchar(100) NOT NULL,
  PRIMARY KEY (`ct_id`),
  KEY `od_id` (`od_id`),
  KEY `it_id` (`it_id`),
  KEY `ct_status` (`ct_status`),
  KEY `otms_OrderNo` (`otms_OrderNo`)
) ENGINE=MyISAM  DEFAULT CHARSET=utf8 AUTO_INCREMENT=80 ;

--
-- 테이블의 덤프 데이터 `g5_shop_cart`
--

INSERT INTO `g5_shop_cart` (`ct_id`, `od_id`, `mb_id`, `it_id`, `it_name`, `it_sc_type`, `it_sc_method`, `it_sc_price`, `it_sc_minimum`, `it_sc_qty`, `ct_status`, `ct_history`, `ct_price`, `ct_buyprice`, `ct_point`, `cp_price`, `ct_point_use`, `ct_stock_use`, `ct_option`, `ct_qty`, `ct_notax`, `io_id`, `io_type`, `io_price`, `io_buyprice`, `ct_time`, `ct_ip`, `ct_send_cost`, `ct_direct`, `ct_select`, `ct_select_time`, `iu_flag`, `otms_OrderNo`) VALUES
(2, 2015070712314008, 'ryunen', '1436233881', '원피스~', 0, 0, 0, 0, 0, '완료', '', 3000, 0, 300, 0, 1, 0, '원피스~', 1, 0, '', 0, 0, 0, '2015-07-07 11:12:05', '58.151.27.172', 0, 0, 1, '2015-07-07 11:12:06', 0, ''),
(19, 2015081314382156, 'test', '1436866053', '안동간고등어 700G(손)', 0, 0, 0, 0, 0, '주문', '\n주문|admin|2015-09-02 17:48:19|58.151.27.172', 0, 0, 0, 0, 0, 0, '안동간고등어 700G(손)', 1, 0, '', 0, 0, 0, '2015-08-13 11:50:01', '58.151.27.172', 0, 1, 1, '2015-08-13 11:50:01', 0, ''),
(39, 2015082810381658, 'admin', '1440475978', '안동간고등어 700G(손)', 0, 0, 0, 0, 0, '반품', '\n완료|admin|2015-08-28 10:38:38|58.151.27.172\n반품|admin|2015-09-14 17:28:35|58.151.27.172', 0, 0, 0, 0, 1, 0, '안동간고등어 700G(손)', 1, 0, '', 0, 0, 0, '2015-08-28 10:38:14', '58.151.27.172', 0, 0, 1, '2015-08-28 10:38:16', 0, ''),
(76, 2015100113552766, 'admin', '1436866053', '안동간고등어 700G(손)', 0, 0, 0, 0, 0, '쇼핑', '', 3400, 2500, 0, 0, 0, 0, '추가어류:꽁치', 1, 0, '추가어류꽁치', 1, 5000, 4000, '2015-10-01 14:14:44', '58.151.27.172', 0, 0, 0, '0000-00-00 00:00:00', 0, ''),
(24, 2015081315422784, 'test', '1436512031', '아스파라거스', 0, 0, 0, 0, 0, '배송', '\n배송|admin|2015-08-13 16:11:35|58.151.27.172', 7000, 0, 0, 0, 0, 1, '아스파라거스', 1, 0, '', 0, 0, 0, '2015-08-13 15:42:24', '58.151.27.172', 0, 0, 1, '2015-08-13 15:42:27', 0, ''),
(14, 2015081016371091, 'admin', '1436765711', '맛좋은 싱싱깐마늘 1Kg', 0, 0, 0, 0, 0, '완료', '\n완료|admin|2015-08-27 10:04:35|58.151.27.172', 13500, 0, 0, 0, 1, 1, '맛좋은 싱싱깐마늘 1Kg', 1, 0, '', 0, 0, 0, '2015-08-10 16:37:10', '58.151.27.172', 0, 1, 1, '2015-08-10 16:37:10', 0, ''),
(20, 2015081314514132, 'test', '1436765729', '고랭지 알뜰 흠있는 꼬마사과 5kg(21~30개입)', 0, 0, 0, 0, 0, '반품', '\n반품|admin|2015-08-31 11:53:42|106.245.197.154', 4800, 0, 0, 0, 0, 0, '고랭지 알뜰 흠있는 꼬마사과 5kg(21~30개입)', 1, 0, '', 0, 0, 0, '2015-08-13 14:51:37', '58.151.27.172', 0, 0, 1, '2015-08-13 14:51:41', 0, ''),
(21, 2015081315044562, 'test', '1436765711', '맛좋은 싱싱깐마늘 1Kg', 0, 0, 0, 0, 0, '배송', '\n배송|admin|2015-08-13 15:16:31|58.151.27.172\n배송|admin|2015-08-13 15:19:45|58.151.27.172', 13500, 0, 0, 0, 0, 1, '맛좋은 싱싱깐마늘 1Kg', 1, 0, '', 0, 0, 0, '2015-08-13 15:04:44', '58.151.27.172', 0, 0, 1, '2015-08-13 15:04:45', 0, ''),
(22, 2015081315422784, 'test', '1436765711', '맛좋은 싱싱깐마늘 1Kg', 0, 0, 0, 0, 0, '배송', '\n배송|admin|2015-08-13 16:11:35|58.151.27.172', 13500, 0, 0, 0, 0, 1, '맛좋은 싱싱깐마늘 1Kg', 1, 0, '', 0, 0, 0, '2015-08-13 15:05:00', '58.151.27.172', 0, 0, 1, '2015-08-13 15:42:27', 0, ''),
(23, 2015082415172263, 'admin', '1436765641', '등심 1+등급 100g', 0, 0, 0, 0, 0, '취소', '\n취소|admin|2015-08-31 11:53:05|106.245.197.154', 7900, 0, 0, 0, 0, 0, '등심 1+등급 100g', 1, 0, '', 0, 0, 0, '2015-08-13 15:41:30', '58.151.27.172', 0, 0, 1, '2015-08-24 13:31:19', 0, ''),
(77, 2015100113552766, 'admin', '1436866053', '안동간고등어 700G(손)', 0, 0, 0, 0, 0, '쇼핑', '', 3400, 2500, 0, 0, 0, 0, '추가어류:대구', 1, 0, '추가어류대구', 1, 8000, 5000, '2015-10-01 14:14:44', '58.151.27.172', 0, 0, 0, '0000-00-00 00:00:00', 0, ''),
(26, 2015082415172263, 'admin', '1436765729', '고랭지 알뜰 흠있는 꼬마사과 5kg(21~30개입)', 0, 0, 0, 0, 0, '취소', '\n취소|admin|2015-08-31 11:53:05|106.245.197.154', 4800, 0, 0, 0, 0, 0, '고랭지 알뜰 흠있는 꼬마사과 5kg(21~30개입)', 1, 0, '', 0, 0, 0, '2015-08-24 11:58:53', '58.151.27.172', 0, 0, 1, '2015-08-24 13:31:19', 0, ''),
(30, 2015090114430513, 'ryunen', '1436866009', '불낙 볶음면 130g x 40봉 라면 라면도매 봉지라면', 0, 0, 0, 0, 0, '입금', '', 49700, 0, 0, 0, 0, 0, '불낙 볶음면 130g x 40봉 라면 라면도매 봉지라면', 1, 0, '', 0, 0, 0, '2015-08-24 17:54:35', '58.151.27.172', 0, 0, 1, '2015-09-01 14:38:08', 0, ''),
(31, 2015082810381658, 'admin', '1436765729', '고랭지 알뜰 흠있는 꼬마사과 5kg(21~30개입)', 0, 0, 0, 0, 0, '반품', '\n완료|admin|2015-08-28 10:38:38|58.151.27.172\n반품|admin|2015-09-14 17:28:35|58.151.27.172', 4800, 0, 0, 0, 1, 0, '고랭지 알뜰 흠있는 꼬마사과 5kg(21~30개입)', 1, 0, '', 0, 0, 0, '2015-08-25 09:29:03', '106.245.197.154', 0, 0, 1, '2015-08-28 10:38:16', 0, ''),
(32, 2015082810381658, 'admin', '1436765711', '맛좋은 싱싱깐마늘 1Kg', 0, 0, 0, 0, 0, '반품', '\n완료|admin|2015-08-28 10:38:38|58.151.27.172\n반품|admin|2015-09-14 17:28:35|58.151.27.172', 13500, 0, 0, 0, 1, 0, '맛좋은 싱싱깐마늘 1Kg', 4, 0, '', 0, 0, 0, '2015-08-25 09:29:45', '106.245.197.154', 0, 0, 1, '2015-08-28 10:38:16', 0, ''),
(33, 2015082810381658, 'admin', '1436866053', '안동간고등어 700G(손)', 0, 0, 0, 0, 0, '반품', '\n완료|admin|2015-08-28 10:38:38|58.151.27.172\n반품|admin|2015-09-14 17:28:35|58.151.27.172', 0, 0, 0, 0, 1, 0, '안동간고등어 700G(손)', 1, 0, '', 0, 0, 0, '2015-08-26 13:54:26', '58.151.27.172', 0, 0, 1, '2015-08-28 10:38:16', 0, ''),
(34, 2015082810381658, 'admin', '1436866053', '안동간고등어 700G(손)', 0, 0, 0, 0, 0, '반품', '\n완료|admin|2015-08-28 10:38:38|58.151.27.172\n반품|admin|2015-09-14 17:28:35|58.151.27.172', 0, 0, 0, 0, 1, 0, '크기:1손', 2, 0, '1손', 0, 0, 0, '2015-08-26 13:58:08', '58.151.27.172', 0, 0, 1, '2015-08-28 10:38:16', 0, ''),
(35, 2015082810381658, 'admin', '1436866053', '안동간고등어 700G(손)', 0, 0, 0, 0, 0, '반품', '\n완료|admin|2015-08-28 10:38:38|58.151.27.172\n반품|admin|2015-09-14 17:28:35|58.151.27.172', 0, 0, 0, 0, 1, 0, '추가어류:꽁치', 1, 0, '추가어류꽁치', 1, 0, 0, '2015-08-26 13:58:08', '58.151.27.172', 0, 0, 1, '2015-08-28 10:38:16', 0, ''),
(36, 2015082810381658, 'admin', '1436866053', '안동간고등어 700G(손)', 0, 0, 0, 0, 0, '반품', '\n완료|admin|2015-08-28 10:38:38|58.151.27.172\n반품|admin|2015-09-14 17:28:35|58.151.27.172', 0, 0, 0, 0, 1, 0, '추가어류:대구', 1, 0, '추가어류대구', 1, 0, 0, '2015-08-26 14:04:51', '58.151.27.172', 0, 0, 1, '2015-08-28 10:38:16', 0, ''),
(40, 2015082813391893, 'admin', '1436866053', '안동간고등어 700G(손)', 0, 0, 0, 0, 0, '입금', '', 0, 0, 0, 0, 0, 0, '크기:1손', 1, 0, '1손', 0, 0, 0, '2015-08-28 12:24:25', '58.151.27.172', 0, 0, 1, '2015-08-28 13:39:18', 0, ''),
(41, 2015082813391893, 'admin', '1436866053', '안동간고등어 700G(손)', 0, 0, 0, 0, 0, '입금', '', 0, 0, 0, 0, 0, 0, '추가어류:갈치', 1, 0, '추가어류갈치', 1, 0, 0, '2015-08-28 12:24:25', '58.151.27.172', 0, 0, 1, '2015-08-28 13:39:18', 0, ''),
(75, 2015100113552766, 'admin', '1436866053', '안동간고등어 700G(손)', 0, 0, 0, 0, 0, '쇼핑', '', 3400, 2500, 0, 0, 0, 0, '크기:2손', 2, 0, '2손', 0, 1000, 700, '2015-10-01 14:14:44', '58.151.27.172', 0, 0, 0, '0000-00-00 00:00:00', 0, ''),
(74, 2015100113552766, 'admin', '1436866053', '안동간고등어 700G(손)', 0, 0, 0, 0, 0, '쇼핑', '', 3400, 2500, 0, 0, 0, 0, '크기:1손', 1, 0, '1손', 0, 0, 0, '2015-10-01 14:14:44', '58.151.27.172', 0, 0, 0, '0000-00-00 00:00:00', 0, ''),
(45, 2015090115030644, 'ryunen', '1436765711', '맛좋은 싱싱깐마늘 1Kg', 0, 0, 0, 0, 0, '준비', '', 13500, 0, 0, 0, 0, 0, '맛좋은 싱싱깐마늘 1Kg', 4, 0, '', 0, 0, 0, '2015-09-01 14:46:19', '58.151.27.172', 0, 0, 1, '2015-09-01 15:03:06', 0, ''),
(46, 2015090115271747, 'ryunen', '1436765711', '맛좋은 싱싱깐마늘 1Kg', 0, 0, 0, 0, 0, '입금', '', 13500, 0, 0, 0, 0, 0, '맛좋은 싱싱깐마늘 1Kg', 4, 0, '', 0, 0, 0, '2015-09-01 15:24:53', '58.151.27.172', 0, 0, 1, '2015-09-01 15:24:54', 0, ''),
(47, 2015090509355950, 'admin', '1436866053', '안동간고등어 700G(손)', 0, 0, 0, 0, 0, '입금', '\n배송|admin|2015-09-05 09:40:32|106.245.197.154\n반품|admin|2015-09-05 09:41:17|106.245.197.154\n배송|admin|2015-09-05 09:41:35|106.245.197.154\n입금|admin|2015-09-05 09:50:34|106.245.197.154', 3400, 0, 0, 0, 0, 1, '크기:1손', 1, 0, '1손', 0, 0, 0, '2015-09-05 09:35:37', '106.245.197.154', 0, 0, 1, '2015-09-05 09:35:59', 0, ''),
(48, 2015090509355950, 'admin', '1436866053', '안동간고등어 700G(손)', 0, 0, 0, 0, 0, '입금', '\n배송|admin|2015-09-05 09:40:32|106.245.197.154\n반품|admin|2015-09-05 09:41:17|106.245.197.154\n배송|admin|2015-09-05 09:41:35|106.245.197.154\n입금|admin|2015-09-05 09:50:34|106.245.197.154', 3400, 0, 0, 0, 0, 1, '추가어류:갈치', 1, 0, '추가어류갈치', 1, 15000, 0, '2015-09-05 09:35:37', '106.245.197.154', 0, 0, 1, '2015-09-05 09:35:59', 0, ''),
(49, 2015090509355950, 'admin', '1436765729', '고랭지 알뜰 흠있는 꼬마사과 5kg(21~30개입)', 0, 0, 0, 0, 0, '입금', '\n배송|admin|2015-09-05 09:40:32|106.245.197.154\n반품|admin|2015-09-05 09:41:17|106.245.197.154\n배송|admin|2015-09-05 09:41:35|106.245.197.154\n입금|admin|2015-09-05 09:50:34|106.245.197.154', 4800, 0, 0, 0, 0, 1, '고랭지 알뜰 흠있는 꼬마사과 5kg(21~30개입)', 2, 0, '', 0, 0, 0, '2015-09-05 09:35:55', '106.245.197.154', 0, 0, 1, '2015-09-05 09:35:59', 0, ''),
(55, 2015092416240847, '', '1440475980', '리퍼키보드 판매테스트 2', 0, 0, 0, 0, 0, '주문', '', 1000, 0, 0, 0, 0, 0, '색상:적 / 크기:L / 용도:외부', 1, 0, '적L외부', 0, 0, 0, '2015-09-24 16:24:03', '58.151.27.172', 0, 0, 1, '2015-09-24 16:24:05', 0, ''),
(70, 2015092516555033, '', '1440475981', '리퍼키보드 판매테스트 2', 0, 0, 0, 0, 0, '주문', '', 1000, 0, 0, 0, 0, 0, '추가색상:빨', 1, 0, '추가색상:빨', 1, 100, 0, '2015-09-24 18:03:00', '', 0, 0, 0, '0000-00-00 00:00:00', 0, '1293569681'),
(67, 2015092516555033, '', '1440475981', '리퍼키보드 판매테스트 2', 0, 0, 0, 0, 0, '주문', '', 1000, 0, 0, 0, 0, 0, '겨자색 / L / 중 / 1개 - ', 1, 0, '겨자색 / L / 중 / 1개 - ', 0, 0, 0, '2015-09-24 18:03:00', '', 0, 0, 0, '0000-00-00 00:00:00', 0, '1293569681'),
(68, 2015092516555033, '', '1440475981', '리퍼키보드 판매테스트 2', 0, 0, 0, 0, 0, '주문', '', 1000, 0, 0, 0, 0, 0, '추가크기:L', 1, 0, '추가크기:L', 1, 300, 0, '2015-09-24 18:03:00', '', 0, 0, 0, '0000-00-00 00:00:00', 0, '1293569681'),
(69, 2015092516555033, '', '1440475981', '리퍼키보드 판매테스트 2', 0, 0, 0, 0, 0, '주문', '', 1000, 0, 0, 0, 0, 0, '추가크기:S', 1, 0, '추가크기:S', 1, 500, 0, '2015-09-24 18:03:00', '', 0, 0, 0, '0000-00-00 00:00:00', 0, '1293569681'),
(63, 2015092515022268, '', '1440475981', '리퍼키보드 판매테스트 2', 0, 0, 0, 0, 0, '입금', '', 1000, 0, 0, 0, 0, 0, '겨자색 / XL / 강 / 1개 - ', 1, 0, '겨자색 / XL / 강 / 1개 - ', 0, 0, 0, '2015-09-22 10:23:00', '', 0, 0, 0, '0000-00-00 00:00:00', 0, '1291622932'),
(64, 2015092515022268, '', '1440475981', '리퍼키보드 판매테스트 2', 0, 0, 0, 0, 0, '입금', '', 1000, 0, 0, 0, 0, 0, '크기:XL', 1, 0, '크기:XL', 1, 200, 0, '2015-09-22 10:23:00', '', 0, 0, 0, '0000-00-00 00:00:00', 0, '1291622932'),
(65, 2015092515162314, '', '1440475981', '리퍼키보드 판매테스트 2', 0, 0, 0, 0, 0, '배송', '', 1000, 0, 0, 0, 0, 0, '골드블랙 / S / 강 / 1개 - ', 1, 0, '골드블랙 / S / 강 / 1개 - ', 0, 0, 0, '2015-09-22 00:00:00', '', 0, 0, 0, '0000-00-00 00:00:00', 0, '1291860479'),
(66, 2015092516470950, '', '1440475980', '', 0, 0, 0, 0, 0, '반품', '', 1000, 0, 0, 0, 0, 0, '마우스:12,키보드:12,색상:붉,크기:X,용도:외부-1개', 1, 0, '마우스:12,키보드:12,색상:붉,크기:X,용도:외부-1개', 0, 0, 0, '0000-00-00 00:00:00', '', 0, 0, 0, '0000-00-00 00:00:00', 0, '2015092370990261'),
(78, 2015100114162313, 'admin', '1436866053', '안동간고등어 700G(손)', 0, 0, 0, 0, 0, '주문', '', 3400, 2500, 0, 0, 0, 0, '크기:2손', 1, 0, '2손', 0, 1000, 700, '2015-10-01 14:16:23', '58.151.27.172', 0, 1, 1, '2015-10-01 14:16:23', 0, ''),
(79, 2015100113552766, 'admin', '1440475983', '리퍼키보드 판매테스트', 0, 0, 0, 0, 0, '쇼핑', '', 1000, 0, 0, 0, 0, 0, '색상:노랑 / 단위:100개', 1, 0, '노랑100개', 0, 1000, 700, '2015-10-01 18:19:03', '58.151.27.172', 0, 0, 0, '0000-00-00 00:00:00', 0, '');

-- --------------------------------------------------------

--
-- 테이블 구조 `g5_shop_category`
--

CREATE TABLE IF NOT EXISTS `g5_shop_category` (
  `ca_id` varchar(10) NOT NULL DEFAULT '0',
  `ca_name` varchar(255) NOT NULL DEFAULT '',
  `ca_order` int(11) NOT NULL DEFAULT '0',
  `ca_skin_dir` varchar(255) NOT NULL DEFAULT '',
  `ca_mobile_skin_dir` varchar(255) NOT NULL DEFAULT '',
  `ca_skin` varchar(255) NOT NULL DEFAULT '',
  `ca_mobile_skin` varchar(255) NOT NULL DEFAULT '',
  `ca_img_width` int(11) NOT NULL DEFAULT '0',
  `ca_img_height` int(11) NOT NULL DEFAULT '0',
  `ca_mobile_img_width` int(11) NOT NULL DEFAULT '0',
  `ca_mobile_img_height` int(11) NOT NULL DEFAULT '0',
  `ca_sell_email` varchar(255) NOT NULL DEFAULT '',
  `ca_use` tinyint(4) NOT NULL DEFAULT '0',
  `ca_stock_qty` int(11) NOT NULL DEFAULT '0',
  `ca_explan_html` tinyint(4) NOT NULL DEFAULT '0',
  `ca_head_html` text NOT NULL,
  `ca_tail_html` text NOT NULL,
  `ca_mobile_head_html` text NOT NULL,
  `ca_mobile_tail_html` text NOT NULL,
  `ca_list_mod` int(11) NOT NULL DEFAULT '0',
  `ca_list_row` int(11) NOT NULL DEFAULT '0',
  `ca_mobile_list_mod` int(11) NOT NULL DEFAULT '0',
  `ca_include_head` varchar(255) NOT NULL DEFAULT '',
  `ca_include_tail` varchar(255) NOT NULL DEFAULT '',
  `ca_mb_id` varchar(255) NOT NULL DEFAULT '',
  `ca_cert_use` tinyint(4) NOT NULL DEFAULT '0',
  `ca_adult_use` tinyint(4) NOT NULL DEFAULT '0',
  `ca_nocoupon` tinyint(4) NOT NULL DEFAULT '0',
  `ca_1_subj` varchar(255) NOT NULL DEFAULT '',
  `ca_2_subj` varchar(255) NOT NULL DEFAULT '',
  `ca_3_subj` varchar(255) NOT NULL DEFAULT '',
  `ca_4_subj` varchar(255) NOT NULL DEFAULT '',
  `ca_5_subj` varchar(255) NOT NULL DEFAULT '',
  `ca_6_subj` varchar(255) NOT NULL DEFAULT '',
  `ca_7_subj` varchar(255) NOT NULL DEFAULT '',
  `ca_8_subj` varchar(255) NOT NULL DEFAULT '',
  `ca_9_subj` varchar(255) NOT NULL DEFAULT '',
  `ca_10_subj` varchar(255) NOT NULL DEFAULT '',
  `ca_1` varchar(255) NOT NULL DEFAULT '',
  `ca_2` varchar(255) NOT NULL DEFAULT '',
  `ca_3` varchar(255) NOT NULL DEFAULT '',
  `ca_4` varchar(255) NOT NULL DEFAULT '',
  `ca_5` varchar(255) NOT NULL DEFAULT '',
  `ca_6` varchar(255) NOT NULL DEFAULT '',
  `ca_7` varchar(255) NOT NULL DEFAULT '',
  `ca_8` varchar(255) NOT NULL DEFAULT '',
  `ca_9` varchar(255) NOT NULL DEFAULT '',
  `ca_10` varchar(255) NOT NULL DEFAULT '',
  PRIMARY KEY (`ca_id`),
  KEY `ca_order` (`ca_order`)
) ENGINE=MyISAM DEFAULT CHARSET=utf8;

--
-- 테이블의 덤프 데이터 `g5_shop_category`
--

INSERT INTO `g5_shop_category` (`ca_id`, `ca_name`, `ca_order`, `ca_skin_dir`, `ca_mobile_skin_dir`, `ca_skin`, `ca_mobile_skin`, `ca_img_width`, `ca_img_height`, `ca_mobile_img_width`, `ca_mobile_img_height`, `ca_sell_email`, `ca_use`, `ca_stock_qty`, `ca_explan_html`, `ca_head_html`, `ca_tail_html`, `ca_mobile_head_html`, `ca_mobile_tail_html`, `ca_list_mod`, `ca_list_row`, `ca_mobile_list_mod`, `ca_include_head`, `ca_include_tail`, `ca_mb_id`, `ca_cert_use`, `ca_adult_use`, `ca_nocoupon`, `ca_1_subj`, `ca_2_subj`, `ca_3_subj`, `ca_4_subj`, `ca_5_subj`, `ca_6_subj`, `ca_7_subj`, `ca_8_subj`, `ca_9_subj`, `ca_10_subj`, `ca_1`, `ca_2`, `ca_3`, `ca_4`, `ca_5`, `ca_6`, `ca_7`, `ca_8`, `ca_9`, `ca_10`) VALUES
('10', '아채/과일', 10, '', '', 'list.10.skin.php', 'list.10.skin.php', 230, 230, 230, 230, '', 1, 99999, 1, '', '', '', '', 4, 5, 10, '', '', '', 0, 0, 0, '', '', '', '', '', '', '', '', '', '', '', '', '', '', '', '', '', '', '', ''),
('20', '쌀/잡곡/견과류', 20, '', '', 'list.10.skin.php', 'list.10.skin.php', 230, 230, 230, 230, '', 1, 99999, 1, '', '', '', '', 4, 5, 10, '', '', '', 0, 0, 0, '', '', '', '', '', '', '', '', '', '', '', '', '', '', '', '', '', '', '', ''),
('30', '측산/계란류', 30, '', '', 'list.10.skin.php', 'list.10.skin.php', 230, 230, 230, 230, '', 1, 99999, 1, '', '', '', '', 4, 5, 10, '', '', '', 0, 0, 0, '', '', '', '', '', '', '', '', '', '', '', '', '', '', '', '', '', '', '', ''),
('40', '커피/생수/음료/주류', 40, '', '', 'list.10.skin.php', 'list.10.skin.php', 230, 230, 230, 230, '', 1, 99999, 1, '', '', '', '', 4, 5, 10, '', '', '', 0, 0, 0, '', '', '', '', '', '', '', '', '', '', '', '', '', '', '', '', '', '', '', ''),
('50', '소스/양념/장류/조미료', 50, '', '', 'list.10.skin.php', 'list.10.skin.php', 230, 230, 230, 230, '', 1, 99999, 1, '', '', '', '', 4, 5, 10, '', '', '', 0, 0, 0, '', '', '', '', '', '', '', '', '', '', '', '', '', '', '', '', '', '', '', ''),
('60', '스낵/안주류/통조림', 60, '', '', 'list.10.skin.php', 'list.10.skin.php', 230, 230, 230, 230, '', 1, 99999, 1, '', '', '', '', 4, 5, 10, '', '', '', 0, 0, 0, '', '', '', '', '', '', '', '', '', '', '', '', '', '', '', '', '', '', '', ''),
('70', '면/가공/간편식품', 70, '', '', 'list.10.skin.php', 'list.10.skin.php', 230, 230, 230, 230, '', 1, 99999, 1, '', '', '', '', 4, 5, 10, '', '', '', 0, 0, 0, '', '', '', '', '', '', '', '', '', '', '', '', '', '', '', '', '', '', '', ''),
('80', '수산/냉장/냉동식품', 80, '', '', 'list.10.skin.php', 'list.10.skin.php', 230, 230, 230, 230, '', 1, 99999, 1, '', '', '', '', 4, 5, 10, '', '', '', 0, 0, 0, '', '', '', '', '', '', '', '', '', '', '', '', '', '', '', '', '', '', '', '');

-- --------------------------------------------------------

--
-- 테이블 구조 `g5_shop_coupon`
--

CREATE TABLE IF NOT EXISTS `g5_shop_coupon` (
  `cp_no` int(11) NOT NULL AUTO_INCREMENT,
  `cp_id` varchar(255) NOT NULL DEFAULT '',
  `cp_subject` varchar(255) NOT NULL DEFAULT '',
  `cp_method` tinyint(4) NOT NULL DEFAULT '0',
  `cp_target` varchar(255) NOT NULL DEFAULT '',
  `mb_id` varchar(255) NOT NULL DEFAULT '',
  `cp_start` date NOT NULL DEFAULT '0000-00-00',
  `cp_end` date NOT NULL DEFAULT '0000-00-00',
  `cp_price` int(11) NOT NULL DEFAULT '0',
  `cp_type` tinyint(4) NOT NULL DEFAULT '0',
  `cp_trunc` int(11) NOT NULL DEFAULT '0',
  `cp_minimum` int(11) NOT NULL DEFAULT '0',
  `cp_maximum` int(11) NOT NULL DEFAULT '0',
  `od_id` bigint(20) unsigned NOT NULL,
  `cp_datetime` datetime NOT NULL DEFAULT '0000-00-00 00:00:00',
  PRIMARY KEY (`cp_no`),
  UNIQUE KEY `cp_id` (`cp_id`),
  KEY `mb_id` (`mb_id`)
) ENGINE=MyISAM  DEFAULT CHARSET=utf8 AUTO_INCREMENT=3 ;

--
-- 테이블의 덤프 데이터 `g5_shop_coupon`
--

INSERT INTO `g5_shop_coupon` (`cp_no`, `cp_id`, `cp_subject`, `cp_method`, `cp_target`, `mb_id`, `cp_start`, `cp_end`, `cp_price`, `cp_type`, `cp_trunc`, `cp_minimum`, `cp_maximum`, `od_id`, `cp_datetime`) VALUES
(1, 'E6C7-86RD-7WN3-G89Q', '이벤트쿠폰', 2, '', '전체회원', '2015-07-08', '2015-07-15', 600, 0, 1, 1000, 0, 0, '2015-07-08 15:10:31'),
(2, 'QGRT-N86Q-QFHX-3KQD', '이벤트 쿠폰', 2, '', '전체회원', '2015-08-26', '2015-12-31', 500, 0, 1, 0, 0, 0, '2015-08-26 14:28:34');

-- --------------------------------------------------------

--
-- 테이블 구조 `g5_shop_coupon_log`
--

CREATE TABLE IF NOT EXISTS `g5_shop_coupon_log` (
  `cl_id` int(11) NOT NULL AUTO_INCREMENT,
  `cp_id` varchar(255) NOT NULL DEFAULT '',
  `mb_id` varchar(255) NOT NULL DEFAULT '',
  `od_id` bigint(20) NOT NULL,
  `cp_price` int(11) NOT NULL DEFAULT '0',
  `cl_datetime` datetime NOT NULL DEFAULT '0000-00-00 00:00:00',
  PRIMARY KEY (`cl_id`),
  KEY `mb_id` (`mb_id`),
  KEY `od_id` (`od_id`)
) ENGINE=MyISAM DEFAULT CHARSET=utf8 AUTO_INCREMENT=1 ;

-- --------------------------------------------------------

--
-- 테이블 구조 `g5_shop_event`
--

CREATE TABLE IF NOT EXISTS `g5_shop_event` (
  `ev_id` int(11) NOT NULL AUTO_INCREMENT,
  `ev_skin` varchar(255) NOT NULL DEFAULT '',
  `ev_type` varchar(50) NOT NULL,
  `ev_mobile_skin` varchar(255) NOT NULL DEFAULT '',
  `ev_img_width` int(11) NOT NULL DEFAULT '0',
  `ev_img_height` int(11) NOT NULL DEFAULT '0',
  `ev_list_mod` int(11) NOT NULL DEFAULT '0',
  `ev_list_row` int(11) NOT NULL DEFAULT '0',
  `ev_mobile_img_width` int(11) NOT NULL DEFAULT '0',
  `ev_mobile_img_height` int(11) NOT NULL DEFAULT '0',
  `ev_mobile_list_mod` int(11) NOT NULL DEFAULT '0',
  `ev_subject` varchar(255) NOT NULL DEFAULT '',
  `ev_subject_strong` tinyint(4) NOT NULL DEFAULT '0',
  `ev_head_html` text NOT NULL,
  `ev_tail_html` text NOT NULL,
  `ev_use` tinyint(4) NOT NULL DEFAULT '0',
  PRIMARY KEY (`ev_id`)
) ENGINE=MyISAM  DEFAULT CHARSET=utf8 AUTO_INCREMENT=1437642623 ;

--
-- 테이블의 덤프 데이터 `g5_shop_event`
--

INSERT INTO `g5_shop_event` (`ev_id`, `ev_skin`, `ev_type`, `ev_mobile_skin`, `ev_img_width`, `ev_img_height`, `ev_list_mod`, `ev_list_row`, `ev_mobile_img_width`, `ev_mobile_img_height`, `ev_mobile_list_mod`, `ev_subject`, `ev_subject_strong`, `ev_head_html`, `ev_tail_html`, `ev_use`) VALUES
(1436764939, 'list.10.skin.php', '', 'list.10.skin.php', 230, 230, 3, 5, 230, 230, 3, '선착순 이벤트', 0, '', '', 1),
(1436765621, 'list.10.skin.php', '', 'list.10.skin.php', 230, 230, 3, 5, 230, 230, 3, '퍼준데이', 0, '', '', 1),
(1436769454, 'list.10.skin.php', 'whateat', 'list.10.skin.php', 230, 230, 3, 5, 230, 230, 3, '등심스테이크', 0, '<p>이벤트 관련된 상단 내용입니다.&nbsp;</p>', '', 1),
(1437637603, 'list.10.skin.php', 'main', 'list.10.skin.php', 230, 230, 3, 5, 230, 230, 3, '[수협]제주은갈치&순살고등어 정기 꾸러미', 0, '', '', 1),
(1437637716, 'list.10.skin.php', 'main', 'list.10.skin.php', 230, 230, 3, 5, 230, 230, 3, '[농협]메론,하우스감귤, 흑토마토 등 제철과일 꾸러미', 0, '', '', 1),
(1437637799, 'list.10.skin.php', 'main', 'list.10.skin.php', 230, 230, 3, 5, 230, 230, 3, '[농협]흑마, 칼라토마토, 감자, 백오이 등 건강밥상 꾸러미', 0, '', '', 1),
(1437642397, 'list.10.skin.php', 'main_text', 'list.10.skin.php', 230, 230, 3, 5, 230, 230, 3, '오늘만 특가', 0, '<p>매일매일 새로운 쇼핑! 횡재할 찬스! 요일별 특가&nbsp;</p>', '', 1),
(1437642556, 'list.10.skin.php', 'main_text', 'list.10.skin.php', 230, 230, 3, 5, 230, 230, 3, '7Day''s 싸다Go', 0, '<p>쇼핑몰 MD들이 엄선한 핫한 상품들을 한자리에!&nbsp;</p>', '', 1),
(1437642590, 'list.10.skin.php', 'main_text', 'list.10.skin.php', 230, 230, 3, 5, 230, 230, 3, '남도장터 오픈특가', 0, '<p>전라남도의 특산물을 모아 합리적인 가격으로&nbsp;</p>', '', 1),
(1437642622, 'list.10.skin.php', 'main_text', 'list.10.skin.php', 230, 230, 3, 5, 230, 230, 3, '삼복특집 건강밥상', 0, '<p>삼복더위를 물리칠 영양만점 건강밥상!&nbsp;</p>', '', 1);

-- --------------------------------------------------------

--
-- 테이블 구조 `g5_shop_event_item`
--

CREATE TABLE IF NOT EXISTS `g5_shop_event_item` (
  `ev_id` int(11) NOT NULL DEFAULT '0',
  `it_id` varchar(20) NOT NULL DEFAULT '',
  PRIMARY KEY (`ev_id`,`it_id`),
  KEY `it_id` (`it_id`)
) ENGINE=MyISAM DEFAULT CHARSET=utf8;

--
-- 테이블의 덤프 데이터 `g5_shop_event_item`
--

INSERT INTO `g5_shop_event_item` (`ev_id`, `it_id`) VALUES
(1436764939, '1436765187'),
(1436765621, '1436765219'),
(1436769454, '1436765187'),
(1436769454, '1436765219'),
(1436769454, '1436765641'),
(1437637603, '1436765219'),
(1437637603, '1436765641'),
(1437637603, '1436765711'),
(1437637603, '1436765729'),
(1437637716, '1436765219'),
(1437637716, '1436765641'),
(1437637716, '1436765729'),
(1437637799, '1436866009');

-- --------------------------------------------------------

--
-- 테이블 구조 `g5_shop_inicis_log`
--

CREATE TABLE IF NOT EXISTS `g5_shop_inicis_log` (
  `oid` bigint(20) unsigned NOT NULL,
  `P_TID` varchar(255) NOT NULL DEFAULT '',
  `P_MID` varchar(255) NOT NULL DEFAULT '',
  `P_AUTH_DT` varchar(255) NOT NULL DEFAULT '',
  `P_STATUS` varchar(255) NOT NULL DEFAULT '',
  `P_TYPE` varchar(255) NOT NULL DEFAULT '',
  `P_OID` varchar(255) NOT NULL DEFAULT '',
  `P_FN_NM` varchar(255) NOT NULL DEFAULT '',
  `P_AMT` int(11) NOT NULL DEFAULT '0',
  `P_RMESG1` varchar(255) NOT NULL DEFAULT '',
  PRIMARY KEY (`oid`)
) ENGINE=MyISAM DEFAULT CHARSET=utf8;

-- --------------------------------------------------------

--
-- 테이블 구조 `g5_shop_item`
--

CREATE TABLE IF NOT EXISTS `g5_shop_item` (
  `it_id` varchar(20) NOT NULL DEFAULT '',
  `ca_id` varchar(10) NOT NULL DEFAULT '0',
  `ca_id2` varchar(255) NOT NULL DEFAULT '',
  `ca_id3` varchar(255) NOT NULL DEFAULT '',
  `it_skin` varchar(255) NOT NULL DEFAULT '',
  `it_mobile_skin` varchar(255) NOT NULL DEFAULT '',
  `it_name` varchar(255) NOT NULL DEFAULT '',
  `it_maker` varchar(255) NOT NULL DEFAULT '',
  `it_origin` varchar(255) NOT NULL DEFAULT '',
  `it_brand` varchar(255) NOT NULL DEFAULT '',
  `it_model` varchar(255) NOT NULL DEFAULT '',
  `it_option_subject` varchar(255) NOT NULL DEFAULT '',
  `it_supply_subject` varchar(255) NOT NULL DEFAULT '',
  `it_type1` tinyint(4) NOT NULL DEFAULT '0',
  `it_type2` tinyint(4) NOT NULL DEFAULT '0',
  `it_type3` tinyint(4) NOT NULL DEFAULT '0',
  `it_type4` tinyint(4) NOT NULL DEFAULT '0',
  `it_type5` tinyint(4) NOT NULL DEFAULT '0',
  `it_basic` text NOT NULL,
  `it_explan` mediumtext NOT NULL,
  `it_explan2` mediumtext NOT NULL,
  `it_mobile_explan` mediumtext NOT NULL,
  `it_cust_price` int(11) NOT NULL DEFAULT '0',
  `it_price` int(11) NOT NULL DEFAULT '0',
  `it_buyprice` int(11) NOT NULL DEFAULT '0',
  `it_point` int(11) NOT NULL DEFAULT '0',
  `it_point_type` tinyint(4) NOT NULL DEFAULT '0',
  `it_supply_point` int(11) NOT NULL DEFAULT '0',
  `it_notax` tinyint(4) NOT NULL DEFAULT '0',
  `it_sell_email` varchar(255) NOT NULL DEFAULT '',
  `it_use` tinyint(4) NOT NULL DEFAULT '0',
  `it_nocoupon` tinyint(4) NOT NULL DEFAULT '0',
  `it_soldout` tinyint(4) NOT NULL DEFAULT '0',
  `it_stock_qty` int(11) NOT NULL DEFAULT '0',
  `it_stock_sms` tinyint(4) NOT NULL DEFAULT '0',
  `it_noti_qty` int(11) NOT NULL DEFAULT '0',
  `it_sc_type` tinyint(4) NOT NULL DEFAULT '0',
  `it_sc_method` tinyint(4) NOT NULL DEFAULT '0',
  `it_sc_price` int(11) NOT NULL DEFAULT '0',
  `it_sc_minimum` int(11) NOT NULL DEFAULT '0',
  `it_sc_qty` int(11) NOT NULL DEFAULT '0',
  `it_buy_min_qty` int(11) NOT NULL DEFAULT '0',
  `it_buy_max_qty` int(11) NOT NULL DEFAULT '0',
  `it_head_html` text NOT NULL,
  `it_tail_html` text NOT NULL,
  `it_mobile_head_html` text NOT NULL,
  `it_mobile_tail_html` text NOT NULL,
  `it_hit` int(11) NOT NULL DEFAULT '0',
  `it_time` datetime NOT NULL DEFAULT '0000-00-00 00:00:00',
  `it_update_time` datetime NOT NULL DEFAULT '0000-00-00 00:00:00',
  `it_ip` varchar(25) NOT NULL DEFAULT '',
  `it_order` int(11) NOT NULL DEFAULT '0',
  `it_tel_inq` tinyint(4) NOT NULL DEFAULT '0',
  `it_info_gubun` varchar(50) NOT NULL DEFAULT '',
  `it_info_value` text NOT NULL,
  `it_sum_qty` int(11) NOT NULL DEFAULT '0',
  `it_use_cnt` int(11) NOT NULL DEFAULT '0',
  `it_use_avg` decimal(2,1) NOT NULL,
  `it_shop_memo` text NOT NULL,
  `it_img1` varchar(255) NOT NULL DEFAULT '',
  `it_img2` varchar(255) NOT NULL DEFAULT '',
  `it_img3` varchar(255) NOT NULL DEFAULT '',
  `it_img4` varchar(255) NOT NULL DEFAULT '',
  `it_img5` varchar(255) NOT NULL DEFAULT '',
  `it_img6` varchar(255) NOT NULL DEFAULT '',
  `it_img7` varchar(255) NOT NULL DEFAULT '',
  `it_img8` varchar(255) NOT NULL DEFAULT '',
  `it_img9` varchar(255) NOT NULL DEFAULT '',
  `it_img10` varchar(255) NOT NULL DEFAULT '',
  `it_1_subj` varchar(255) NOT NULL DEFAULT '',
  `it_2_subj` varchar(255) NOT NULL DEFAULT '',
  `it_3_subj` varchar(255) NOT NULL DEFAULT '',
  `it_4_subj` varchar(255) NOT NULL DEFAULT '',
  `it_5_subj` varchar(255) NOT NULL DEFAULT '',
  `it_6_subj` varchar(255) NOT NULL DEFAULT '',
  `it_7_subj` varchar(255) NOT NULL DEFAULT '',
  `it_8_subj` varchar(255) NOT NULL DEFAULT '',
  `it_9_subj` varchar(255) NOT NULL DEFAULT '',
  `it_10_subj` varchar(255) NOT NULL DEFAULT '',
  `it_1` varchar(255) NOT NULL DEFAULT '',
  `it_2` varchar(255) NOT NULL DEFAULT '',
  `it_3` varchar(255) NOT NULL DEFAULT '',
  `it_4` varchar(255) NOT NULL DEFAULT '',
  `it_5` varchar(255) NOT NULL DEFAULT '',
  `it_6` varchar(255) NOT NULL DEFAULT '',
  `it_7` varchar(255) NOT NULL DEFAULT '',
  `it_8` varchar(255) NOT NULL DEFAULT '',
  `it_9` varchar(255) NOT NULL DEFAULT '',
  `it_10` varchar(255) NOT NULL DEFAULT '',
  PRIMARY KEY (`it_id`),
  KEY `ca_id` (`ca_id`),
  KEY `it_name` (`it_name`),
  KEY `it_order` (`it_order`)
) ENGINE=MyISAM DEFAULT CHARSET=utf8;

--
-- 테이블의 덤프 데이터 `g5_shop_item`
--

INSERT INTO `g5_shop_item` (`it_id`, `ca_id`, `ca_id2`, `ca_id3`, `it_skin`, `it_mobile_skin`, `it_name`, `it_maker`, `it_origin`, `it_brand`, `it_model`, `it_option_subject`, `it_supply_subject`, `it_type1`, `it_type2`, `it_type3`, `it_type4`, `it_type5`, `it_basic`, `it_explan`, `it_explan2`, `it_mobile_explan`, `it_cust_price`, `it_price`, `it_buyprice`, `it_point`, `it_point_type`, `it_supply_point`, `it_notax`, `it_sell_email`, `it_use`, `it_nocoupon`, `it_soldout`, `it_stock_qty`, `it_stock_sms`, `it_noti_qty`, `it_sc_type`, `it_sc_method`, `it_sc_price`, `it_sc_minimum`, `it_sc_qty`, `it_buy_min_qty`, `it_buy_max_qty`, `it_head_html`, `it_tail_html`, `it_mobile_head_html`, `it_mobile_tail_html`, `it_hit`, `it_time`, `it_update_time`, `it_ip`, `it_order`, `it_tel_inq`, `it_info_gubun`, `it_info_value`, `it_sum_qty`, `it_use_cnt`, `it_use_avg`, `it_shop_memo`, `it_img1`, `it_img2`, `it_img3`, `it_img4`, `it_img5`, `it_img6`, `it_img7`, `it_img8`, `it_img9`, `it_img10`, `it_1_subj`, `it_2_subj`, `it_3_subj`, `it_4_subj`, `it_5_subj`, `it_6_subj`, `it_7_subj`, `it_8_subj`, `it_9_subj`, `it_10_subj`, `it_1`, `it_2`, `it_3`, `it_4`, `it_5`, `it_6`, `it_7`, `it_8`, `it_9`, `it_10`) VALUES
('1436233881', '10', '', '', '', '', '우스타소스 355ml', '하인즈', '', '', '', '', '', 1, 1, 1, 1, 1, '', '', '', '', 0, 3000, 0, 300, 0, 0, 0, '', 1, 0, 0, 99999, 0, 0, 0, 0, 0, 0, 0, 0, 0, '', '', '', '', 7, '2015-07-07 10:51:35', '2015-07-30 14:03:57', '58.151.27.172', 0, 0, 'wear', 'a:8:{s:8:"material";s:22:"상품페이지 참고";s:5:"color";s:22:"상품페이지 참고";s:4:"size";s:22:"상품페이지 참고";s:5:"maker";s:22:"상품페이지 참고";s:7:"caution";s:22:"상품페이지 참고";s:16:"manufacturing_ym";s:22:"상품페이지 참고";s:8:"warranty";s:22:"상품페이지 참고";s:2:"as";s:22:"상품페이지 참고";}', 0, 0, '5.0', '', '1436233881/hainz.jpg', '', '', '', '', '', '', '', '', '', '', '', '', '', '', '', '', '', '', '', '1', '', '', '', '', '', '', '', '', ''),
('1436512031', '10', '', '', '', '', '아스파라거스', '', '', '', '', '', '', 1, 1, 1, 1, 1, '', '', '', '', 9000, 7000, 0, 0, 0, 0, 0, '', 1, 0, 0, 99998, 0, 0, 0, 0, 0, 0, 0, 0, 0, '', '', '', '', 11, '2015-07-10 16:07:38', '2015-07-30 14:03:35', '58.151.27.172', 0, 0, 'wear', 'a:8:{s:8:"material";s:22:"상품페이지 참고";s:5:"color";s:22:"상품페이지 참고";s:4:"size";s:22:"상품페이지 참고";s:5:"maker";s:22:"상품페이지 참고";s:7:"caution";s:22:"상품페이지 참고";s:16:"manufacturing_ym";s:22:"상품페이지 참고";s:8:"warranty";s:22:"상품페이지 참고";s:2:"as";s:22:"상품페이지 참고";}', 0, 0, '0.0', '', '1436512031/asparagus.jpg', '', '', '', '', '', '', '', '', '', '', '', '', '', '', '', '', '', '', '', '1', '', '', '', '', '', '', '', '', ''),
('1436765187', '10', '', '', '', '', '햇반 발아현미밥', 'CJ', '', '', '', '', '', 0, 0, 1, 1, 1, '', '', '', '', 5200, 4500, 0, 0, 0, 0, 0, '', 1, 0, 0, 99999, 0, 0, 0, 0, 0, 0, 0, 0, 0, '', '', '', '', 4, '2015-07-13 14:26:57', '2015-07-30 14:01:43', '58.151.27.172', 0, 0, 'wear', 'a:8:{s:8:"material";s:22:"상품페이지 참고";s:5:"color";s:22:"상품페이지 참고";s:4:"size";s:22:"상품페이지 참고";s:5:"maker";s:22:"상품페이지 참고";s:7:"caution";s:22:"상품페이지 참고";s:16:"manufacturing_ym";s:22:"상품페이지 참고";s:8:"warranty";s:22:"상품페이지 참고";s:2:"as";s:22:"상품페이지 참고";}', 0, 0, '0.0', '', '1436765187/hathan.jpg', '', '', '', '', '', '', '', '', '', '', '', '', '', '', '', '', '', '', '', '1', '', '', '', '', '', '', '', '', ''),
('1436765219', '10', '', '', '', '', '달콤한 복숭아 4.5kg', '팜스토리', '', '', '', '', '', 0, 0, 0, 0, 0, '', '', '', '', 25000, 20900, 0, 0, 0, 0, 0, '', 1, 0, 0, 99999, 0, 0, 0, 0, 0, 0, 0, 0, 0, '', '', '', '', 3, '2015-07-13 14:27:22', '2015-07-14 18:25:16', '58.151.27.172', 0, 0, 'wear', 'a:8:{s:8:"material";s:22:"상품페이지 참고";s:5:"color";s:22:"상품페이지 참고";s:4:"size";s:22:"상품페이지 참고";s:5:"maker";s:22:"상품페이지 참고";s:7:"caution";s:22:"상품페이지 참고";s:16:"manufacturing_ym";s:22:"상품페이지 참고";s:8:"warranty";s:22:"상품페이지 참고";s:2:"as";s:22:"상품페이지 참고";}', 0, 0, '0.0', '', '1436765219/peach.jpg', '', '', '', '', '', '', '', '', '', '', '', '', '', '', '', '', '', '', '', '1', '', '', '', '', '', '', '', '', ''),
('1436765641', '10', '', '', '', '', '등심 1+등급 100g', '고령한우', '', '', '', '', '', 1, 1, 1, 0, 0, '우와~ 맛있겠다~~~~', '', '', '', 0, 7900, 0, 0, 0, 0, 0, '', 1, 0, 0, 99999, 0, 0, 0, 0, 0, 0, 0, 0, 0, '', '', '', '', 7, '2015-07-13 14:34:28', '2015-08-21 11:09:32', '58.151.27.172', 0, 0, 'wear', 'a:8:{s:8:"material";s:22:"상품페이지 참고";s:5:"color";s:22:"상품페이지 참고";s:4:"size";s:22:"상품페이지 참고";s:5:"maker";s:22:"상품페이지 참고";s:7:"caution";s:22:"상품페이지 참고";s:16:"manufacturing_ym";s:22:"상품페이지 참고";s:8:"warranty";s:22:"상품페이지 참고";s:2:"as";s:22:"상품페이지 참고";}', 0, 0, '0.0', '', '1436765641/2199480000001_1_500.jpg', '', '', '', '', '', '', '', '', '', '', '', '', '', '', '', '', '', '', '', '1', '', '', '', '', '', '', '', '', ''),
('1436765670', '10', '', '', '', '', '햇감자 1kg', '태백친환경', '', '', '', '', '', 0, 0, 0, 0, 0, '', '', '', '', 0, 4600, 0, 0, 0, 0, 0, '', 1, 0, 0, 99999, 0, 0, 0, 0, 0, 0, 0, 0, 0, '', '', '', '', 2, '2015-07-13 14:34:46', '2015-07-14 18:24:32', '58.151.27.172', 0, 0, 'wear', 'a:8:{s:8:"material";s:22:"상품페이지 참고";s:5:"color";s:22:"상품페이지 참고";s:4:"size";s:22:"상품페이지 참고";s:5:"maker";s:22:"상품페이지 참고";s:7:"caution";s:22:"상품페이지 참고";s:16:"manufacturing_ym";s:22:"상품페이지 참고";s:8:"warranty";s:22:"상품페이지 참고";s:2:"as";s:22:"상품페이지 참고";}', 0, 0, '0.0', '', '1436765670/potato.jpg', '', '', '', '', '', '', '', '', '', '', '', '', '', '', '', '', '', '', '', '1', '', '', '', '', '', '', '', '', ''),
('1436765687', '10', '', '', '', '', '알프레도소스바질 파스타소스 480G', '효성식품', '', '', '', '', '', 1, 1, 1, 1, 1, '우유랑 섞으면 더 맛있지~', '', '', '', 0, 3500, 0, 0, 0, 0, 0, '', 1, 0, 0, 99999, 0, 0, 0, 0, 0, 0, 0, 0, 0, '', '', '', '', 7, '2015-07-13 14:35:10', '2015-08-21 11:09:10', '58.151.27.172', 0, 0, 'wear', 'a:8:{s:8:"material";s:22:"상품페이지 참고";s:5:"color";s:22:"상품페이지 참고";s:4:"size";s:22:"상품페이지 참고";s:5:"maker";s:22:"상품페이지 참고";s:7:"caution";s:22:"상품페이지 참고";s:16:"manufacturing_ym";s:22:"상품페이지 참고";s:8:"warranty";s:22:"상품페이지 참고";s:2:"as";s:22:"상품페이지 참고";}', 0, 0, '0.0', '', '1436765687/L000000056795_1_500.jpg', '', '', '', '', '', '', '', '', '', '', '', '', '', '', '', '', '', '', '', '1', '', '', '', '', '', '', '', '', ''),
('1436765711', '10', '', '', '', '', '맛좋은 싱싱깐마늘 1Kg', '아침애향', '', '', '', '', '', 1, 1, 0, 0, 0, '', '', '', '', 0, 13500, 0, 0, 0, 0, 0, '', 1, 0, 0, 99996, 0, 0, 0, 0, 0, 0, 0, 0, 0, '', '', '', '', 15, '2015-07-13 14:35:28', '2015-07-30 09:33:43', '58.151.27.172', 0, 0, 'wear', 'a:8:{s:8:"material";s:22:"상품페이지 참고";s:5:"color";s:22:"상품페이지 참고";s:4:"size";s:22:"상품페이지 참고";s:5:"maker";s:22:"상품페이지 참고";s:7:"caution";s:22:"상품페이지 참고";s:16:"manufacturing_ym";s:22:"상품페이지 참고";s:8:"warranty";s:22:"상품페이지 참고";s:2:"as";s:22:"상품페이지 참고";}', 1, 0, '0.0', '', '1436765711/L000000169711_1_500.jpg', '', '', '', '', '', '', '', '', '', '', '', '', '', '', '', '', '', '', '', '1', '', '', '', '', '', '', '', '', ''),
('1436765729', '10', '', '', '', '', '고랭지 알뜰 흠있는 꼬마사과 5kg(21~30개입)', '경북사과', '', '', '', '', '', 1, 1, 1, 1, 1, '아삭아삭 맛있는 푸른사과', '', '', '', 7600, 4800, 0, 0, 0, 0, 0, '', 1, 0, 0, 99997, 0, 0, 0, 0, 0, 0, 0, 0, 0, '', '', '', '', 21, '2015-07-13 14:35:45', '2015-08-21 11:08:50', '58.151.27.172', 0, 0, 'wear', 'a:8:{s:8:"material";s:22:"상품페이지 참고";s:5:"color";s:22:"상품페이지 참고";s:4:"size";s:22:"상품페이지 참고";s:5:"maker";s:22:"상품페이지 참고";s:7:"caution";s:22:"상품페이지 참고";s:16:"manufacturing_ym";s:22:"상품페이지 참고";s:8:"warranty";s:22:"상품페이지 참고";s:2:"as";s:22:"상품페이지 참고";}', 0, 0, '0.0', '', '1436765729/0400268840002_1_500.jpg', '', '', '', '', '', '', '', '', '', '', '', '', '', '', '', '', '', '', '', '1', '', '', '', '', '', '', '', '', ''),
('1436866009', '10', '70', '', '', '', '불낙 볶음면 130g x 40봉 라면 라면도매 봉지라면', '팔도', '', '', '', '', '', 1, 1, 1, 1, 1, '무게 초과로 인해 다른 상품과의 묶음배송이 불가', '<p align="center" style="text-align: center;"><img title="3bb8e017812e301f8638720e92e76b5f_1439343467_6012.jpg" src="http://mjsoft.co/mjshop/data/editor/1508/3bb8e017812e301f8638720e92e76b5f_1439343467_6012.jpg"><br style="clear: both;">&nbsp;</p>', '&nbsp;', '', 47220, 49700, 0, 0, 0, 0, 0, '', 1, 0, 0, 99999, 0, 0, 0, 0, 0, 0, 0, 1, 10, '<p><br style="clear: both;">&nbsp;</p>', '', '', '', 18, '2015-07-14 18:27:31', '2015-08-20 17:57:30', '58.151.27.172', 1, 0, 'general_food', 'a:13:{s:9:"food_type";s:35:"상품상세정보에 별도 표기";s:8:"producer";s:35:"상품상세정보에 별도 표기";s:8:"location";s:22:"상품페이지 참고";s:17:"manufacturing_ymd";s:116:"수시로 생산되는 제품으로 만약 유통기한이 지난 상품을 발송 시 환불조치 해드립니다.";s:15:"expiration_date";s:23:"개봉일로부터 3일";s:6:"weight";s:36:"상품 상세정보에 별도 표기";s:8:"quantity";s:36:"상품 상세정보에 별도 표기";s:11:"ingredients";s:36:"상품 상세정보에 별도 표기";s:19:"nutrition_component";s:36:"상품 상세정보에 별도 표기";s:20:"genetically_modified";s:12:"해당없음";s:9:"baby_food";s:12:"해당없음";s:13:"imported_food";s:12:"해당없음";s:2:"as";s:26:"판매자 연락처 참고";}', 0, 0, '0.0', '', '1436866009/L000000214678_1_500.jpg', '', '', '', '', '', '', '', '', '', '', '', '', '', '', '', '', '', '', '', '1', '', '', '', '', '', '', '', '', ''),
('1436866053', '10', '80', '', '', '', '안동간고등어 700G(손) 옵션', '하회마을종합식품', '중국 안동', '비려고등어', 't400', '크기', '추가어류', 1, 1, 1, 0, 0, '진짜 타박타박하게 맛있어요~', '<p>겁나 맛나요. &nbsp;</p>', '겁나 맛나요. &nbsp;', '<p>징하게 맛나요&nbsp;</p>', 0, 3400, 2500, 0, 0, 0, 0, '', 1, 0, 0, 99999, 0, 0, 0, 0, 0, 0, 0, 0, 0, '', '', '', '', 46, '2015-07-14 18:28:07', '2015-10-01 17:03:54', '58.151.27.172', 0, 0, 'wear', 'a:8:{s:8:"material";s:22:"상품페이지 참고";s:5:"color";s:22:"상품페이지 참고";s:4:"size";s:22:"상품페이지 참고";s:5:"maker";s:22:"상품페이지 참고";s:7:"caution";s:22:"상품페이지 참고";s:16:"manufacturing_ym";s:22:"상품페이지 참고";s:8:"warranty";s:22:"상품페이지 참고";s:2:"as";s:22:"상품페이지 참고";}', 0, 0, '0.0', '도매업체 모집중', '1436866053/gan.jpg', '', '', '', '', '', '', '', '', '', '', '', '', '', '', '', '', '', '', '', '1', '', '', '', '', '', '', '', '', ''),
('1440475978', '10', '80', '', '', '', '안동간고등어 700G(손)', '하회마을종합식품', '중국 안동', '비려고등어', 't400', '', '', 1, 1, 1, 0, 0, '진짜 타박타박하게 맛있어요~', '<p>겁나 맛나요. &nbsp;</p>', '겁나 맛나요. &nbsp;', '<p>징하게 맛나요&nbsp;</p>', 0, 0, 0, 0, 0, 0, 0, '', 1, 0, 0, 99999, 0, 0, 0, 0, 0, 0, 0, 0, 0, '', '', '', '', 43, '2015-07-14 18:28:07', '2015-08-26 11:57:54', '58.151.27.172', 0, 0, '', 'a:8:{s:8:"material";s:22:"상품페이지 참고";s:5:"color";s:22:"상품페이지 참고";s:4:"size";s:22:"상품페이지 참고";s:5:"maker";s:22:"상품페이지 참고";s:7:"caution";s:22:"상품페이지 참고";s:16:"manufacturing_ym";s:22:"상품페이지 참고";s:8:"warranty";s:22:"상품페이지 참고";s:2:"as";s:22:"상품페이지 참고";}', 0, 0, '0.0', '도매업체 모집중', '1440475978/gan.jpg', '', '', '', '', '', '', '', '', '', '', '', '', '', '', '', '', '', '', '', '1', '', '', '', '', '', '', '', '', ''),
('1440475979', '10', '', '', '', '', '리퍼키보드 판매테스트', '', '', '', '', '', '', 0, 0, 0, 0, 0, '', '테스트 상품입니다. 구매하지 마시기 바랍니다.', '', '테스트 상품입니다. 구매하지 마시기 바랍니다.', 0, 1000, 0, 0, 0, 0, 0, '', 1, 0, 0, 99998, 0, 0, 0, 0, 0, 0, 0, 0, 0, '', '', '', '', 1, '2015-06-09 10:19:25', '2015-06-09 10:19:27', '58.151.27.172', 0, 0, 'ware', '', 0, 0, '0.0', '', '1440475979/d13b14910.jpg', '', '', '', '', '', '', '', '', '', '', '', '', '', '', '', '', '', '', '', '', '', '', '', 'B249412694', '22100100', '', '', '', ''),
('1440475980', '10', '', '', '', '', '리퍼키보드 판매테스트 2', '', '', '', '', '색상,크기,용도', '메모리,케이블,마우스', 0, 0, 0, 0, 0, '', '판매테스트입니다. 구매하지 마세요.', '', '판매테스트입니다. 구매하지 마세요.', 0, 1000, 800, 0, 0, 0, 0, '', 1, 0, 0, 189, 0, 0, 0, 0, 0, 0, 0, 0, 0, '', '', '', '', 3, '2015-06-18 00:00:00', '2015-09-16 00:00:00', '58.151.27.172', 0, 0, 'ware', '', 0, 0, '0.0', '', '1440475980/1297818707_B.jpg', '', '', '', '', '', '', '', '', '', '', '', '', '', '', '', '', '', '', '', '', '', '', '', '1297818707', '85', '1-64-64-85', '', '', ''),
('1440475981', '20', '', '', '', '', '리퍼키보드 판매테스트 2', '', '', '', '', '색상,크기,타입', '크기,색상', 0, 0, 0, 0, 0, '', '테스트 상품입니다. 구매하지 마시기 바랍니다.', '', '테스트 상품입니다. 구매하지 마시기 바랍니다.', 0, 1000, 720, 0, 0, 0, 0, '', 1, 0, 0, 99999, 0, 0, 0, 0, 0, 0, 0, 0, 0, '', '', '', '', 2, '2015-06-02 15:59:17', '2015-06-08 16:02:42', '58.151.27.172', 0, 0, 'ware', '', 0, 0, '0.0', '', '1440475981/d076581f0.jpg', '', '', '', '', '', '', '', '', '', '', '', '', '', '', '', '', '', '', '', '', '', '', '', 'B248413387', '22100100', '', '', '', ''),
('1440475983', '10', '', '', '', '', '리퍼키보드 판매테스트', '', '', '', '', '색상,단위', '', 0, 0, 0, 0, 0, '', '테스트 상품입니다. 구매하지 마시기 바랍니다.', '테스트 상품입니다. 구매하지 마시기 바랍니다.', '테스트 상품입니다. 구매하지 마시기 바랍니다.', 0, 1000, 0, 0, 0, 0, 0, '', 1, 0, 0, 99999, 0, 0, 0, 0, 0, 0, 0, 0, 0, '', '', '', '', 1, '2015-06-02 08:59:02', '2015-10-01 17:46:37', '58.151.27.172', 0, 0, 'wear', 'a:8:{s:8:"material";s:22:"상품페이지 참고";s:5:"color";s:22:"상품페이지 참고";s:4:"size";s:22:"상품페이지 참고";s:5:"maker";s:22:"상품페이지 참고";s:7:"caution";s:22:"상품페이지 참고";s:16:"manufacturing_ym";s:22:"상품페이지 참고";s:8:"warranty";s:22:"상품페이지 참고";s:2:"as";s:22:"상품페이지 참고";}', 0, 0, '0.0', '', '1440475983/d06c4abd0.jpg', '', '', '', '', '', '', '', '', '', '', '', '', '', '', '', '', '', '', '', '', '', '', '', 'B248340705', '22100100', '', '', '', ''),
('1440475982', '10', '', '', '', '', '리퍼키보드 판매테스트 2', '', '', '', '', '사이즈(인치)', '', 0, 0, 0, 0, 0, '', '테스트 상품입니다. 구매하지 마시기 바랍니다.', '', '테스트 상품입니다. 구매하지 마시기 바랍니다.', 0, 1000, 0, 0, 0, 0, 0, '', 1, 0, 0, 4, 0, 0, 0, 0, 0, 0, 0, 0, 0, '', '', '', '', 0, '2015-06-02 15:59:20', '2015-06-09 09:57:36', '58.151.27.172', 0, 0, 'ware', '', 0, 0, '0.0', '', '1440475982/686207149.jpg', '', '', '', '', '', '', '', '', '', '', '', '', '', '', '', '', '', '', '', '', '', '', '', '686207149', '100000002200002047300011628', '', '', '', '');

-- --------------------------------------------------------

--
-- 테이블 구조 `g5_shop_item_option`
--

CREATE TABLE IF NOT EXISTS `g5_shop_item_option` (
  `io_no` int(11) NOT NULL AUTO_INCREMENT,
  `io_id` varchar(255) NOT NULL DEFAULT '0',
  `io_type` tinyint(4) NOT NULL DEFAULT '0',
  `it_id` varchar(20) NOT NULL DEFAULT '',
  `io_price` int(11) NOT NULL DEFAULT '0',
  `io_buyprice` int(11) NOT NULL DEFAULT '0',
  `io_stock_qty` int(11) NOT NULL DEFAULT '0',
  `io_noti_qty` int(11) NOT NULL DEFAULT '0',
  `io_use` tinyint(4) NOT NULL DEFAULT '0',
  PRIMARY KEY (`io_no`),
  KEY `io_id` (`io_id`),
  KEY `it_id` (`it_id`)
) ENGINE=MyISAM  DEFAULT CHARSET=utf8 AUTO_INCREMENT=792 ;

--
-- 테이블의 덤프 데이터 `g5_shop_item_option`
--

INSERT INTO `g5_shop_item_option` (`io_no`, `io_id`, `io_type`, `it_id`, `io_price`, `io_buyprice`, `io_stock_qty`, `io_noti_qty`, `io_use`) VALUES
(555, '추가어류갈치', 1, '1436866053', 15000, 12500, 9998, 100, 1),
(556, '추가어류꽁치', 1, '1436866053', 5000, 4000, 9999, 100, 1),
(554, '3손', 0, '1436866053', 2000, 1600, 9999, 100, 1),
(552, '1손', 0, '1436866053', 0, 0, 9998, 100, 1),
(553, '2손', 0, '1436866053', 1000, 700, 9999, 100, 1),
(663, '케이블CAT5', 1, '1440475980', 4400, 0, 44, 0, 1),
(662, '마우스블랙', 1, '1440475980', 3000, 0, 4, 0, 1),
(661, '마우스레드', 1, '1440475980', 4000, 0, 5, 0, 0),
(660, '붉X내부', 0, '1440475980', 1000, 0, 10, 0, 1),
(659, '붉X외부', 0, '1440475980', 0, 0, 9, 0, 1),
(658, '붉L내부', 0, '1440475980', 0, 0, 10, 0, 1),
(657, '붉L외부', 0, '1440475980', 0, 0, 10, 0, 1),
(656, '노X내부', 0, '1440475980', 0, 0, 10, 0, 1),
(655, '노X외부', 0, '1440475980', 0, 0, 10, 0, 1),
(654, '노L내부', 0, '1440475980', 0, 0, 10, 0, 1),
(653, '노L외부', 0, '1440475980', 0, 0, 10, 0, 1),
(652, '파X내부', 0, '1440475980', 0, 0, 10, 0, 1),
(651, '파X외부', 0, '1440475980', 0, 0, 10, 0, 1),
(650, '파L내부', 0, '1440475980', 0, 0, 10, 0, 1),
(649, '파L외부', 0, '1440475980', 0, 0, 10, 0, 1),
(648, '녹X내부', 0, '1440475980', 0, 0, 10, 0, 1),
(647, '녹X외부', 0, '1440475980', 0, 0, 10, 0, 1),
(646, '녹L내부', 0, '1440475980', 0, 0, 10, 0, 1),
(645, '녹L외부', 0, '1440475980', 0, 0, 10, 0, 1),
(644, '적X내부', 0, '1440475980', 0, 0, 10, 0, 1),
(643, '적X외부', 0, '1440475980', 0, 0, 10, 0, 1),
(642, '적L내부', 0, '1440475980', 0, 0, 10, 0, 1),
(641, '적L외부', 0, '1440475980', 0, 0, 10, 0, 1),
(680, '그린1개', 0, '1440475983', 0, 0, 16666, 0, 1),
(678, '노랑1개', 0, '1440475983', 0, 0, 16666, 0, 1),
(787, '색상빨', 1, '1440475981', 100, 0, 0, 0, 1),
(788, '크기S', 1, '1440475981', 500, 0, 0, 0, 1),
(789, '크기M', 1, '1440475981', 400, 0, 0, 0, 1),
(790, '크기L', 1, '1440475981', 300, 0, 0, 0, 1),
(791, '크기XL', 1, '1440475981', 200, 0, 0, 0, 1),
(786, '색상노', 1, '1440475981', 200, 0, 0, 0, 1),
(785, '색상노', 1, '1440475981', 200, 0, 0, 0, 1),
(784, '갈색XL중', 0, '1440475981', 0, 0, 2083, 0, 1),
(783, '갈색XL약', 0, '1440475981', 0, 0, 2083, 0, 1),
(782, '갈색XL강', 0, '1440475981', 0, 0, 2083, 0, 1),
(781, '갈색L강', 0, '1440475981', 0, 0, 2083, 0, 1),
(780, '갈색L중', 0, '1440475981', 0, 0, 2083, 0, 1),
(779, '갈색L약', 0, '1440475981', 0, 0, 2083, 0, 1),
(778, '갈색M중', 0, '1440475981', 0, 0, 2083, 0, 1),
(777, '갈색M강', 0, '1440475981', 0, 0, 2083, 0, 1),
(776, '갈색S중', 0, '1440475981', 0, 0, 2083, 0, 1),
(775, '갈색S강', 0, '1440475981', 0, 0, 2083, 0, 1),
(774, '갈색M약', 0, '1440475981', 0, 0, 2083, 0, 1),
(773, '겨자색XL강', 0, '1440475981', 0, 0, 2083, 0, 1),
(772, '갈색S약', 0, '1440475981', 0, 0, 2083, 0, 1),
(771, '겨자색XL중', 0, '1440475981', 0, 0, 2083, 0, 1),
(770, '겨자색XL약', 0, '1440475981', 0, 0, 2083, 0, 1),
(769, '겨자색L강', 0, '1440475981', 0, 0, 2083, 0, 1),
(768, '겨자색L중', 0, '1440475981', 0, 0, 2083, 0, 1),
(767, '겨자색L약', 0, '1440475981', 0, 0, 2083, 0, 1),
(766, '겨자색M강', 0, '1440475981', 0, 0, 2083, 0, 1),
(765, '겨자색M중', 0, '1440475981', 0, 0, 2083, 0, 1),
(764, '겨자색M약', 0, '1440475981', 0, 0, 2083, 0, 1),
(759, '골드XL중', 0, '1440475981', 0, 0, 2083, 0, 1),
(763, '겨자색S강', 0, '1440475981', 0, 0, 2083, 0, 1),
(762, '겨자색S중', 0, '1440475981', 0, 0, 2083, 0, 1),
(761, '겨자색S약', 0, '1440475981', 0, 0, 2083, 0, 1),
(760, '골드XL강', 0, '1440475981', 0, 0, 2083, 0, 1),
(758, '골드XL약', 0, '1440475981', 0, 0, 2083, 0, 1),
(757, '골드L강', 0, '1440475981', 0, 0, 2083, 0, 1),
(756, '골드L중', 0, '1440475981', 0, 0, 2083, 0, 1),
(755, '골드L약', 0, '1440475981', 0, 0, 2083, 0, 1),
(754, '골드M강', 0, '1440475981', 0, 0, 2083, 0, 1),
(753, '골드M중', 0, '1440475981', 0, 0, 2083, 0, 1),
(752, '골드M약', 0, '1440475981', 0, 0, 2083, 0, 1),
(751, '골드S강', 0, '1440475981', 0, 0, 2083, 0, 1),
(750, '골드S중', 0, '1440475981', 0, 0, 2083, 0, 1),
(749, '골드S약', 0, '1440475981', 0, 0, 2083, 0, 1),
(748, '골드블랙XL중', 0, '1440475981', 0, 0, 2083, 0, 1),
(747, '골드블랙XL약', 0, '1440475981', 0, 0, 2083, 0, 1),
(746, '골드블랙XL강', 0, '1440475981', 0, 0, 2083, 0, 1),
(745, '골드블랙L강', 0, '1440475981', 0, 0, 2083, 0, 1),
(744, '골드블랙L중', 0, '1440475981', 0, 0, 2083, 0, 1),
(743, '골드블랙L약', 0, '1440475981', 0, 0, 2083, 0, 1),
(742, '골드블랙M강', 0, '1440475981', 0, 0, 2083, 0, 1),
(741, '골드블랙M중', 0, '1440475981', 0, 0, 2083, 0, 1),
(740, '골드블랙M약', 0, '1440475981', 0, 0, 2083, 0, 1),
(739, '골드블랙S강', 0, '1440475981', 0, 0, 2083, 0, 1),
(738, '골드블랙S중', 0, '1440475981', 0, 0, 2083, 0, 1),
(737, '골드블랙S약', 0, '1440475981', 0, 0, 2098, 0, 1),
(557, '추가어류대구', 1, '1436866053', 8000, 5000, 9999, 100, 1),
(558, '사이즈(인치)9인치', 0, '1440475982', 0, 0, 0, 0, 1),
(559, '사이즈(인치)9인치', 0, '1440475982', 0, 0, 0, 0, 1),
(560, '사이즈(인치)8.9인치', 0, '1440475982', 0, 0, 0, 0, 1),
(561, '사이즈(인치)8.3인치', 0, '1440475982', 0, 0, 0, 0, 1),
(562, '사이즈(인치)7인치', 0, '1440475982', 0, 0, 0, 0, 1),
(563, '사이즈(인치)17인치', 0, '1440475982', 0, 0, 0, 0, 1),
(564, '사이즈(인치)17.3인치', 0, '1440475982', 0, 0, 0, 0, 1),
(565, '사이즈(인치)16인치', 0, '1440475982', 0, 0, 0, 0, 1),
(566, '사이즈(인치)15인치', 0, '1440475982', 0, 0, 0, 0, 1),
(567, '사이즈(인치)15.6인치', 0, '1440475982', 0, 0, 0, 0, 1),
(568, '사이즈(인치)14인치', 0, '1440475982', 0, 0, 0, 0, 1),
(569, '사이즈(인치)14.1인치', 0, '1440475982', 0, 0, 0, 0, 1),
(570, '사이즈(인치)13인치', 0, '1440475982', 0, 0, 0, 0, 1),
(571, '사이즈(인치)13.3인치', 0, '1440475982', 0, 0, 0, 0, 1),
(572, '사이즈(인치)12인치', 0, '1440475982', 0, 0, 0, 0, 1),
(573, '사이즈(인치)12.5인치', 0, '1440475982', 0, 0, 0, 0, 1),
(574, '사이즈(인치)12.1인치', 0, '1440475982', 0, 0, 0, 0, 1),
(575, '사이즈(인치)11인치', 0, '1440475982', 0, 0, 0, 0, 1),
(576, '사이즈(인치)10인치', 0, '1440475982', 0, 0, 0, 0, 1),
(577, '사이즈(인치)11.6인치', 0, '1440475982', 0, 0, 0, 0, 1),
(578, '사이즈(인치)10.1인치', 0, '1440475982', 0, 0, 0, 0, 1),
(679, '그린100개', 0, '1440475983', 1000, 700, 16666, 0, 1),
(677, '노랑10개', 0, '1440475983', 100, 70, 16666, 0, 1),
(676, '노랑100개', 0, '1440475983', 1000, 700, 16669, 0, 1),
(664, '케이블CAT3', 1, '1440475980', 3000, 0, 33, 0, 1),
(665, '메모리8GB', 1, '1440475980', 40000, 0, 100, 0, 1),
(666, '메모리4GB', 1, '1440475980', 20000, 0, 33, 0, 1),
(667, '메모리2GB', 1, '1440475980', 10000, 0, 98, 0, 1),
(675, '노랑100개', 0, '1440475983', 1000, 700, 16669, 0, 1),
(681, '그린10개', 0, '1440475983', 100, 70, 16666, 0, 1);

-- --------------------------------------------------------

--
-- 테이블 구조 `g5_shop_item_relation`
--

CREATE TABLE IF NOT EXISTS `g5_shop_item_relation` (
  `it_id` varchar(20) NOT NULL DEFAULT '',
  `it_id2` varchar(20) NOT NULL DEFAULT '',
  `ir_no` int(11) NOT NULL DEFAULT '0',
  PRIMARY KEY (`it_id`,`it_id2`)
) ENGINE=MyISAM DEFAULT CHARSET=utf8;

--
-- 테이블의 덤프 데이터 `g5_shop_item_relation`
--

INSERT INTO `g5_shop_item_relation` (`it_id`, `it_id2`, `ir_no`) VALUES
('1436512031', '1436866009', 3),
('1436866009', '1436765641', 0),
('1436866009', '1436512031', 3),
('1436866053', '1436765711', 3),
('1436765641', '1436866009', 0),
('1436765187', '1436866009', 0),
('1436765711', '1436866053', 3),
('1436866009', '1436765187', 0),
('1436866053', '1436765641', 2),
('1436765641', '1436866053', 2),
('1436765219', '1436866053', 1),
('1436866053', '1436765729', 0),
('1436765729', '1436866053', 0),
('1436866053', '1436765219', 1);

-- --------------------------------------------------------

--
-- 테이블 구조 `g5_shop_item_stocksms`
--

CREATE TABLE IF NOT EXISTS `g5_shop_item_stocksms` (
  `ss_id` int(11) NOT NULL AUTO_INCREMENT,
  `it_id` varchar(20) NOT NULL DEFAULT '',
  `ss_hp` varchar(255) NOT NULL DEFAULT '',
  `ss_send` tinyint(4) NOT NULL DEFAULT '0',
  `ss_send_time` datetime NOT NULL DEFAULT '0000-00-00 00:00:00',
  `ss_datetime` datetime NOT NULL DEFAULT '0000-00-00 00:00:00',
  `ss_ip` varchar(25) NOT NULL DEFAULT '',
  PRIMARY KEY (`ss_id`)
) ENGINE=MyISAM DEFAULT CHARSET=utf8 AUTO_INCREMENT=1 ;

-- --------------------------------------------------------

--
-- 테이블 구조 `g5_shop_order_address`
--

CREATE TABLE IF NOT EXISTS `g5_shop_order_address` (
  `ad_id` int(11) NOT NULL AUTO_INCREMENT,
  `mb_id` varchar(255) NOT NULL DEFAULT '',
  `ad_subject` varchar(255) NOT NULL DEFAULT '',
  `ad_default` tinyint(4) NOT NULL DEFAULT '0',
  `ad_name` varchar(255) NOT NULL DEFAULT '',
  `ad_tel` varchar(255) NOT NULL DEFAULT '',
  `ad_hp` varchar(255) NOT NULL DEFAULT '',
  `ad_zip1` char(3) NOT NULL DEFAULT '',
  `ad_zip2` char(3) NOT NULL DEFAULT '',
  `ad_addr1` varchar(255) NOT NULL DEFAULT '',
  `ad_addr2` varchar(255) NOT NULL DEFAULT '',
  `ad_addr3` varchar(255) NOT NULL DEFAULT '',
  `ad_jibeon` varchar(255) NOT NULL DEFAULT '',
  PRIMARY KEY (`ad_id`),
  KEY `mb_id` (`mb_id`)
) ENGINE=MyISAM  DEFAULT CHARSET=utf8 AUTO_INCREMENT=7 ;

--
-- 테이블의 덤프 데이터 `g5_shop_order_address`
--

INSERT INTO `g5_shop_order_address` (`ad_id`, `mb_id`, `ad_subject`, `ad_default`, `ad_name`, `ad_tel`, `ad_hp`, `ad_zip1`, `ad_zip2`, `ad_addr1`, `ad_addr2`, `ad_addr3`, `ad_jibeon`) VALUES
(1, 'ryunen', '', 0, '박성원', '', '010-9357-0525', '701', '812', '대구 동구 아양로 124', '101동 1407호', '(신암동, 큰고개웰그린)', 'R'),
(2, 'admin', '', 0, '귀요믜', '1', '2', '420', '19', '대구 수성구 동대구로 331', '123', ' (범어동, 청효정빌딩)', 'R'),
(3, 'test', '', 0, '귀요믜', '', '010-2961-5052', '420', '19', '대구 수성구 동대구로 331', '7층 엠제이소프트', '(범어동, 청효정빌딩)', 'R'),
(4, 'test', '회사', 1, '귀요믜', '010000000', '010-2961-5052', '420', '19', '대구 수성구 동대구로 331', '7층 엠제이소프트', '(범어동, 청효정빌딩)', 'R'),
(5, 'admin', '', 0, '최고관리자', '070-8277-8936', '010-1235-5514', '420', '19', '대구 수성구 동대구로 331', '7층', ' (범어동, 청효정빌딩)', 'R'),
(6, 'ryunen', '', 0, '박성원', '1212121212', '010-9357-0525', '701', '812', '대구 동구 아양로 124', '101동 1407호', '(신암동, 큰고개웰그린)', 'R');

-- --------------------------------------------------------

--
-- 테이블 구조 `g5_shop_order_data`
--

CREATE TABLE IF NOT EXISTS `g5_shop_order_data` (
  `od_id` bigint(20) unsigned NOT NULL,
  `dt_pg` varchar(255) NOT NULL DEFAULT '',
  `dt_data` text NOT NULL,
  `dt_time` datetime NOT NULL DEFAULT '0000-00-00 00:00:00',
  KEY `od_id` (`od_id`)
) ENGINE=MyISAM DEFAULT CHARSET=utf8;

--
-- 테이블의 덤프 데이터 `g5_shop_order_data`
--

INSERT INTO `g5_shop_order_data` (`od_id`, `dt_pg`, `dt_data`, `dt_time`) VALUES
(2015090115264979, 'lg', 'a:45:{s:8:"od_price";s:5:"54000";s:12:"org_od_price";s:5:"54000";s:12:"od_send_cost";s:1:"0";s:13:"od_send_cost2";s:1:"0";s:11:"item_coupon";s:1:"0";s:9:"od_coupon";s:1:"0";s:14:"od_send_coupon";s:1:"0";s:8:"po_point";s:4:"5400";s:5:"it_id";a:1:{i:0;s:10:"1436765711";}s:7:"it_name";a:1:{i:0;s:29:"맛좋은 싱싱깐마늘 1Kg";}s:8:"it_price";a:1:{i:0;s:5:"54000";}s:5:"cp_id";a:1:{i:0;s:0:"";}s:8:"cp_price";a:1:{i:0;s:1:"0";}s:7:"od_name";s:9:"박성원";s:6:"od_tel";s:10:"1212121212";s:5:"od_hp";s:13:"010-9357-0525";s:7:"od_zip1";s:3:"701";s:7:"od_zip2";s:3:"812";s:8:"od_addr1";s:27:"대구 동구 아양로 124";s:8:"od_addr2";s:14:"101동 1407호";s:8:"od_addr3";s:31:"(신암동, 큰고개웰그린)";s:14:"od_addr_jibeon";s:1:"R";s:8:"od_email";s:16:"ryunen@naver.com";s:11:"ad_sel_addr";s:4:"same";s:10:"ad_subject";s:0:"";s:9:"od_b_name";s:9:"박성원";s:8:"od_b_tel";s:10:"1212121212";s:7:"od_b_hp";s:13:"010-9357-0525";s:9:"od_b_zip1";s:3:"701";s:9:"od_b_zip2";s:3:"812";s:10:"od_b_addr1";s:27:"대구 동구 아양로 124";s:10:"od_b_addr2";s:14:"101동 1407호";s:10:"od_b_addr3";s:31:"(신암동, 큰고개웰그린)";s:16:"od_b_addr_jibeon";s:1:"R";s:7:"od_memo";s:0:"";s:8:"od_cp_id";s:0:"";s:14:"od_settle_case";s:12:"신용카드";s:14:"max_temp_point";s:4:"1400";s:13:"od_temp_point";s:1:"0";s:15:"od_bank_account";s:0:"";s:15:"od_deposit_name";s:0:"";s:10:"LGD_PAYKEY";s:0:"";s:8:"good_mny";s:5:"48600";s:6:"res_cd";s:0:"";s:9:"sw_direct";s:0:"";}', '2015-09-01 15:27:08');

-- --------------------------------------------------------

--
-- 테이블 구조 `g5_shop_order_delete`
--

CREATE TABLE IF NOT EXISTS `g5_shop_order_delete` (
  `de_id` int(11) NOT NULL AUTO_INCREMENT,
  `de_key` varchar(255) NOT NULL DEFAULT '',
  `de_data` longtext NOT NULL,
  `mb_id` varchar(20) NOT NULL DEFAULT '',
  `de_ip` varchar(255) NOT NULL DEFAULT '',
  `de_datetime` datetime NOT NULL DEFAULT '0000-00-00 00:00:00',
  PRIMARY KEY (`de_id`)
) ENGINE=MyISAM  DEFAULT CHARSET=utf8 AUTO_INCREMENT=2 ;

--
-- 테이블의 덤프 데이터 `g5_shop_order_delete`
--

INSERT INTO `g5_shop_order_delete` (`de_id`, `de_key`, `de_data`, `mb_id`, `de_ip`, `de_datetime`) VALUES
(1, '2015092418202903', 'a:63:{s:5:"od_id";s:16:"2015092418202903";s:5:"mb_id";s:0:"";s:7:"od_name";s:7:"박*원";s:8:"od_email";s:0:"";s:6:"od_tel";s:0:"";s:5:"od_hp";s:0:"";s:7:"od_zip1";s:0:"";s:7:"od_zip2";s:0:"";s:8:"od_addr1";s:0:"";s:8:"od_addr2";s:0:"";s:8:"od_addr3";s:0:"";s:14:"od_addr_jibeon";s:0:"";s:15:"od_deposit_name";s:7:"박*원";s:9:"od_b_name";s:0:"";s:8:"od_b_tel";s:0:"";s:7:"od_b_hp";s:0:"";s:9:"od_b_zip1";s:0:"";s:9:"od_b_zip2";s:0:"";s:10:"od_b_addr1";s:0:"";s:10:"od_b_addr2";s:0:"";s:10:"od_b_addr3";s:0:"";s:16:"od_b_addr_jibeon";s:0:"";s:7:"od_memo";s:0:"";s:13:"od_cart_count";s:1:"1";s:13:"od_cart_price";s:4:"1900";s:14:"od_cart_coupon";s:1:"0";s:12:"od_send_cost";s:1:"0";s:13:"od_send_cost2";s:1:"0";s:14:"od_send_coupon";s:1:"0";s:16:"od_receipt_price";s:1:"0";s:15:"od_cancel_price";s:1:"0";s:16:"od_receipt_point";s:1:"0";s:15:"od_refund_price";s:1:"0";s:15:"od_bank_account";s:16:"오픈마켓(au)";s:15:"od_receipt_time";s:19:"0000-00-00 00:00:00";s:9:"od_coupon";s:1:"0";s:7:"od_misu";s:4:"1900";s:12:"od_shop_memo";s:0:"";s:14:"od_mod_history";s:0:"";s:9:"od_status";s:6:"주문";s:12:"od_hope_date";s:10:"0000-00-00";s:14:"od_settle_case";s:12:"오픈마켓";s:9:"od_mobile";s:1:"0";s:5:"od_pg";s:0:"";s:6:"od_tno";s:0:"";s:9:"od_app_no";s:0:"";s:9:"od_escrow";s:1:"0";s:11:"od_casseqno";s:0:"";s:11:"od_tax_flag";s:1:"0";s:10:"od_tax_mny";s:1:"0";s:10:"od_vat_mny";s:1:"0";s:11:"od_free_mny";s:1:"0";s:19:"od_delivery_company";s:1:"0";s:10:"od_invoice";s:0:"";s:15:"od_invoice_time";s:19:"0000-00-00 00:00:00";s:7:"od_cash";s:1:"0";s:10:"od_cash_no";s:0:"";s:12:"od_cash_info";s:0:"";s:7:"od_time";s:19:"2015-09-24 18:03:00";s:6:"od_pwd";s:4:"1234";s:5:"od_ip";s:13:"58.151.27.172";s:11:"od_dc_price";s:1:"0";s:12:"od_point_use";s:1:"0";}', 'admin', '58.151.27.172', '2015-09-25 16:54:32');

-- --------------------------------------------------------

--
-- 테이블 구조 `g5_shop_personalpay`
--

CREATE TABLE IF NOT EXISTS `g5_shop_personalpay` (
  `pp_id` bigint(20) unsigned NOT NULL,
  `od_id` bigint(20) unsigned NOT NULL,
  `pp_name` varchar(255) NOT NULL DEFAULT '',
  `pp_email` varchar(255) NOT NULL DEFAULT '',
  `pp_hp` varchar(255) NOT NULL DEFAULT '',
  `pp_content` text NOT NULL,
  `pp_use` tinyint(4) NOT NULL DEFAULT '0',
  `pp_price` int(11) NOT NULL DEFAULT '0',
  `pp_pg` varchar(255) NOT NULL DEFAULT '',
  `pp_tno` varchar(255) NOT NULL DEFAULT '',
  `pp_app_no` varchar(20) NOT NULL DEFAULT '',
  `pp_casseqno` varchar(255) NOT NULL DEFAULT '',
  `pp_receipt_price` int(11) NOT NULL DEFAULT '0',
  `pp_settle_case` varchar(255) NOT NULL DEFAULT '',
  `pp_bank_account` varchar(255) NOT NULL DEFAULT '',
  `pp_deposit_name` varchar(255) NOT NULL DEFAULT '',
  `pp_receipt_time` datetime NOT NULL DEFAULT '0000-00-00 00:00:00',
  `pp_receipt_ip` varchar(255) NOT NULL DEFAULT '',
  `pp_shop_memo` text NOT NULL,
  `pp_cash` tinyint(4) NOT NULL DEFAULT '0',
  `pp_cash_no` varchar(255) NOT NULL DEFAULT '',
  `pp_cash_info` text NOT NULL,
  `pp_ip` varchar(255) NOT NULL DEFAULT '',
  `pp_time` datetime NOT NULL DEFAULT '0000-00-00 00:00:00',
  PRIMARY KEY (`pp_id`),
  KEY `od_id` (`od_id`)
) ENGINE=MyISAM DEFAULT CHARSET=utf8;

-- --------------------------------------------------------

--
-- 테이블 구조 `g5_shop_sendcost`
--

CREATE TABLE IF NOT EXISTS `g5_shop_sendcost` (
  `sc_id` int(11) NOT NULL AUTO_INCREMENT,
  `sc_name` varchar(255) NOT NULL DEFAULT '',
  `sc_zip1` varchar(10) NOT NULL DEFAULT '',
  `sc_zip2` varchar(10) NOT NULL DEFAULT '',
  `sc_price` int(11) NOT NULL DEFAULT '0',
  PRIMARY KEY (`sc_id`),
  KEY `sc_zip1` (`sc_zip1`),
  KEY `sc_zip2` (`sc_zip2`)
) ENGINE=MyISAM  DEFAULT CHARSET=utf8 AUTO_INCREMENT=2 ;

--
-- 테이블의 덤프 데이터 `g5_shop_sendcost`
--

INSERT INTO `g5_shop_sendcost` (`sc_id`, `sc_name`, `sc_zip1`, `sc_zip2`, `sc_price`) VALUES
(1, '제주도', '63000', '63999', 100);

-- --------------------------------------------------------

--
-- 테이블 구조 `g5_shop_wish`
--

CREATE TABLE IF NOT EXISTS `g5_shop_wish` (
  `wi_id` int(11) NOT NULL AUTO_INCREMENT,
  `mb_id` varchar(255) NOT NULL DEFAULT '',
  `it_id` varchar(20) NOT NULL DEFAULT '0',
  `wi_time` datetime NOT NULL DEFAULT '0000-00-00 00:00:00',
  `wi_ip` varchar(25) NOT NULL DEFAULT '',
  PRIMARY KEY (`wi_id`),
  KEY `index1` (`mb_id`)
) ENGINE=MyISAM  DEFAULT CHARSET=utf8 AUTO_INCREMENT=8 ;

--
-- 테이블의 덤프 데이터 `g5_shop_wish`
--

INSERT INTO `g5_shop_wish` (`wi_id`, `mb_id`, `it_id`, `wi_time`, `wi_ip`) VALUES
(1, 'ryunen', '1436233881', '2015-07-09 16:29:31', '58.151.27.172'),
(2, 'admin', '1436950049', '2015-07-20 15:52:47', '58.151.27.172'),
(3, 'admin', '1436765711', '2015-08-25 09:29:20', '106.245.197.154'),
(4, 'vizz', '1440475978', '2015-08-25 13:16:00', '106.245.197.154'),
(5, 'vizz', '1436866009', '2015-08-25 13:16:16', '106.245.197.154'),
(6, 'admin', '1436866053', '2015-08-26 16:47:40', '58.151.27.172'),
(7, 'admin', '1436765687', '2015-09-14 13:30:11', '222.97.82.86');

-- --------------------------------------------------------

--
-- 테이블 구조 `g5_uniqid`
--

CREATE TABLE IF NOT EXISTS `g5_uniqid` (
  `uq_id` bigint(20) unsigned NOT NULL,
  `uq_ip` varchar(255) NOT NULL,
  PRIMARY KEY (`uq_id`)
) ENGINE=MyISAM DEFAULT CHARSET=utf8;

--
-- 테이블의 덤프 데이터 `g5_uniqid`
--

INSERT INTO `g5_uniqid` (`uq_id`, `uq_ip`) VALUES
(2015070711063039, '58.151.27.172'),
(2015070711063044, '58.151.27.172'),
(2015070711120572, '58.151.27.172'),
(2015070711120698, '58.151.27.172'),
(2015070711131650, '58.151.27.172'),
(2015070711133096, '58.151.27.172'),
(2015070711562005, '58.151.27.172'),
(2015070711565824, '58.151.27.172'),
(2015070711571282, '58.151.27.172'),
(2015070711572490, '58.151.27.172'),
(2015070711584119, '58.151.27.172'),
(2015070712005253, '58.151.27.172'),
(2015070712031870, '58.151.27.172'),
(2015070712122416, '58.151.27.172'),
(2015070712283956, '58.151.27.172'),
(2015070712294655, '58.151.27.172'),
(2015070712295995, '58.151.27.172'),
(2015070712302806, '58.151.27.172'),
(2015070712314008, '58.151.27.172'),
(2015070814525967, '58.151.27.172'),
(2015070814530115, '58.151.27.172'),
(2015070814540755, '58.151.27.172'),
(2015070814555264, '58.151.27.172'),
(2015070815090185, '58.151.27.172'),
(2015070815091146, '58.151.27.172'),
(2015070815093510, '58.151.27.172'),
(2015070815103521, '58.151.27.172'),
(2015070815111358, '58.151.27.172'),
(2015070815114061, '58.151.27.172'),
(2015070815114950, '58.151.27.172'),
(2015070815131460, '58.151.27.172'),
(2015070815140696, '58.151.27.172'),
(2015070815160248, '58.151.27.172'),
(2015070815172330, '58.151.27.172'),
(2015070815175128, '58.151.27.172'),
(2015070815490029, '58.151.27.172'),
(2015070815495269, '58.151.27.172'),
(2015070816044644, '58.151.27.172'),
(2015070816062052, '58.151.27.172'),
(2015070816063641, '58.151.27.172'),
(2015070816065120, '58.151.27.172'),
(2015070816113700, '58.151.27.172'),
(2015070816113904, '58.151.27.172'),
(2015070816115481, '58.151.27.172'),
(2015070816122177, '58.151.27.172'),
(2015070816124432, '58.151.27.172'),
(2015070816130424, '58.151.27.172'),
(2015070816130581, '58.151.27.172'),
(2015070816131728, '58.151.27.172'),
(2015070816142640, '58.151.27.172'),
(2015070816142755, '58.151.27.172'),
(2015070816153722, '58.151.27.172'),
(2015070818160478, '58.151.27.172'),
(2015070818171816, '58.151.27.172'),
(2015070818372406, '58.151.27.172'),
(2015070818373765, '58.151.27.172'),
(2015070818374273, '58.151.27.172'),
(2015070818380934, '58.151.27.172'),
(2015070910174297, '58.151.27.172'),
(2015070912090714, '58.151.27.172'),
(2015070912313833, '58.151.27.172'),
(2015070913254125, '58.151.27.172'),
(2015070913325635, '58.151.27.172'),
(2015070914055674, '58.151.27.172'),
(2015070914062740, '58.151.27.172'),
(2015070914091245, '58.151.27.172'),
(2015070914470482, '58.151.27.172'),
(2015070916221402, '58.151.27.172'),
(2015071015354639, '58.151.27.172'),
(2015071411173605, '58.151.27.172'),
(2015071411450253, '58.151.27.172'),
(2015071411450259, '58.151.27.172'),
(2015071411521150, '58.151.27.172'),
(2015071411521282, '58.151.27.172'),
(2015071511170882, '58.151.27.172'),
(2015071710073652, '58.151.27.172'),
(2015071812305569, '58.151.27.172'),
(2015072009060626, '58.151.27.172'),
(2015072009061383, '58.151.27.172'),
(2015072016110950, '58.151.27.172'),
(2015072016110954, '58.151.27.172'),
(2015072314194053, '58.151.27.172'),
(2015073017310020, '58.151.27.172'),
(2015073110101527, '58.151.27.172'),
(2015073110112362, '58.151.27.172'),
(2015073110125446, '58.151.27.172'),
(2015073110132452, '58.151.27.172'),
(2015073110135108, '58.151.27.172'),
(2015073110160364, '58.151.27.172'),
(2015073110205844, '58.151.27.172'),
(2015073110215439, '58.151.27.172'),
(2015073110234585, '58.151.27.172'),
(2015073110243212, '58.151.27.172'),
(2015073117533081, '58.151.27.172'),
(2015073117542467, '58.151.27.172'),
(2015073117544601, '58.151.27.172'),
(2015073117552547, '58.151.27.172'),
(2015073117555778, '58.151.27.172'),
(2015073118364684, '58.151.27.172'),
(2015080310585151, '58.151.27.172'),
(2015080311130830, '58.151.27.172'),
(2015080311134206, '58.151.27.172'),
(2015080311141023, '58.151.27.172'),
(2015080415383801, '58.151.27.172'),
(2015080416022983, '58.151.27.172'),
(2015080416195471, '58.151.27.172'),
(2015080416213382, '58.151.27.172'),
(2015080416214873, '58.151.27.172'),
(2015081016371084, '58.151.27.172'),
(2015081016371091, '58.151.27.172'),
(2015081018030531, '58.151.27.172'),
(2015081113324026, '58.151.27.172'),
(2015081114000539, '58.151.27.172'),
(2015081116372427, '58.151.27.172'),
(2015081116372746, '58.151.27.172'),
(2015081210542452, '58.151.27.172'),
(2015081215241670, '58.151.27.172'),
(2015081215402214, '58.151.27.172'),
(2015081215472439, '58.151.27.172'),
(2015081215520492, '58.151.27.172'),
(2015081215525505, '58.151.27.172'),
(2015081216293180, '58.151.27.172'),
(2015081216293949, '58.151.27.172'),
(2015081217225723, '58.151.27.172'),
(2015081217251511, '58.151.27.172'),
(2015081309224603, '58.151.27.172'),
(2015081309255329, '58.151.27.172'),
(2015081309261488, '58.151.27.172'),
(2015081311500167, '58.151.27.172'),
(2015081311500171, '58.151.27.172'),
(2015081312022507, '58.151.27.172'),
(2015081312025545, '58.151.27.172'),
(2015081312025733, '58.151.27.172'),
(2015081312030855, '58.151.27.172'),
(2015081312032417, '58.151.27.172'),
(2015081312035561, '58.151.27.172'),
(2015081312050770, '58.151.27.172'),
(2015081312052548, '58.151.27.172'),
(2015081312054110, '58.151.27.172'),
(2015081312054823, '58.151.27.172'),
(2015081312060688, '58.151.27.172'),
(2015081312074121, '58.151.27.172'),
(2015081312080506, '58.151.27.172'),
(2015081312091291, '58.151.27.172'),
(2015081312102250, '58.151.27.172'),
(2015081312103529, '58.151.27.172'),
(2015081312104098, '58.151.27.172'),
(2015081312114665, '58.151.27.172'),
(2015081312122095, '58.151.27.172'),
(2015081312124831, '58.151.27.172'),
(2015081312145905, '58.151.27.172'),
(2015081312151329, '58.151.27.172'),
(2015081312152829, '58.151.27.172'),
(2015081312153011, '58.151.27.172'),
(2015081312160022, '58.151.27.172'),
(2015081312160129, '58.151.27.172'),
(2015081312161645, '58.151.27.172'),
(2015081312170578, '58.151.27.172'),
(2015081312172090, '58.151.27.172'),
(2015081312174535, '58.151.27.172'),
(2015081312180082, '58.151.27.172'),
(2015081312191087, '58.151.27.172'),
(2015081312194010, '58.151.27.172'),
(2015081312200488, '58.151.27.172'),
(2015081312202462, '58.151.27.172'),
(2015081312204863, '58.151.27.172'),
(2015081312210906, '58.151.27.172'),
(2015081312211653, '58.151.27.172'),
(2015081312213755, '58.151.27.172'),
(2015081312222041, '58.151.27.172'),
(2015081312231341, '58.151.27.172'),
(2015081312250327, '58.151.27.172'),
(2015081312250473, '58.151.27.172'),
(2015081312255424, '58.151.27.172'),
(2015081312261646, '58.151.27.172'),
(2015081312261797, '58.151.27.172'),
(2015081312271742, '58.151.27.172'),
(2015081312272618, '58.151.27.172'),
(2015081312275079, '58.151.27.172'),
(2015081312275195, '58.151.27.172'),
(2015081312285619, '58.151.27.172'),
(2015081312291117, '58.151.27.172'),
(2015081312291909, '58.151.27.172'),
(2015081312292514, '58.151.27.172'),
(2015081312295055, '58.151.27.172'),
(2015081312305384, '58.151.27.172'),
(2015081312310110, '58.151.27.172'),
(2015081314022635, '58.151.27.172'),
(2015081314171255, '58.151.27.172'),
(2015081314171548, '58.151.27.172'),
(2015081314171980, '58.151.27.172'),
(2015081314201256, '58.151.27.172'),
(2015081314201991, '58.151.27.172'),
(2015081314202507, '58.151.27.172'),
(2015081314241787, '58.151.27.172'),
(2015081314242509, '58.151.27.172'),
(2015081314243176, '58.151.27.172'),
(2015081314262966, '58.151.27.172'),
(2015081314271081, '58.151.27.172'),
(2015081314272987, '58.151.27.172'),
(2015081314274067, '58.151.27.172'),
(2015081314282644, '58.151.27.172'),
(2015081314282771, '58.151.27.172'),
(2015081314285028, '58.151.27.172'),
(2015081314291591, '58.151.27.172'),
(2015081314293613, '58.151.27.172'),
(2015081314301402, '58.151.27.172'),
(2015081314310519, '58.151.27.172'),
(2015081314310690, '58.151.27.172'),
(2015081314315219, '58.151.27.172'),
(2015081314315330, '58.151.27.172'),
(2015081314321269, '58.151.27.172'),
(2015081314322819, '58.151.27.172'),
(2015081314335812, '58.151.27.172'),
(2015081314354986, '58.151.27.172'),
(2015081314360022, '58.151.27.172'),
(2015081314362189, '58.151.27.172'),
(2015081314372077, '58.151.27.172'),
(2015081314382156, '58.151.27.172'),
(2015081314512908, '58.151.27.172'),
(2015081314514132, '58.151.27.172'),
(2015081315044562, '58.151.27.172'),
(2015081315050239, '58.151.27.172'),
(2015081315060099, '58.151.27.172'),
(2015081315081158, '58.151.27.172'),
(2015081315135161, '58.151.27.172'),
(2015081315413012, '58.151.27.172'),
(2015081315413853, '58.151.27.172'),
(2015081315422450, '58.151.27.172'),
(2015081315422784, '58.151.27.172'),
(2015082016020650, '58.151.27.172'),
(2015082016562953, '58.151.27.172'),
(2015082017120112, '58.151.27.172'),
(2015082017142173, '58.151.27.172'),
(2015082017152368, '58.151.27.172'),
(2015082017152466, '58.151.27.172'),
(2015082017160492, '58.151.27.172'),
(2015082017161234, '58.151.27.172'),
(2015082109063729, '58.151.27.172'),
(2015082109180478, '58.151.27.172'),
(2015082410333994, '58.151.27.172'),
(2015082411585363, '58.151.27.172'),
(2015082411585873, '58.151.27.172'),
(2015082413310023, '58.151.27.172'),
(2015082413310770, '58.151.27.172'),
(2015082413311554, '58.151.27.172'),
(2015082413311971, '58.151.27.172'),
(2015082413341347, '58.151.27.172'),
(2015082413345098, '58.151.27.172'),
(2015082415172263, '58.151.27.172'),
(2015082417512195, '58.151.27.172'),
(2015082417541806, '58.151.27.172'),
(2015082417592077, '58.151.27.172'),
(2015082509290330, '106.245.197.154'),
(2015082513165350, '106.245.197.154'),
(2015082610330545, '58.151.27.172'),
(2015082613542655, '58.151.27.172'),
(2015082613544698, '58.151.27.172'),
(2015082613552778, '58.151.27.172'),
(2015082614100321, '58.151.27.172'),
(2015082614283684, '58.151.27.172'),
(2015082616483431, '58.151.27.172'),
(2015082616483636, '58.151.27.172'),
(2015082711095866, '58.151.27.172'),
(2015082711095872, '58.151.27.172'),
(2015082711100167, '58.151.27.172'),
(2015082716521368, '58.151.27.172'),
(2015082716532787, '58.151.27.172'),
(2015082810003459, '58.151.27.172'),
(2015082810381446, '58.151.27.172'),
(2015082810381658, '58.151.27.172'),
(2015082813391893, '58.151.27.172'),
(2015082816153923, '58.151.27.172'),
(2015090114290699, '58.151.27.172'),
(2015090114291131, '58.151.27.172'),
(2015090114314484, '58.151.27.172'),
(2015090114331044, '58.151.27.172'),
(2015090114354026, '58.151.27.172'),
(2015090114354896, '58.151.27.172'),
(2015090114363662, '58.151.27.172'),
(2015090114370238, '58.151.27.172'),
(2015090114374388, '58.151.27.172'),
(2015090114380704, '58.151.27.172'),
(2015090114380855, '58.151.27.172'),
(2015090114382135, '58.151.27.172'),
(2015090114382356, '58.151.27.172'),
(2015090114383923, '58.151.27.172'),
(2015090114384087, '58.151.27.172'),
(2015090114392425, '58.151.27.172'),
(2015090114412855, '58.151.27.172'),
(2015090114425180, '58.151.27.172'),
(2015090114430513, '58.151.27.172'),
(2015090114462041, '58.151.27.172'),
(2015090114471634, '58.151.27.172'),
(2015090114472787, '58.151.27.172'),
(2015090114503126, '58.151.27.172'),
(2015090114510309, '58.151.27.172'),
(2015090114513210, '58.151.27.172'),
(2015090114535415, '58.151.27.172'),
(2015090114551869, '58.151.27.172'),
(2015090114591757, '58.151.27.172'),
(2015090115030644, '58.151.27.172'),
(2015090115245491, '58.151.27.172'),
(2015090115264979, '58.151.27.172'),
(2015090115271747, '58.151.27.172'),
(2015090509353765, '106.245.197.154'),
(2015090509355950, '106.245.197.154'),
(2015091409460587, '115.86.192.75'),
(2015091409460781, '115.86.192.75'),
(2015091505242046, '101.235.2.29'),
(2015091600334455, '218.101.171.223'),
(2015091818374991, '58.151.27.172'),
(2015091818375158, '58.151.27.172'),
(2015092416133535, '58.151.27.172'),
(2015092416165276, '58.151.27.172'),
(2015092416193255, '58.151.27.172'),
(2015092416194566, '58.151.27.172'),
(2015092416200994, '58.151.27.172'),
(2015092416200995, '58.151.27.172'),
(2015092416200996, '58.151.27.172'),
(2015092416200997, '58.151.27.172'),
(2015092416200998, '58.151.27.172'),
(2015092416200999, '58.151.27.172'),
(2015092416201000, '58.151.27.172'),
(2015092416203633, '58.151.27.172'),
(2015092416203635, '58.151.27.172'),
(2015092416203636, '58.151.27.172'),
(2015092416203637, '58.151.27.172'),
(2015092416203638, '58.151.27.172'),
(2015092416203639, '58.151.27.172'),
(2015092416203640, '58.151.27.172'),
(2015092416240324, '58.151.27.172'),
(2015092416240847, '58.151.27.172'),
(2015092416304918, '58.151.27.172'),
(2015092416304919, '58.151.27.172'),
(2015092416304920, '58.151.27.172'),
(2015092416304921, '58.151.27.172'),
(2015092416304922, '58.151.27.172'),
(2015092416304923, '58.151.27.172'),
(2015092416304924, '58.151.27.172'),
(2015092416312538, '58.151.27.172'),
(2015092416312539, '58.151.27.172'),
(2015092416312540, '58.151.27.172'),
(2015092416312541, '58.151.27.172'),
(2015092416312542, '58.151.27.172'),
(2015092416312543, '58.151.27.172'),
(2015092416312544, '58.151.27.172'),
(2015092416321628, '58.151.27.172'),
(2015092416321629, '58.151.27.172'),
(2015092416321630, '58.151.27.172'),
(2015092416321631, '58.151.27.172'),
(2015092416321632, '58.151.27.172'),
(2015092416321633, '58.151.27.172'),
(2015092416321634, '58.151.27.172'),
(2015092417205339, '58.151.27.172'),
(2015092417222021, '58.151.27.172'),
(2015092417394422, '58.151.27.172'),
(2015092417394918, '58.151.27.172'),
(2015092417403711, '58.151.27.172'),
(2015092417421328, '58.151.27.172'),
(2015092417485984, '58.151.27.172'),
(2015092417555885, '58.151.27.172'),
(2015092418100720, '58.151.27.172'),
(2015092418111626, '58.151.27.172'),
(2015092418112512, '58.151.27.172'),
(2015092418123667, '58.151.27.172'),
(2015092418124743, '58.151.27.172'),
(2015092418131233, '58.151.27.172'),
(2015092418144946, '58.151.27.172'),
(2015092418152231, '58.151.27.172'),
(2015092418164022, '58.151.27.172'),
(2015092418165203, '58.151.27.172'),
(2015092418174465, '58.151.27.172'),
(2015092418175424, '58.151.27.172'),
(2015092418202903, '58.151.27.172'),
(2015092514444476, '58.151.27.172'),
(2015092515022268, '58.151.27.172'),
(2015092515162314, '58.151.27.172'),
(2015092516470950, '58.151.27.172'),
(2015092516555033, '58.151.27.172'),
(2015100113552766, '58.151.27.172'),
(2015100114162307, '58.151.27.172'),
(2015100114162313, '58.151.27.172'),
(2015100608094796, '82.80.230.228'),
(2015100609532228, '82.80.230.228');

-- --------------------------------------------------------

--
-- 테이블 구조 `g5_visit`
--

CREATE TABLE IF NOT EXISTS `g5_visit` (
  `vi_id` int(11) NOT NULL DEFAULT '0',
  `vi_ip` varchar(255) NOT NULL DEFAULT '',
  `vi_date` date NOT NULL DEFAULT '0000-00-00',
  `vi_time` time NOT NULL DEFAULT '00:00:00',
  `vi_referer` text NOT NULL,
  `vi_agent` varchar(255) NOT NULL DEFAULT '',
  PRIMARY KEY (`vi_id`),
  UNIQUE KEY `index1` (`vi_ip`,`vi_date`),
  KEY `index2` (`vi_date`)
) ENGINE=MyISAM DEFAULT CHARSET=utf8;

--
-- 테이블의 덤프 데이터 `g5_visit`
--

INSERT INTO `g5_visit` (`vi_id`, `vi_ip`, `vi_date`, `vi_time`, `vi_referer`, `vi_agent`) VALUES
(1, '58.151.27.172', '2015-07-06', '11:07:17', '', 'Mozilla/5.0 (Windows NT 6.1; WOW64) AppleWebKit/537.36 (KHTML, like Gecko) Chrome/43.0.2357.130 Safari/537.36'),
(2, '58.151.27.172', '2015-07-07', '08:52:28', 'http://mjsoft.co/mjshop/', 'Mozilla/5.0 (Windows NT 6.1; WOW64; Trident/7.0; rv:11.0) like Gecko'),
(3, '103.10.197.90', '2015-07-07', '11:12:21', '', 'Mozilla/5.0 (Windows NT 6.1; WOW64) AppleWebKit/537.36 (KHTML, like Gecko) Chrome/43.0.2357.130 Safari/537.36'),
(4, '58.151.27.172', '2015-07-08', '09:01:26', 'http://mjsoft.co/mjshop/adm/shop_admin/', 'Mozilla/5.0 (Windows NT 6.1; WOW64; Trident/7.0; rv:11.0) like Gecko'),
(5, '58.151.27.172', '2015-07-09', '09:40:18', 'http://mjsoft.co/mjshop/', 'Mozilla/5.0 (Windows NT 6.1; WOW64; Trident/7.0; rv:11.0) like Gecko'),
(6, '103.10.197.202', '2015-07-10', '08:57:07', '', 'Mozilla/5.0 (Windows NT 6.1; WOW64) AppleWebKit/537.36 (KHTML, like Gecko) Chrome/43.0.2357.132 Safari/537.36'),
(7, '58.151.27.172', '2015-07-10', '11:54:27', 'http://mjsoft.co/mjshop/', 'Mozilla/5.0 (Windows NT 6.1; WOW64; Trident/7.0; rv:11.0) like Gecko'),
(8, '58.151.27.172', '2015-07-13', '08:41:10', '', 'Mozilla/5.0 (Windows NT 6.1; WOW64; Trident/7.0; rv:11.0) like Gecko'),
(9, '58.151.27.172', '2015-07-14', '08:49:17', '', 'Mozilla/5.0 (Windows NT 6.1; WOW64; Trident/7.0; rv:11.0) like Gecko'),
(10, '103.10.197.213', '2015-07-14', '09:54:18', '', 'Mozilla/5.0 (Windows NT 6.1; WOW64) AppleWebKit/537.36 (KHTML, like Gecko) Chrome/43.0.2357.132 Safari/537.36'),
(11, '58.237.6.5', '2015-07-14', '17:04:25', '', 'Mozilla/5.0 (Windows NT 6.3; Trident/7.0; rv:11.0) like Gecko'),
(12, '103.10.199.37', '2015-07-15', '09:07:07', '', 'Mozilla/5.0 (Windows NT 6.1; WOW64) AppleWebKit/537.36 (KHTML, like Gecko) Chrome/43.0.2357.132 Safari/537.36'),
(13, '58.151.27.172', '2015-07-15', '09:32:25', 'http://mjsoft.co/mjshop/', 'Mozilla/5.0 (Windows NT 6.1; WOW64; Trident/7.0; rv:11.0) like Gecko'),
(14, '58.151.27.172', '2015-07-16', '10:14:52', '', 'Mozilla/5.0 (Windows NT 6.1; WOW64; Trident/7.0; rv:11.0) like Gecko'),
(15, '58.151.27.172', '2015-07-17', '10:29:49', 'http://mjsoft.co/mjshop/shop/cart.php', 'Mozilla/5.0 (Windows NT 6.1; WOW64; Trident/7.0; rv:11.0) like Gecko'),
(16, '58.151.27.172', '2015-07-18', '12:24:01', '', 'Mozilla/5.0 (Windows NT 6.1; WOW64; Trident/7.0; rv:11.0) like Gecko'),
(17, '58.151.27.172', '2015-07-20', '08:40:41', '', 'Mozilla/5.0 (Windows NT 6.1; WOW64; Trident/7.0; rv:11.0) like Gecko'),
(18, '58.151.27.172', '2015-07-21', '08:44:45', '', 'Mozilla/5.0 (Windows NT 6.1; WOW64; Trident/7.0; rv:11.0) like Gecko'),
(19, '58.151.27.172', '2015-07-22', '09:00:16', 'http://mjsoft.co/mjshop/bbs/login.php?url=http%3A%2F%2Fmjsoft.co%2Fmjshop%2Fadm', 'Mozilla/5.0 (Windows NT 6.1; WOW64; Trident/7.0; rv:11.0) like Gecko'),
(20, '223.62.213.55', '2015-07-22', '14:38:06', '', 'Mozilla/5.0 (Linux; Android 4.4.2; ko-kr; IM-A850K/3.10 Build/KOT49H) AppleWebKit/537.36 (KHTML, like Gecko) Version/4.0 Chrome/30.0.0.0 Mobile Safari/537.36'),
(21, '103.10.197.90', '2015-07-22', '15:34:27', '', 'Mozilla/5.0 (Windows NT 6.1; WOW64) AppleWebKit/537.36 (KHTML, like Gecko) Chrome/43.0.2357.134 Safari/537.36'),
(22, '223.62.190.1', '2015-07-22', '16:29:40', '', 'Mozilla/5.0 (Linux; Android 4.4.2; ko-kr; IM-A880S Build/KVT49L) AppleWebKit/537.36 (KHTML, like Gecko) Version/4.0 Chrome/30.0.0.0 Mobile Safari/537.36'),
(23, '58.237.6.5', '2015-07-23', '07:20:27', '', 'Mozilla/5.0 (Linux; Android 4.4.2; ko-kr; IM-A880S Build/KVT49L) AppleWebKit/537.36 (KHTML, like Gecko) Version/4.0 Chrome/30.0.0.0 Mobile Safari/537.36'),
(24, '58.151.27.172', '2015-07-23', '09:41:24', '', 'Mozilla/5.0 (Windows NT 6.1; WOW64; Trident/7.0; rv:11.0) like Gecko'),
(25, '223.33.178.55', '2015-07-23', '11:13:11', '', 'Mozilla/5.0 (Linux; Android 4.4.2; ko-kr; IM-A880S Build/KVT49L) AppleWebKit/537.36 (KHTML, like Gecko) Version/4.0 Chrome/30.0.0.0 Mobile Safari/537.36'),
(26, '223.62.190.13', '2015-07-23', '12:33:57', '', 'Mozilla/5.0 (Linux; Android 4.4.2; ko-kr; IM-A850K/3.10 Build/KOT49H) AppleWebKit/537.36 (KHTML, like Gecko) Version/4.0 Chrome/30.0.0.0 Mobile Safari/537.36'),
(27, '103.10.197.213', '2015-07-23', '13:49:42', 'http://troy.labs.daum.net/', 'Mozilla/5.0 (Windows NT 6.1; WOW64) AppleWebKit/537.36 (KHTML, like Gecko) Chrome/43.0.2357.134 Safari/537.36'),
(28, '58.151.27.172', '2015-07-24', '09:12:26', '', 'Mozilla/5.0 (Windows NT 6.1; WOW64; Trident/7.0; rv:11.0) like Gecko'),
(29, '203.226.207.47', '2015-07-24', '15:50:47', '', 'Mozilla/5.0 (Linux; Android 4.4.2; ko-kr; IM-A880S Build/KVT49L) AppleWebKit/537.36 (KHTML, like Gecko) Version/4.0 Chrome/30.0.0.0 Mobile Safari/537.36'),
(30, '103.10.197.213', '2015-07-24', '15:51:26', 'http://troy.labs.daum.net/', 'Mozilla/5.0 (Windows NT 6.1; WOW64) AppleWebKit/537.36 (KHTML, like Gecko) Chrome/43.0.2357.134 Safari/537.36'),
(31, '58.151.27.172', '2015-07-27', '08:45:26', '', 'Mozilla/5.0 (Windows NT 6.1; WOW64; Trident/7.0; rv:11.0) like Gecko'),
(32, '58.151.27.172', '2015-07-28', '08:53:33', '', 'Mozilla/5.0 (Windows NT 6.1; WOW64; Trident/7.0; rv:11.0) like Gecko'),
(33, '58.151.27.172', '2015-07-30', '09:31:55', '', 'Mozilla/5.0 (Windows NT 6.1; WOW64; Trident/7.0; rv:11.0) like Gecko'),
(34, '223.62.222.204', '2015-07-31', '07:10:44', '', 'Mozilla/5.0 (Linux; Android 4.4.2; ko-kr; IM-A850K/3.10 Build/KOT49H) AppleWebKit/537.36 (KHTML, like Gecko) Version/4.0 Chrome/30.0.0.0 Mobile Safari/537.36'),
(35, '58.151.27.172', '2015-07-31', '09:04:30', '', 'Mozilla/5.0 (Windows NT 6.1; WOW64; Trident/7.0; rv:11.0) like Gecko'),
(36, '223.62.215.16', '2015-07-31', '12:55:08', '', 'Mozilla/5.0 (Linux; Android 4.4.2; ko-kr; IM-A850K/3.10 Build/KOT49H) AppleWebKit/537.36 (KHTML, like Gecko) Version/4.0 Chrome/30.0.0.0 Mobile Safari/537.36'),
(37, '223.33.184.107', '2015-08-01', '23:32:26', '', 'Mozilla/5.0 (Linux; Android 4.4.2; ko-kr; IM-A850K/3.10 Build/KOT49H) AppleWebKit/537.36 (KHTML, like Gecko) Version/4.0 Chrome/30.0.0.0 Mobile Safari/537.36'),
(38, '58.151.27.172', '2015-08-03', '09:30:37', '', 'Mozilla/5.0 (Windows NT 6.1; WOW64; Trident/7.0; rv:11.0) like Gecko'),
(39, '58.151.27.172', '2015-08-04', '09:15:05', '', 'Mozilla/5.0 (Windows NT 6.1; WOW64; Trident/7.0; rv:11.0) like Gecko'),
(40, '58.151.27.172', '2015-08-05', '14:29:02', '', 'Mozilla/5.0 (Windows NT 6.1; WOW64; Trident/7.0; rv:11.0) like Gecko'),
(41, '58.151.27.172', '2015-08-06', '09:24:29', '', 'Mozilla/5.0 (Windows NT 6.1; WOW64; Trident/7.0; rv:11.0) like Gecko'),
(42, '58.151.27.172', '2015-08-07', '09:25:59', '', 'Mozilla/5.0 (Windows NT 6.1; WOW64; Trident/7.0; rv:11.0) like Gecko'),
(43, '58.237.6.5', '2015-08-08', '08:19:46', '', 'Mozilla/5.0 (Windows NT 10.0; Win64; x64) AppleWebKit/537.36 (KHTML, like Gecko) Chrome/42.0.2311.135 Safari/537.36 Edge/12.10240'),
(44, '58.151.27.172', '2015-08-10', '09:30:29', '', 'Mozilla/5.0 (Windows NT 6.1; WOW64; Trident/7.0; rv:11.0) like Gecko'),
(45, '39.7.19.196', '2015-08-10', '18:16:22', '', 'Mozilla/5.0 (iPhone; CPU iPhone OS 8_4 like Mac OS X) AppleWebKit/600.1.4 (KHTML, like Gecko) Version/8.0 Mobile/12H143 Safari/600.1.4'),
(46, '219.249.227.13', '2015-08-10', '18:17:10', '', 'facebookexternalhit/1.1;kakaotalk-scrap/1.0;'),
(47, '219.249.227.17', '2015-08-10', '18:18:37', '', 'facebookexternalhit/1.1;kakaotalk-scrap/1.0;'),
(48, '175.223.49.138', '2015-08-10', '18:18:42', '', 'Mozilla/5.0 (Linux; Android 5.0; SM-G900K Build/LRX21T; wv) AppleWebKit/537.36 (KHTML, like Gecko) Version/4.0 Chrome/44.0.2403.90 Mobile Safari/537.36;KAKAOTALK'),
(49, '39.7.52.11', '2015-08-11', '08:16:39', '', 'Mozilla/5.0 (Linux; Android 5.0; SM-G900K Build/LRX21T; wv) AppleWebKit/537.36 (KHTML, like Gecko) Version/4.0 Chrome/44.0.2403.90 Mobile Safari/537.36;KAKAOTALK'),
(50, '58.151.27.172', '2015-08-11', '09:30:24', '', 'Mozilla/5.0 (Windows NT 6.1; WOW64; Trident/7.0; rv:11.0) like Gecko'),
(51, '175.223.31.189', '2015-08-11', '14:57:00', '', 'Mozilla/5.0 (iPhone; CPU iPhone OS 8_4 like Mac OS X) AppleWebKit/600.1.4 (KHTML, like Gecko) Mobile/12H143 KAKAOTALK'),
(52, '58.151.27.172', '2015-08-12', '09:20:51', '', 'Mozilla/5.0 (Windows NT 10.0; WOW64; Trident/7.0; rv:11.0) like Gecko'),
(53, '106.245.197.154', '2015-08-12', '09:24:28', '', 'Mozilla/5.0 (Windows NT 6.1; Trident/7.0; rv:11.0) like Gecko'),
(54, '39.7.52.11', '2015-08-12', '16:13:49', '', 'Mozilla/5.0 (Linux; Android 5.0; SM-G900K Build/LRX21T; wv) AppleWebKit/537.36 (KHTML, like Gecko) Version/4.0 Chrome/44.0.2403.90 Mobile Safari/537.36;KAKAOTALK'),
(55, '175.223.22.86', '2015-08-12', '16:14:41', '', 'Mozilla/5.0 (iPad; CPU OS 8_0_2 like Mac OS X) AppleWebKit/600.1.4 (KHTML, like Gecko) Mobile/12A405 Version/5.1 Safari/7534.48.3 NAVER(inapp; search; 120; 5.9.1)'),
(56, '58.151.27.172', '2015-08-13', '09:22:06', '', 'Mozilla/5.0 (Windows NT 6.1; WOW64; Trident/7.0; rv:11.0) like Gecko'),
(57, '58.151.27.172', '2015-08-14', '13:41:36', '', 'Mozilla/5.0 (Windows NT 6.1; WOW64; Trident/7.0; rv:11.0) like Gecko'),
(58, '58.151.27.172', '2015-08-17', '09:06:40', '', 'Mozilla/5.0 (Windows NT 10.0; WOW64; Trident/7.0; rv:11.0) like Gecko'),
(59, '58.151.27.172', '2015-08-18', '09:22:52', '', 'Mozilla/5.0 (Windows NT 6.1; WOW64; Trident/7.0; rv:11.0) like Gecko'),
(60, '58.151.27.172', '2015-08-19', '09:10:35', '', 'Mozilla/5.0 (Windows NT 6.1; WOW64; Trident/7.0; rv:11.0) like Gecko'),
(61, '58.151.27.172', '2015-08-20', '09:21:01', '', 'Mozilla/5.0 (Windows NT 6.1; WOW64; Trident/7.0; rv:11.0) like Gecko'),
(62, '58.151.27.172', '2015-08-21', '08:47:49', '', 'Mozilla/5.0 (Windows NT 6.1; WOW64; Trident/7.0; rv:11.0) like Gecko'),
(63, '106.245.197.154', '2015-08-24', '11:55:08', '', 'Mozilla/5.0 (Windows NT 6.1; Trident/7.0; rv:11.0) like Gecko'),
(64, '58.151.27.172', '2015-08-24', '18:14:58', '', 'Mozilla/5.0 (Windows NT 10.0; WOW64; Trident/7.0; rv:11.0) like Gecko'),
(65, '223.62.215.204', '2015-08-24', '18:35:08', '', 'Mozilla/5.0 (Linux; Android 4.4.2; ko-kr; IM-A880S Build/KVT49L) AppleWebKit/537.36 (KHTML, like Gecko) Version/4.0 Chrome/30.0.0.0 Mobile Safari/537.36'),
(66, '173.252.74.104', '2015-08-24', '18:35:25', '', 'facebookexternalhit/1.1 (+http://www.facebook.com/externalhit_uatext.php)'),
(67, '223.62.3.21', '2015-08-24', '19:18:51', '', 'Mozilla/5.0 (Linux; Android 5.1.1; SAMSUNG SM-G925S Build/LMY47X) AppleWebKit/537.36 (KHTML, like Gecko) SamsungBrowser/3.2 Chrome/38.0.2125.102 Mobile Safari/537.36'),
(68, '58.151.27.172', '2015-08-25', '08:57:51', '', 'Mozilla/5.0 (Windows NT 6.1; WOW64; Trident/7.0; rv:11.0) like Gecko'),
(69, '106.245.197.154', '2015-08-25', '09:10:39', '', 'Mozilla/5.0 (Windows NT 6.1; Trident/7.0; rv:11.0) like Gecko'),
(70, '223.33.153.76', '2015-08-25', '12:34:31', 'http://mjsoft.co/mjshop/', 'Mozilla/5.0 (Linux; Android 4.4.2; ko-kr; IM-A880S Build/KVT49L) AppleWebKit/537.36 (KHTML, like Gecko) Version/4.0 Chrome/30.0.0.0 Mobile Safari/537.36'),
(71, '49.170.161.242', '2015-08-25', '17:25:30', '', 'Mozilla/5.0 (Linux; Android 5.1.1; SAMSUNG SM-G925S Build/LMY47X) AppleWebKit/537.36 (KHTML, like Gecko) SamsungBrowser/3.2 Chrome/38.0.2125.102 Mobile Safari/537.36'),
(72, '58.151.27.172', '2015-08-26', '09:05:20', '', 'Mozilla/5.0 (Windows NT 6.1; WOW64; Trident/7.0; rv:11.0) like Gecko'),
(73, '58.237.6.5', '2015-08-27', '00:05:27', 'http://mjsoft.co/mjshop/', 'Mozilla/5.0 (Linux; Android 4.4.2; ko-kr; IM-A880S Build/KVT49L) AppleWebKit/537.36 (KHTML, like Gecko) Version/4.0 Chrome/30.0.0.0 Mobile Safari/537.36'),
(74, '58.151.27.172', '2015-08-27', '09:08:18', 'http://mjsoft.co/mjshop/shop/orderinquiryview.php?od_id=2015082415172263&uid=6ee1e74d98b6b37d45b142c90d592758', 'Mozilla/5.0 (Windows NT 6.1; WOW64; Trident/7.0; rv:11.0) like Gecko'),
(75, '223.33.180.59', '2015-08-27', '10:20:41', 'http://mjsoft.co/mjshop/', 'Mozilla/5.0 (Linux; Android 4.4.2; ko-kr; IM-A880S Build/KVT49L) AppleWebKit/537.36 (KHTML, like Gecko) Version/4.0 Chrome/30.0.0.0 Mobile Safari/537.36'),
(76, '110.70.51.200', '2015-08-27', '16:16:49', '', 'Mozilla/5.0 (iPhone; CPU iPhone OS 8_4_1 like Mac OS X) AppleWebKit/600.1.4 (KHTML, like Gecko) Version/8.0 Mobile/12H321 Safari/600.1.4'),
(77, '175.201.183.19', '2015-08-27', '18:45:31', '', 'Mozilla/5.0 (iPhone; CPU iPhone OS 8_4_1 like Mac OS X) AppleWebKit/600.1.4 (KHTML, like Gecko) Version/8.0 Mobile/12H321 Safari/600.1.4'),
(78, '61.37.167.3', '2015-08-27', '20:57:03', 'http://www.mijinsoft.co.kr/html/millennium/e_commerce.php', 'Mozilla/5.0 (Linux; Android 4.4.2; LG-F340S Build/KOT49I.F340S20e) AppleWebKit/537.36 (KHTML, like Gecko) Chrome/30.0.1599.103 Mobile Safari/537.36'),
(79, '58.151.27.172', '2015-08-28', '09:59:48', 'http://www.mijinsoft.co.kr/html/millennium/e_commerce.php', 'Mozilla/5.0 (Windows NT 6.1; WOW64; Trident/7.0; rv:11.0) like Gecko'),
(80, '223.33.181.192', '2015-08-28', '10:43:45', '', 'Mozilla/5.0 (Linux; Android 4.4.2; ko-kr; IM-A850K/3.10 Build/KOT49H) AppleWebKit/537.36 (KHTML, like Gecko) Version/4.0 Chrome/30.0.0.0 Mobile Safari/537.36'),
(81, '106.245.197.154', '2015-08-28', '17:05:56', '', 'Mozilla/5.0 (Windows NT 6.1; Trident/7.0; rv:11.0) like Gecko'),
(82, '49.170.161.242', '2015-08-28', '18:29:45', 'http://mjsoft.co/html/millennium/e_commerce.php', 'Mozilla/5.0 (Windows NT 6.3; WOW64; Trident/7.0; SMJB; rv:11.0) like Gecko'),
(83, '58.237.6.5', '2015-08-29', '19:00:52', 'http://mjsoft.co/mjshop/', 'Mozilla/5.0 (Linux; Android 4.4.2; ko-kr; IM-A880S Build/KVT49L) AppleWebKit/537.36 (KHTML, like Gecko) Version/4.0 Chrome/30.0.0.0 Mobile Safari/537.36'),
(84, '106.240.186.66', '2015-08-30', '23:06:33', 'http://www.mijinsoft.co.kr/html/millennium/e_commerce.php#', 'Mozilla/5.0 (Windows NT 6.3; WOW64; Trident/7.0; rv:11.0) like Gecko'),
(85, '58.151.27.172', '2015-08-31', '08:43:26', '', 'Mozilla/5.0 (Windows NT 6.1; WOW64; Trident/7.0; rv:11.0) like Gecko'),
(86, '106.245.197.154', '2015-08-31', '11:09:55', 'http://mijinsoft.co.kr/html/millennium/e_commerce.php', 'Mozilla/5.0 (Windows NT 6.1; Trident/7.0; rv:11.0) like Gecko'),
(87, '203.226.207.29', '2015-08-31', '11:39:04', 'http://mjsoft.co/mjshop/', 'Mozilla/5.0 (Linux; Android 4.4.2; ko-kr; IM-A880S Build/KVT49L) AppleWebKit/537.36 (KHTML, like Gecko) Version/4.0 Chrome/30.0.0.0 Mobile Safari/537.36'),
(88, '112.154.138.69', '2015-09-01', '05:57:16', 'http://www.mijinsoft.co.kr/html/millennium/e_commerce.php', 'Mozilla/5.0 (Windows NT 6.3; WOW64; Trident/7.0; MASMJS; rv:11.0) like Gecko'),
(89, '58.151.27.172', '2015-09-01', '08:49:46', '', 'Mozilla/5.0 (Windows NT 6.1; WOW64; Trident/7.0; rv:11.0) like Gecko'),
(90, '106.245.197.154', '2015-09-01', '16:42:27', 'http://mijinsoft.co.kr/html/millennium/e_commerce.php', 'Mozilla/5.0 (Windows NT 6.1; Trident/7.0; rv:11.0) like Gecko'),
(91, '58.151.27.172', '2015-09-02', '08:54:31', '', 'Mozilla/5.0 (Windows NT 6.1; WOW64; Trident/7.0; rv:11.0) like Gecko'),
(92, '106.245.197.154', '2015-09-02', '13:32:11', 'http://mijinsoft.co.kr/html/millennium/e_commerce.php#', 'Mozilla/5.0 (Windows NT 6.1; Trident/7.0; rv:11.0) like Gecko'),
(93, '58.151.27.172', '2015-09-03', '08:58:10', '', 'Mozilla/5.0 (Windows NT 6.1; WOW64; Trident/7.0; rv:11.0) like Gecko'),
(94, '39.7.46.35', '2015-09-03', '14:54:54', '', 'Mozilla/5.0 (iPhone; CPU iPhone OS 8_4_1 like Mac OS X) AppleWebKit/600.1.4 (KHTML, like Gecko) Version/8.0 Mobile/12H321 Safari/600.1.4'),
(95, '58.151.27.172', '2015-09-04', '09:02:03', 'http://mjsoft.co/mjshop/adm/shop_admin/index.php', 'Mozilla/5.0 (Windows NT 6.1; WOW64; Trident/7.0; rv:11.0) like Gecko'),
(96, '106.245.197.154', '2015-09-04', '16:51:35', '', 'Mozilla/5.0 (Windows NT 6.1; Trident/7.0; rv:11.0) like Gecko'),
(97, '49.170.161.242', '2015-09-04', '19:21:44', 'http://mjsoft.co/html/millennium/e_commerce.php', 'Mozilla/5.0 (Windows NT 6.3; WOW64; Trident/7.0; SMJB; rv:11.0) like Gecko'),
(98, '58.237.6.5', '2015-09-04', '23:40:57', 'http://mjsoft.co/mjshop/', 'Mozilla/5.0 (Linux; Android 4.4.2; ko-kr; IM-A880S Build/KVT49L) AppleWebKit/537.36 (KHTML, like Gecko) Version/4.0 Chrome/30.0.0.0 Mobile Safari/537.36'),
(99, '112.154.138.69', '2015-09-05', '22:58:54', 'http://www.mijinsoft.co.kr/html/millennium/e_commerce.php', 'Mozilla/5.0 (Windows NT 6.3; WOW64; Trident/7.0; MASMJS; rv:11.0) like Gecko'),
(100, '58.237.6.5', '2015-09-06', '06:40:18', 'http://mjsoft.co/mjshop/', 'Mozilla/5.0 (Linux; Android 4.4.2; ko-kr; IM-A880S Build/KVT49L) AppleWebKit/537.36 (KHTML, like Gecko) Version/4.0 Chrome/30.0.0.0 Mobile Safari/537.36'),
(101, '106.245.197.154', '2015-09-07', '09:09:54', '', 'Mozilla/5.0 (Windows NT 6.1; Trident/7.0; rv:11.0) like Gecko'),
(102, '58.151.27.172', '2015-09-07', '09:50:27', '', 'Mozilla/5.0 (Windows NT 6.1; WOW64; Trident/7.0; rv:11.0) like Gecko'),
(103, '58.151.27.172', '2015-09-08', '11:21:18', '', 'Mozilla/5.0 (Windows NT 6.1; WOW64; Trident/7.0; rv:11.0) like Gecko'),
(104, '106.245.197.154', '2015-09-08', '11:39:04', '', 'Mozilla/5.0 (Windows NT 6.1; Trident/7.0; rv:11.0) like Gecko'),
(105, '103.10.197.194', '2015-09-08', '16:32:39', '', 'Mozilla/5.0 (Windows NT 6.1; WOW64) AppleWebKit/537.36 (KHTML, like Gecko) Chrome/45.0.2454.85 Safari/537.36'),
(106, '58.151.27.172', '2015-09-09', '09:56:01', '', 'Mozilla/5.0 (Windows NT 6.1; WOW64; Trident/7.0; rv:11.0) like Gecko'),
(107, '118.36.4.210', '2015-09-09', '21:27:04', 'http://mjsoft.co/html/millennium/e_commerce.php', 'Mozilla/5.0 (Windows NT 6.1; Trident/7.0; rv:11.0) like Gecko'),
(108, '121.187.143.164', '2015-09-10', '16:14:35', 'http://mjsoft.co/html/millennium/e_commerce.php', 'Mozilla/5.0 (Windows NT 6.1; Trident/7.0; rv:11.0) like Gecko'),
(109, '58.151.27.172', '2015-09-10', '17:27:06', '', 'Mozilla/5.0 (Windows NT 6.1; WOW64) AppleWebKit/537.36 (KHTML, like Gecko) Chrome/45.0.2454.85 Safari/537.36'),
(110, '222.233.62.138', '2015-09-10', '20:58:41', 'http://www.mjsoft.co/html/millennium/e_commerce.php', 'Mozilla/5.0 (Windows NT 6.1; Trident/7.0; rv:11.0) like Gecko'),
(111, '203.226.208.44', '2015-09-11', '20:38:26', 'http://mjsoft.co/mjshop/', 'Mozilla/5.0 (Linux; Android 4.4.2; ko-kr; IM-A880S Build/KVT49L) AppleWebKit/537.36 (KHTML, like Gecko) Version/4.0 Chrome/30.0.0.0 Mobile Safari/537.36'),
(112, '223.33.180.42', '2015-09-12', '19:31:13', 'http://mjsoft.co/mjshop/', 'Mozilla/5.0 (Linux; Android 4.4.2; ko-kr; IM-A880S Build/KVT49L) AppleWebKit/537.36 (KHTML, like Gecko) Version/4.0 Chrome/30.0.0.0 Mobile Safari/537.36'),
(113, '58.151.27.172', '2015-09-14', '08:56:11', '', 'Mozilla/5.0 (Windows NT 6.1; WOW64) AppleWebKit/537.36 (KHTML, like Gecko) Chrome/45.0.2454.85 Safari/537.36'),
(114, '221.141.91.28', '2015-09-14', '09:18:02', 'http://mjsoft.co/html/millennium/e_commerce.php#', 'Mozilla/5.0 (Windows NT 6.1; Trident/7.0; rv:11.0) like Gecko'),
(115, '115.86.192.75', '2015-09-14', '09:45:48', 'http://www.mjsoft.co/html/millennium/e_commerce.php', 'Mozilla/4.0 (compatible; MSIE 7.0; Windows NT 6.1; WOW64; Trident/6.0; SLCC2; .NET CLR 2.0.50727; .NET CLR 3.5.30729; .NET CLR 3.0.30729; Media Center PC 6.0; InfoPath.2; .NET4.0C; .NET4.0E)'),
(116, '222.97.82.86', '2015-09-14', '12:54:23', 'http://mjsoft.co/html/millennium/e_commerce.php', 'Mozilla/5.0 (Windows NT 6.1; WOW64) AppleWebKit/537.36 (KHTML, like Gecko) Chrome/45.0.2454.85 Safari/537.36'),
(117, '173.252.90.97', '2015-09-14', '13:31:23', '', 'facebookexternalhit/1.1 (+http://www.facebook.com/externalhit_uatext.php)'),
(118, '66.249.84.233', '2015-09-14', '13:31:45', '', 'Mozilla/5.0 (Windows NT 6.1; rv:6.0) Gecko/20110814 Firefox/6.0 Google (+https://developers.google.com/+/web/snippet/)'),
(119, '119.199.86.108', '2015-09-14', '20:22:31', 'http://www.mjsoft.co/html/millennium/e_commerce.php', 'Mozilla/5.0 (Linux; Android 4.4.2; LG-F320S Build/KOT49I.F320S22h) AppleWebKit/537.36 (KHTML, like Gecko) Chrome/30.0.1599.103 Mobile Safari/537.36'),
(120, '58.237.6.5', '2015-09-14', '23:51:09', 'http://mjsoft.co/mjshop/', 'Mozilla/5.0 (Linux; Android 4.4.2; ko-kr; IM-A880S Build/KVT49L) AppleWebKit/537.36 (KHTML, like Gecko) Version/4.0 Chrome/30.0.0.0 Mobile Safari/537.36'),
(121, '101.235.2.29', '2015-09-15', '05:22:12', 'http://www.mjsoft.co/html/millennium/e_commerce.php', 'Mozilla/5.0 (Windows NT 6.1; Trident/7.0; rv:11.0) like Gecko'),
(122, '58.151.27.172', '2015-09-15', '09:26:14', '', 'Mozilla/5.0 (Windows NT 6.1; WOW64; Trident/7.0; rv:11.0) like Gecko'),
(123, '223.62.213.69', '2015-09-15', '19:10:35', 'http://mjsoft.co/mjshop/', 'Mozilla/5.0 (Linux; Android 4.4.2; ko-kr; IM-A880S Build/KVT49L) AppleWebKit/537.36 (KHTML, like Gecko) Version/4.0 Chrome/30.0.0.0 Mobile Safari/537.36'),
(124, '218.101.171.223', '2015-09-16', '00:32:53', 'http://mijinsoft.co.kr/html/millennium/e_commerce.php', 'Mozilla/5.0 (Windows NT 6.1; WOW64; Trident/7.0; rv:11.0) like Gecko'),
(125, '58.151.27.172', '2015-09-16', '16:55:39', 'http://mjsoft.co/mjshop/adm/shop_admin/otms_goods_get.php', 'Mozilla/5.0 (Windows NT 6.1; WOW64; Trident/7.0; rv:11.0) like Gecko'),
(126, '58.151.27.172', '2015-09-17', '08:47:54', '', 'Mozilla/5.0 (Windows NT 10.0; WOW64; Trident/7.0; rv:11.0) like Gecko'),
(127, '58.151.27.172', '2015-09-18', '17:27:58', 'http://mjsoft.co/mjshop/adm/shop_admin/otms_goods_get.php', 'Mozilla/5.0 (Windows NT 6.1; WOW64; Trident/7.0; rv:11.0) like Gecko'),
(128, '58.151.27.172', '2015-09-21', '08:40:07', '', 'Mozilla/5.0 (Windows NT 6.1; WOW64; Trident/7.0; rv:11.0) like Gecko'),
(129, '58.151.27.172', '2015-09-22', '09:00:40', 'http://mjsoft.co/mjshop/adm/shop_admin/index.php', 'Mozilla/5.0 (Windows NT 6.1; WOW64; Trident/7.0; rv:11.0) like Gecko'),
(130, '58.151.27.172', '2015-09-23', '09:05:03', 'http://mjsoft.co/mjshop/adm/shop_admin/index.php', 'Mozilla/5.0 (Windows NT 6.1; WOW64; Trident/7.0; rv:11.0) like Gecko'),
(131, '112.154.138.69', '2015-09-23', '22:25:27', 'http://www.mijinsoft.co.kr/html/millennium/e_commerce.php', 'Mozilla/5.0 (Windows NT 6.3; WOW64; Trident/7.0; MASMJS; rv:11.0) like Gecko'),
(132, '58.151.27.172', '2015-09-24', '09:18:27', 'http://mjsoft.co/mjshop/adm/shop_admin/index.php', 'Mozilla/5.0 (Windows NT 6.1; WOW64; Trident/7.0; rv:11.0) like Gecko'),
(133, '58.151.27.172', '2015-09-25', '10:00:56', 'http://mjsoft.co/mjshop/adm/shop_admin/otms_order_list.php', 'Mozilla/5.0 (Windows NT 6.1; WOW64; Trident/7.0; rv:11.0) like Gecko'),
(134, '106.245.56.253', '2015-09-26', '12:36:36', 'http://mjsoft.co/html/millennium/e_commerce.php', 'Mozilla/5.0 (Windows NT 6.1; WOW64; Trident/7.0; rv:11.0) like Gecko'),
(135, '111.26.30.99', '2015-09-27', '19:09:11', 'http://mjsoft.co/html/millennium/e_commerce.php', 'Mozilla/4.0 (compatible; MSIE 8.0; Windows NT 5.1; Trident/4.0)'),
(136, '58.151.27.172', '2015-09-30', '08:41:28', '', 'Mozilla/5.0 (Windows NT 6.1; WOW64; Trident/7.0; rv:11.0) like Gecko'),
(137, '58.151.27.172', '2015-10-01', '09:00:02', 'http://mjsoft.co/mjshop/adm/shop_admin/index.php', 'Mozilla/5.0 (Windows NT 6.1; WOW64; Trident/7.0; rv:11.0) like Gecko'),
(138, '58.151.27.172', '2015-10-02', '08:58:40', '', 'Mozilla/5.0 (Windows NT 6.1; WOW64; Trident/7.0; rv:11.0) like Gecko'),
(139, '39.120.219.91', '2015-10-02', '10:20:43', 'http://mjsoft.co/html/millennium/e_commerce.php#', 'Mozilla/5.0 (Windows NT 6.1; WOW64; Trident/7.0; rv:11.0) like Gecko'),
(140, '39.112.22.19', '2015-10-02', '14:27:46', 'http://mjsoft.co/html/millennium/e_commerce.php', 'Mozilla/5.0 (Windows NT 10.0; WOW64; Trident/7.0; rv:11.0) like Gecko'),
(141, '58.151.27.172', '2015-10-05', '08:41:44', '', 'Mozilla/5.0 (Windows NT 6.1; WOW64; Trident/7.0; rv:11.0) like Gecko'),
(142, '82.80.230.228', '2015-10-06', '08:04:55', 'http://www.mjsoft.co/html/millennium/e_commerce.php', 'Mozilla/5.0 (Windows NT 6.1; WOW64) AppleWebKit/537.36 (KHTML, like Gecko) Chrome/32.0.1700.41 Safari/537.36'),
(143, '58.151.27.172', '2015-10-07', '09:56:16', '', 'Mozilla/5.0 (Windows NT 6.1; WOW64; Trident/7.0; rv:11.0) like Gecko');

-- --------------------------------------------------------

--
-- 테이블 구조 `g5_visit_sum`
--

CREATE TABLE IF NOT EXISTS `g5_visit_sum` (
  `vs_date` date NOT NULL DEFAULT '0000-00-00',
  `vs_count` int(11) NOT NULL DEFAULT '0',
  PRIMARY KEY (`vs_date`),
  KEY `index1` (`vs_count`)
) ENGINE=MyISAM DEFAULT CHARSET=utf8;

--
-- 테이블의 덤프 데이터 `g5_visit_sum`
--

INSERT INTO `g5_visit_sum` (`vs_date`, `vs_count`) VALUES
('2015-07-06', 1),
('2015-07-07', 2),
('2015-07-08', 1),
('2015-07-09', 1),
('2015-07-10', 2),
('2015-07-13', 1),
('2015-07-14', 3),
('2015-07-15', 2),
('2015-07-16', 1),
('2015-07-17', 1),
('2015-07-18', 1),
('2015-07-20', 1),
('2015-07-21', 1),
('2015-07-22', 4),
('2015-07-23', 5),
('2015-07-24', 3),
('2015-07-27', 1),
('2015-07-28', 1),
('2015-07-30', 1),
('2015-07-31', 3),
('2015-08-01', 1),
('2015-08-03', 1),
('2015-08-04', 1),
('2015-08-05', 1),
('2015-08-06', 1),
('2015-08-07', 1),
('2015-08-08', 1),
('2015-08-10', 5),
('2015-08-11', 3),
('2015-08-12', 4),
('2015-08-13', 1),
('2015-08-14', 1),
('2015-08-17', 1),
('2015-08-18', 1),
('2015-08-19', 1),
('2015-08-20', 1),
('2015-08-21', 1),
('2015-08-24', 5),
('2015-08-25', 4),
('2015-08-26', 1),
('2015-08-27', 6),
('2015-08-28', 4),
('2015-08-29', 1),
('2015-08-30', 1),
('2015-08-31', 3),
('2015-09-01', 3),
('2015-09-02', 2),
('2015-09-03', 2),
('2015-09-04', 4),
('2015-09-05', 1),
('2015-09-06', 1),
('2015-09-07', 2),
('2015-09-08', 3),
('2015-09-09', 2),
('2015-09-10', 3),
('2015-09-11', 1),
('2015-09-12', 1),
('2015-09-14', 8),
('2015-09-15', 3),
('2015-09-16', 2),
('2015-09-17', 1),
('2015-09-18', 1),
('2015-09-21', 1),
('2015-09-22', 1),
('2015-09-23', 2),
('2015-09-24', 1),
('2015-09-25', 1),
('2015-09-26', 1),
('2015-09-27', 1),
('2015-09-30', 1),
('2015-10-01', 1),
('2015-10-02', 3),
('2015-10-05', 1),
('2015-10-06', 1),
('2015-10-07', 1);

-- --------------------------------------------------------

--
-- 테이블 구조 `otms_goods`
--

CREATE TABLE IF NOT EXISTS `otms_goods` (
  `idx` int(11) NOT NULL AUTO_INCREMENT COMMENT 'idx',
  `SiteId` varchar(4) NOT NULL COMMENT '사이트구분 g/a/11',
  `GoodsNo` int(11) NOT NULL COMMENT '상품코드(자체구분자?)',
  `MasterId` int(11) NOT NULL COMMENT '마스터ID',
  `SellerId` varchar(20) NOT NULL COMMENT '셀러ID',
  `SellerCustNo` varchar(50) NOT NULL COMMENT '옥션은id, 지마켓은 숫자',
  `SiteGoodsNo` varchar(20) NOT NULL COMMENT '마켓에서 검색가능한 상품코드',
  `SellType` int(1) NOT NULL,
  `SiteCategoryCode` varchar(50) NOT NULL COMMENT '카테고리코드',
  `SiteCategoryCode11` varchar(250) NOT NULL,
  `MakerId` int(11) NOT NULL,
  `MakerName` varchar(150) NOT NULL,
  `BrandId` int(11) NOT NULL,
  `BrandName` varchar(150) NOT NULL,
  `UserDefineBrandName` varchar(150) NOT NULL,
  `UserDefineMakerName` varchar(150) NOT NULL,
  `OptAddSiteGoodsNo` int(11) NOT NULL,
  `GoodsType` int(11) NOT NULL,
  `GoodsName` varchar(250) NOT NULL COMMENT '상품명',
  `EngGoodsName` varchar(250) NOT NULL COMMENT '상품명(영문)',
  `StockQty` int(11) NOT NULL COMMENT '재고',
  `OptSelUseIs` int(11) NOT NULL COMMENT '옵션?',
  `OptAddUseIs` int(11) NOT NULL COMMENT '추가옵션?',
  `SellPrice` int(11) NOT NULL COMMENT '판매가격',
  `DispStartDate` varchar(50) NOT NULL COMMENT '판매시작일자',
  `DispEndDate` varchar(50) CHARACTER SET ucs2 NOT NULL COMMENT '판매종료일자',
  `SiteRegDate` varchar(50) NOT NULL COMMENT '등록일자',
  `SiteUpdDate` varchar(50) NOT NULL COMMENT '수정일자',
  `MobileOnlyIs` int(11) NOT NULL COMMENT '모바일만?',
  `OverseaAgreeType` int(11) NOT NULL COMMENT '해외배송여부?',
  `ListImgUrl` varchar(250) NOT NULL,
  `desc_item` text NOT NULL COMMENT '상세설명(상품)',
  `desc_prom` text NOT NULL COMMENT '상세설명(프로모션)',
  `desc_add` text NOT NULL COMMENT '상세설명(추가구성)',
  `it_option_subject` varchar(250) NOT NULL COMMENT '상품옵션 명칭 리스트',
  `it_supply_subject` varchar(250) NOT NULL COMMENT '추가옵션 명칭 리스트',
  PRIMARY KEY (`idx`)
) ENGINE=MyISAM  DEFAULT CHARSET=utf8 AUTO_INCREMENT=6 ;

--
-- 테이블의 덤프 데이터 `otms_goods`
--

INSERT INTO `otms_goods` (`idx`, `SiteId`, `GoodsNo`, `MasterId`, `SellerId`, `SellerCustNo`, `SiteGoodsNo`, `SellType`, `SiteCategoryCode`, `SiteCategoryCode11`, `MakerId`, `MakerName`, `BrandId`, `BrandName`, `UserDefineBrandName`, `UserDefineMakerName`, `OptAddSiteGoodsNo`, `GoodsType`, `GoodsName`, `EngGoodsName`, `StockQty`, `OptSelUseIs`, `OptAddUseIs`, `SellPrice`, `DispStartDate`, `DispEndDate`, `SiteRegDate`, `SiteUpdDate`, `MobileOnlyIs`, `OverseaAgreeType`, `ListImgUrl`, `desc_item`, `desc_prom`, `desc_add`, `it_option_subject`, `it_supply_subject`) VALUES
(1, 'au', 1978453505, 244502, 'mjsoft1', 'mjsoft1', 'B249412694', 1, '22100100', '', 0, '', 0, '', '', '', 0, 2, '리퍼키보드 판매테스트', '', 99998, 1, 0, 1000, '1433775600', '1436453999', '1433812765', '1433812767', 0, 0, 'http://image.auction.co.kr/itemimage/d1/3b/14/d13b14910.jpg', '테스트 상품입니다. 구매하지 마시기 바랍니다.', '', '', '', ''),
(2, 'gm', 1975200571, 244502, 'mjsoft1', '126340163', '686207149', 1, '100000002200002047300011628', '', 1466685, '기타 (미입력)', 0, '', '', '', 686207149, 1, '리퍼키보드 판매테스트 2', 'keyboard refer', 4, 1, 0, 1000, '1444091535', '1446735599', '1433228360', '1444091537', 0, 0, 'http://gdimg1.gmarket.co.kr/goods_image2/large_img/686/207/686207149.jpg', '테스트 상품입니다. 구매하지 마시기 바랍니다.', '테스트 상품입니다. 구매하지 마시기 바랍니다.3', '테스트 상품입니다. 구매하지 마시기 바랍니다.2', '사이즈(인치)', ''),
(3, 'au', 1975200542, 244502, 'mjsoft1', 'mjsoft1', 'B248413387', 1, '22100100', '', 0, '', 0, '', '', '', 0, 2, '리퍼키보드 판매테스트 2', '', 99999, 1, 1, 1000, '1433170800', '1444143599', '1433228357', '1433746962', 0, 0, 'http://image.auction.co.kr/itemimage/d0/76/58/d076581f0.jpg', '테스트 상품입니다. 구매하지 마시기 바랍니다.', '테스트 상품입니다. 구매하지 마시기 바랍니다.5', '테스트 상품입니다. 구매하지 마시기 바랍니다.4', '색상,크기,타입', '크기,색상'),
(4, 'au', 1974993524, 244502, 'mjsoft1', 'mjsoft1', 'B248340705', 1, '22100100', '', 0, '', 0, '', '', '', 0, 2, '리퍼키보드 판매테스트', '', 99999, 1, 0, 1000, '1433170800', '1435849199', '1433203142', '1433826878', 0, 0, 'http://image.auction.co.kr/itemimage/d0/6c/4a/d06c4abd0.jpg', '테스트 상품입니다. 구매하지 마시기 바랍니다.', '', '', '색상,단위', ''),
(5, '11', 0, 0, 'mjsoft1', '', '1297818707', 0, '85', '1-64-64-85', 0, '', 0, '', '', '', 0, 0, '리퍼키보드 판매테스트 2', '', 189, 3, 0, 1000, '1434553200', '1444834800', '1434553200', '1442329200', 0, 0, 'http://image.11st.co.kr/ak/8/1/8/7/0/7/1297818707_B.jpg', '판매테스트입니다. 구매하지 마세요.', '', '', '색상,크기,용도', '메모리,케이블,마우스');

-- --------------------------------------------------------

--
-- 테이블 구조 `otms_goods_opt`
--

CREATE TABLE IF NOT EXISTS `otms_goods_opt` (
  `idx` int(11) NOT NULL AUTO_INCREMENT,
  `SiteId` varchar(10) NOT NULL COMMENT '사이트코드',
  `siteGoodsNo` varchar(50) NOT NULL COMMENT '상품코드',
  `Qty` int(11) NOT NULL COMMENT '재고수량',
  `Price` int(11) NOT NULL COMMENT '금액',
  `opt_type` varchar(15) NOT NULL COMMENT '옵션종류(선택이냐, 추가옵션이냐)',
  `OptSelType` int(11) NOT NULL COMMENT '옵션차수',
  `SiteStockNo` varchar(20) NOT NULL,
  `ObjOptClaseNm1` varchar(150) NOT NULL,
  `ObjOptClaseNm2` varchar(150) NOT NULL,
  `ObjOptClaseNm3` varchar(150) NOT NULL,
  `ObjOptClaseNm4` varchar(150) NOT NULL,
  `DisplayIs` int(1) NOT NULL COMMENT '표시설정',
  `SoldOutIs` int(11) NOT NULL COMMENT '품절설정',
  PRIMARY KEY (`idx`)
) ENGINE=MyISAM  DEFAULT CHARSET=utf8 AUTO_INCREMENT=3038 ;

--
-- 테이블의 덤프 데이터 `otms_goods_opt`
--

INSERT INTO `otms_goods_opt` (`idx`, `SiteId`, `siteGoodsNo`, `Qty`, `Price`, `opt_type`, `OptSelType`, `SiteStockNo`, `ObjOptClaseNm1`, `ObjOptClaseNm2`, `ObjOptClaseNm3`, `ObjOptClaseNm4`, `DisplayIs`, `SoldOutIs`) VALUES
(3037, '11', '1297818707', 5, 4000, 'OptAdd', 0, '4756845905', '마우스', '레드', '', '', 0, 0),
(3030, '11', '1297818707', 10, 0, 'OptSel', 3, '4756845892', '적', 'L', '외부', '', 1, 0),
(3029, '11', '1297818707', 10, 0, 'OptSel', 3, '4756845891', '적', 'L', '내부', '', 1, 0),
(3028, '11', '1297818707', 10, 0, 'OptSel', 3, '4756845890', '적', 'X', '외부', '', 1, 0),
(3027, '11', '1297818707', 10, 0, 'OptSel', 3, '4756845889', '적', 'X', '내부', '', 1, 0),
(3026, '11', '1297818707', 10, 0, 'OptSel', 3, '4756845888', '녹', 'L', '외부', '', 1, 0),
(3025, '11', '1297818707', 10, 0, 'OptSel', 3, '4756845887', '녹', 'L', '내부', '', 1, 0),
(3024, '11', '1297818707', 10, 0, 'OptSel', 3, '4756845886', '녹', 'X', '외부', '', 1, 0),
(3036, '11', '1297818707', 4, 3000, 'OptAdd', 0, '4756845904', '마우스', '블랙', '', '', 1, 0),
(3035, '11', '1297818707', 44, 4400, 'OptAdd', 0, '4756845901', '케이블', 'CAT5', '', '', 1, 0),
(3023, '11', '1297818707', 10, 0, 'OptSel', 3, '4756845885', '녹', 'X', '내부', '', 1, 0),
(3022, '11', '1297818707', 10, 0, 'OptSel', 3, '4756845884', '파', 'L', '외부', '', 1, 0),
(3021, '11', '1297818707', 10, 0, 'OptSel', 3, '4756845883', '파', 'L', '내부', '', 1, 0),
(3020, '11', '1297818707', 10, 0, 'OptSel', 3, '4756845882', '파', 'X', '외부', '', 1, 0),
(2922, 'au', 'B248413387', 0, 200, 'OptAdd', 0, '11658337777', '색상', '노', '', '', 1, 0),
(2846, 'au', 'B249412694', 0, 0, 'OptTextList', 0, '', '기종', '', '', '', 1, 0),
(2845, 'au', 'B249412694', 0, 0, 'OptTextList', 0, '', '기종', '', '', '', 1, 0),
(2921, 'au', 'B248413387', 0, 200, 'OptAdd', 0, '11658337777', '색상', '노', '', '', 1, 0),
(2920, 'au', 'B248413387', 0, 100, 'OptAdd', 0, '11658337772', '색상', '빨', '', '', 1, 0),
(2919, 'au', 'B248413387', 0, 500, 'OptAdd', 0, '11658337769', '크기', 'S', '', '', 1, 0),
(2918, 'au', 'B248413387', 0, 400, 'OptAdd', 0, '11658337764', '크기', 'M', '', '', 1, 0),
(2917, 'au', 'B248413387', 0, 300, 'OptAdd', 0, '11658337758', '크기', 'L', '', '', 1, 0),
(2916, 'au', 'B248413387', 0, 200, 'OptAdd', 0, '11658337755', '크기', 'XL', '', '', 1, 0),
(2915, 'au', 'B248413387', 2098, 0, 'OptSel', 3, '11657980611', '골드블랙', 'S', '약', '', 1, 0),
(2914, 'au', 'B248413387', 2083, 0, 'OptSel', 3, '11657980610', '골드블랙', 'S', '중', '', 1, 0),
(2913, 'au', 'B248413387', 2083, 0, 'OptSel', 3, '11657980609', '골드블랙', 'S', '강', '', 1, 0),
(2912, 'au', 'B248413387', 2083, 0, 'OptSel', 3, '11657980608', '골드블랙', 'M', '약', '', 1, 0),
(2911, 'au', 'B248413387', 2083, 0, 'OptSel', 3, '11657980607', '골드블랙', 'M', '중', '', 1, 0),
(2910, 'au', 'B248413387', 2083, 0, 'OptSel', 3, '11657980605', '골드블랙', 'M', '강', '', 1, 0),
(2909, 'au', 'B248413387', 2083, 0, 'OptSel', 3, '11657980604', '골드블랙', 'L', '약', '', 1, 0),
(2908, 'au', 'B248413387', 2083, 0, 'OptSel', 3, '11657980603', '골드블랙', 'L', '중', '', 1, 0),
(2907, 'au', 'B248413387', 2083, 0, 'OptSel', 3, '11657980602', '골드블랙', 'L', '강', '', 1, 0),
(2906, 'au', 'B248413387', 2083, 0, 'OptSel', 3, '11657980601', '골드블랙', 'XL', '약', '', 1, 0),
(2904, 'au', 'B248413387', 2083, 0, 'OptSel', 3, '11657980599', '골드블랙', 'XL', '강', '', 1, 0),
(2905, 'au', 'B248413387', 2083, 0, 'OptSel', 3, '11657980600', '골드블랙', 'XL', '중', '', 1, 0),
(2903, 'au', 'B248413387', 2083, 0, 'OptSel', 3, '11657980597', '골드', 'S', '약', '', 1, 0),
(2902, 'au', 'B248413387', 2083, 0, 'OptSel', 3, '11657980596', '골드', 'S', '중', '', 1, 0),
(2901, 'au', 'B248413387', 2083, 0, 'OptSel', 3, '11657980595', '골드', 'S', '강', '', 1, 0),
(2900, 'au', 'B248413387', 2083, 0, 'OptSel', 3, '11657980593', '골드', 'M', '약', '', 1, 0),
(2899, 'au', 'B248413387', 2083, 0, 'OptSel', 3, '11657980592', '골드', 'M', '중', '', 1, 0),
(2898, 'au', 'B248413387', 2083, 0, 'OptSel', 3, '11657980591', '골드', 'M', '강', '', 1, 0),
(2897, 'au', 'B248413387', 2083, 0, 'OptSel', 3, '11657980589', '골드', 'L', '약', '', 1, 0),
(2896, 'au', 'B248413387', 2083, 0, 'OptSel', 3, '11657980587', '골드', 'L', '중', '', 1, 0),
(2895, 'au', 'B248413387', 2083, 0, 'OptSel', 3, '11657980585', '골드', 'L', '강', '', 1, 0),
(2894, 'au', 'B248413387', 2083, 0, 'OptSel', 3, '11657980583', '골드', 'XL', '약', '', 1, 0),
(2893, 'au', 'B248413387', 2083, 0, 'OptSel', 3, '11657980581', '골드', 'XL', '중', '', 1, 0),
(2892, 'au', 'B248413387', 2083, 0, 'OptSel', 3, '11657980580', '골드', 'XL', '강', '', 1, 0),
(2891, 'au', 'B248413387', 2083, 0, 'OptSel', 3, '11657980578', '겨자색', 'S', '약', '', 1, 0),
(2890, 'au', 'B248413387', 2083, 0, 'OptSel', 3, '11657980576', '겨자색', 'S', '중', '', 1, 0),
(2889, 'au', 'B248413387', 2083, 0, 'OptSel', 3, '11657980574', '겨자색', 'S', '강', '', 1, 0),
(2888, 'au', 'B248413387', 2083, 0, 'OptSel', 3, '11657980573', '겨자색', 'M', '약', '', 1, 0),
(2887, 'au', 'B248413387', 2083, 0, 'OptSel', 3, '11657980572', '겨자색', 'M', '중', '', 1, 0),
(2886, 'au', 'B248413387', 2083, 0, 'OptSel', 3, '11657980571', '겨자색', 'M', '강', '', 1, 0),
(2885, 'au', 'B248413387', 2083, 0, 'OptSel', 3, '11657980570', '겨자색', 'L', '약', '', 1, 0),
(2884, 'au', 'B248413387', 2083, 0, 'OptSel', 3, '11657980569', '겨자색', 'L', '중', '', 1, 0),
(2883, 'au', 'B248413387', 2083, 0, 'OptSel', 3, '11657980568', '겨자색', 'L', '강', '', 1, 0),
(2882, 'au', 'B248413387', 2083, 0, 'OptSel', 3, '11657980567', '겨자색', 'XL', '약', '', 1, 0),
(2867, 'gm', '686207149', 0, 0, 'OptSel', 1, '3705017478', '사이즈(인치)', '9인치', '', '', 1, 0),
(2866, 'gm', '686207149', 0, 0, 'OptSel', 1, '3705017478', '사이즈(인치)', '9인치', '', '', 1, 0),
(2865, 'gm', '686207149', 0, 0, 'OptSel', 1, '3705017477', '사이즈(인치)', '8.9인치', '', '', 1, 0),
(2864, 'gm', '686207149', 0, 0, 'OptSel', 1, '3705017475', '사이즈(인치)', '8.3인치', '', '', 1, 0),
(2863, 'gm', '686207149', 0, 0, 'OptSel', 1, '3705017474', '사이즈(인치)', '7인치', '', '', 1, 0),
(2862, 'gm', '686207149', 0, 0, 'OptSel', 1, '3705017472', '사이즈(인치)', '17인치', '', '', 1, 0),
(2861, 'gm', '686207149', 0, 0, 'OptSel', 1, '3705017471', '사이즈(인치)', '17.3인치', '', '', 1, 0),
(2860, 'gm', '686207149', 0, 0, 'OptSel', 1, '3705017469', '사이즈(인치)', '16인치', '', '', 1, 0),
(2859, 'gm', '686207149', 0, 0, 'OptSel', 1, '3705017468', '사이즈(인치)', '15인치', '', '', 1, 0),
(2858, 'gm', '686207149', 0, 0, 'OptSel', 1, '3705017467', '사이즈(인치)', '15.6인치', '', '', 1, 0),
(2857, 'gm', '686207149', 0, 0, 'OptSel', 1, '3705017465', '사이즈(인치)', '14인치', '', '', 1, 0),
(2856, 'gm', '686207149', 0, 0, 'OptSel', 1, '3705017464', '사이즈(인치)', '14.1인치', '', '', 1, 0),
(2855, 'gm', '686207149', 0, 0, 'OptSel', 1, '3705017462', '사이즈(인치)', '13인치', '', '', 1, 0),
(2854, 'gm', '686207149', 0, 0, 'OptSel', 1, '3705017460', '사이즈(인치)', '13.3인치', '', '', 1, 0),
(2853, 'gm', '686207149', 0, 0, 'OptSel', 1, '3705017459', '사이즈(인치)', '12인치', '', '', 1, 0),
(2879, 'au', 'B248413387', 2083, 0, 'OptSel', 3, '11657980564', '갈색', 'S', '약', '', 1, 0),
(2881, 'au', 'B248413387', 2083, 0, 'OptSel', 3, '11657980566', '겨자색', 'XL', '중', '', 1, 0),
(2880, 'au', 'B248413387', 2083, 0, 'OptSel', 3, '11657980565', '겨자색', 'XL', '강', '', 1, 0),
(2874, 'au', 'B248413387', 2083, 0, 'OptSel', 3, '11657980559', '갈색', 'M', '강', '', 1, 0),
(2875, 'au', 'B248413387', 2083, 0, 'OptSel', 3, '11657980560', '갈색', 'M', '중', '', 1, 0),
(2876, 'au', 'B248413387', 2083, 0, 'OptSel', 3, '11657980561', '갈색', 'M', '약', '', 1, 0),
(2878, 'au', 'B248413387', 2083, 0, 'OptSel', 3, '11657980563', '갈색', 'S', '중', '', 1, 0),
(2929, 'au', 'B248340705', 16669, 0, 'OptSel', 2, '11661077842', '노랑', '100개', '', '', 1, 0),
(2928, 'au', 'B248340705', 16669, 0, 'OptSel', 2, '11661077842', '노랑', '100개', '', '', 1, 0),
(2927, 'au', 'B248340705', 16666, 0, 'OptSel', 2, '11661077841', '노랑', '10개', '', '', 1, 0),
(2926, 'au', 'B248340705', 16666, 0, 'OptSel', 2, '11661077840', '노랑', '1개', '', '', 1, 0),
(2925, 'au', 'B248340705', 16666, 0, 'OptSel', 2, '11661077839', '그린', '100개', '', '', 1, 0),
(3019, '11', '1297818707', 10, 0, 'OptSel', 3, '4756845881', '파', 'X', '내부', '', 1, 0),
(2877, 'au', 'B248413387', 2083, 0, 'OptSel', 3, '11657980562', '갈색', 'S', '강', '', 1, 0),
(3018, '11', '1297818707', 10, 0, 'OptSel', 3, '4756845880', '노', 'L', '외부', '', 1, 0),
(3017, '11', '1297818707', 10, 0, 'OptSel', 3, '4756845879', '노', 'L', '내부', '', 1, 0),
(3016, '11', '1297818707', 10, 0, 'OptSel', 3, '4756845878', '노', 'X', '외부', '', 1, 0),
(3015, '11', '1297818707', 10, 0, 'OptSel', 3, '4756845877', '노', 'X', '내부', '', 1, 0),
(3014, '11', '1297818707', 10, 0, 'OptSel', 3, '4756845876', '붉', 'L', '외부', '', 1, 0),
(3013, '11', '1297818707', 10, 0, 'OptSel', 3, '4756845875', '붉', 'L', '내부', '', 1, 0),
(3012, '11', '1297818707', 9, 0, 'OptSel', 3, '4756845874', '붉', 'X', '외부', '', 1, 0),
(3011, '11', '1297818707', 10, 1000, 'OptSel', 3, '4756845893', '붉', 'X', '내부', '', 1, 1),
(3034, '11', '1297818707', 33, 3000, 'OptAdd', 0, '4756845900', '케이블', 'CAT3', '', '', 1, 0),
(3033, '11', '1297818707', 100, 40000, 'OptAdd', 0, '4756845899', '메모리', '8GB', '', '', 1, 0),
(3032, '11', '1297818707', 33, 20000, 'OptAdd', 0, '4756845897', '메모리', '4GB', '', '', 1, 0),
(3031, '11', '1297818707', 98, 10000, 'OptAdd', 0, '4756845896', '메모리', '2GB', '', '', 1, 0),
(2852, 'gm', '686207149', 0, 0, 'OptSel', 1, '3705017457', '사이즈(인치)', '12.5인치', '', '', 1, 0),
(2851, 'gm', '686207149', 0, 0, 'OptSel', 1, '3705017456', '사이즈(인치)', '12.1인치', '', '', 1, 0),
(2850, 'gm', '686207149', 0, 0, 'OptSel', 1, '3705017454', '사이즈(인치)', '11인치', '', '', 1, 0),
(2873, 'au', 'B248413387', 2083, 0, 'OptSel', 3, '11657980558', '갈색', 'L', '약', '', 1, 0),
(2872, 'au', 'B248413387', 2083, 0, 'OptSel', 3, '11657980557', '갈색', 'L', '중', '', 1, 0),
(2871, 'au', 'B248413387', 2083, 0, 'OptSel', 3, '11657980556', '갈색', 'L', '강', '', 1, 0),
(2923, 'au', 'B248340705', 16666, 0, 'OptSel', 2, '11661077835', '그린', '1개', '', '', 1, 0),
(2848, 'gm', '686207149', 0, 0, 'OptSel', 1, '3705017450', '사이즈(인치)', '10인치', '', '', 1, 0),
(2849, 'gm', '686207149', 0, 0, 'OptSel', 1, '3705017452', '사이즈(인치)', '11.6인치', '', '', 1, 0),
(2869, 'au', 'B248413387', 2083, 0, 'OptSel', 3, '11657980553', '갈색', 'XL', '중', '', 1, 0),
(2868, 'au', 'B248413387', 2083, 0, 'OptSel', 3, '11657980552', '갈색', 'XL', '강', '', 1, 0),
(2924, 'au', 'B248340705', 16666, 0, 'OptSel', 2, '11661077837', '그린', '10개', '', '', 1, 0),
(2870, 'au', 'B248413387', 2083, 0, 'OptSel', 3, '11657980555', '갈색', 'XL', '약', '', 1, 0),
(2847, 'gm', '686207149', 0, 0, 'OptSel', 1, '3705017449', '사이즈(인치)', '10.1인치', '', '', 1, 0),
(2844, 'au', 'B249412694', 0, 0, 'OptTextList', 0, '', '색상', '', '', '', 1, 0);

-- --------------------------------------------------------

--
-- 테이블 구조 `otms_ordergoods`
--

CREATE TABLE IF NOT EXISTS `otms_ordergoods` (
  `idx` int(11) NOT NULL AUTO_INCREMENT,
  `last_up_pos` varchar(5) NOT NULL,
  `OrderNo` varchar(30) NOT NULL COMMENT '주문번호, 11번가는 여러상품주문시 주문번호가 같기에 ORD_PRD_SEQ 순번을 끝에 붙혀서 구분',
  `SiteID` varchar(50) NOT NULL COMMENT '사이트구분',
  `SiteIDValue` varchar(150) NOT NULL COMMENT '?',
  `SellerCustNo` varchar(50) NOT NULL COMMENT '셀러아이디',
  `SellerID` varchar(100) NOT NULL COMMENT '셀러아이디2',
  `SiteOrderNo` varchar(30) NOT NULL COMMENT '사이트 주문번호',
  `GoodsNo` varchar(30) NOT NULL COMMENT '상품코드',
  `GoodsName` varchar(250) NOT NULL COMMENT '상품명',
  `PayExpireDate` date NOT NULL COMMENT '주문만료일(입금만료일)',
  `PayDate` datetime NOT NULL COMMENT '결제일',
  `BuyerID` varchar(50) NOT NULL COMMENT '주문자ID',
  `BuyerName` varchar(50) NOT NULL COMMENT '주문자명',
  `OrderAmnt` int(11) NOT NULL COMMENT '주문금액',
  `OrderQty` int(11) NOT NULL COMMENT '주문갯수',
  `SelOption` text NOT NULL COMMENT '선택옵션',
  `AddOption` text NOT NULL COMMENT '추가옵션',
  `OrderDate` datetime NOT NULL COMMENT '주문일시',
  `OrderConfirmDate` datetime NOT NULL COMMENT '주문확인일시',
  `DepositConfirmDate` datetime NOT NULL COMMENT '결제확인일시?',
  `DistrType` varchar(100) NOT NULL COMMENT '?',
  `PackingCount` int(11) NOT NULL COMMENT '?',
  `PackingQty` int(11) NOT NULL COMMENT '?',
  `DeliveryStatus` varchar(30) NOT NULL COMMENT '배송상태명',
  `DeliveryStatusCode` int(11) NOT NULL COMMENT '?',
  `TransNo` varchar(20) NOT NULL COMMENT '작업번호?(11번가 DLV_NO코드)',
  `DeliveryFeeType` varchar(50) NOT NULL COMMENT '배송료 결제방식',
  `DeliveryFee` varchar(250) NOT NULL COMMENT '배송료',
  `DeliveryComp` int(11) NOT NULL COMMENT '택배업체코드',
  `DeliveryCompNm` text NOT NULL COMMENT '택배업체명',
  `InvoiceNo` varchar(50) NOT NULL COMMENT '운송장번호',
  `RcverName` varchar(50) NOT NULL COMMENT '수취인명',
  `RcverInfoCp` varchar(50) NOT NULL COMMENT '수취인 핸드폰',
  `RcverInfoHt` varchar(50) NOT NULL COMMENT '수취인 전화번호',
  `ZipCode` varchar(10) NOT NULL COMMENT '우편번호',
  `RcverInfoAd` varchar(250) NOT NULL COMMENT '수취인 주소',
  `DeliveryMemo` varchar(250) NOT NULL COMMENT '배송메모',
  `SettleStatus` varchar(50) NOT NULL COMMENT '결제상태',
  `BuyerCp` varchar(50) NOT NULL COMMENT '구매자 핸드폰',
  `BuyerHt` varchar(50) NOT NULL COMMENT '구매자 전화번호',
  `ServiceUseAmnt` int(11) NOT NULL COMMENT '정산 수수료',
  `SttlExpectedAmnt` int(11) NOT NULL COMMENT '정산 예정금액',
  `SendProcessGbn` varchar(50) NOT NULL COMMENT '배송프로세스 구분',
  `DeliveryTypeCode` varchar(10) NOT NULL COMMENT '?(11번가 ADD_PRD_NO, BSN_DEAL_CLF, GBL_ITG_MEM_NO, PART_DLV_YN저장용 사용)',
  `SellPrice` int(11) NOT NULL COMMENT '상품기본가',
  `RcverInfoPacking` varchar(250) NOT NULL COMMENT '배송 관련 정보?',
  `MarketType` varchar(100) NOT NULL COMMENT '판매구분',
  PRIMARY KEY (`idx`)
) ENGINE=MyISAM  DEFAULT CHARSET=utf8 AUTO_INCREMENT=17 ;

--
-- 테이블의 덤프 데이터 `otms_ordergoods`
--

INSERT INTO `otms_ordergoods` (`idx`, `last_up_pos`, `OrderNo`, `SiteID`, `SiteIDValue`, `SellerCustNo`, `SellerID`, `SiteOrderNo`, `GoodsNo`, `GoodsName`, `PayExpireDate`, `PayDate`, `BuyerID`, `BuyerName`, `OrderAmnt`, `OrderQty`, `SelOption`, `AddOption`, `OrderDate`, `OrderConfirmDate`, `DepositConfirmDate`, `DistrType`, `PackingCount`, `PackingQty`, `DeliveryStatus`, `DeliveryStatusCode`, `TransNo`, `DeliveryFeeType`, `DeliveryFee`, `DeliveryComp`, `DeliveryCompNm`, `InvoiceNo`, `RcverName`, `RcverInfoCp`, `RcverInfoHt`, `ZipCode`, `RcverInfoAd`, `DeliveryMemo`, `SettleStatus`, `BuyerCp`, `BuyerHt`, `ServiceUseAmnt`, `SttlExpectedAmnt`, `SendProcessGbn`, `DeliveryTypeCode`, `SellPrice`, `RcverInfoPacking`, `MarketType`) VALUES
(1, '1RC', '1291049398', 'au', '1', 'mjsoft1', 'mjsoft1', '1084836769', 'B248413387', '리퍼키보드 판매테스트 2', '2015-09-29', '0000-00-00 00:00:00', 'ryu***', '박*원', 1300, 1, '갈색 / XL / 중 / 1개 - ', '크기:L/300원/1개', '2015-09-21 18:40:00', '0000-00-00 00:00:00', '0000-00-00 00:00:00', '일반주문', 0, 0, '', 0, '', '', '', 0, '', '', '', '', '', '', '', '', '', '', '', 0, 0, '', '', 0, '', ''),
(3, '2NO', '1291622932', 'au', '1', 'mjsoft1', 'mjsoft1', '1085054062', 'B248413387', '리퍼키보드 판매테스트 2', '0000-00-00', '2015-09-22 10:23:00', 'ryu***', '박성원', 1200, 1, '겨자색 / XL / 강 / 1개 - ', '크기:XL/200원/1개', '2015-09-22 10:23:00', '0000-00-00 00:00:00', '2015-09-22 10:23:00', '일반주문', 0, 0, '', 0, '532065673', '선불', '<span class="css_btn11" style="padding-right:0;"><a style="cursor:pointer" onclick="NewOrderEvents.DeliveryFeePopup(''mjsoft1'',''1085054062'');">상세보기</a></span>', 0, '', '', '박성원', '010-9357-0525', '--', '701-812', '대구광역시 동구 신암동  250-1 101동 1407호', '', '', '010-9357-0525', '053-953-0525', 48, 1, '', 'A0', 1000, '', ''),
(4, '4GS', '1291860479', 'au', '1', 'mjsoft1', 'mjsoft1', '1085147458', 'B248413387', '리퍼키보드 판매테스트 2', '0000-00-00', '2015-09-22 13:44:00', 'ryu***', '박성원', 1000, 1, '골드블랙 / S / 강 / 1개 - ', '', '2015-09-22 00:00:00', '2015-09-22 15:20:00', '2015-09-22 13:44:00', '일반주문', 0, 0, '배송중', 0, '532136114', '선불', '<span class="css_btn11" style="padding-right:0;"><a style="cursor:pointer" onclick="SendingEvents.DeliveryFeePopup(''mjsoft1'',''1085147458'');">상세보기</a></span>', 10070, '기타발송', '', '박성원', '010-9357-0525', '--', '701-812', '대구광역시 동구 신암동  250-1 101동 1407호', '', '', '010-9357-0525', '053-953-0525', 40, 960, '교환', 'A0', 1000, '박성원--010-9357-0525대구광역시 동구 신암동  250-1 101동 1407호', '오픈마켓'),
(5, '3GD', '3015092370990261', '11', '11', 'mjsoft1', 'mjsoft1', '301509237099026', '1297818707', '리퍼키보드 판매테스트 2', '0000-00-00', '0000-00-00 00:00:00', 'ryun**', '박성원', 1000, 1, '마우스:12,키보드:12,색상:붉,크기:X,용도:외부-1개', '', '2015-09-23 14:08:26', '2015-09-23 14:08:26', '0000-00-00 00:00:00', '일반배송', 0, 0, '배송완료전', 0, '', '', '', 0, '', '', '박성원', '0504-2621-9789', '0504-2621-9789', '701812', '대구광역시 동구 신암4동  250-1 큰고개웰그린 101동 1407호', '', '배송준비중', '', '', 80, 920, '', '', 1, '', ''),
(6, '3GD', '4015092370990261', '11', '11', 'mjsoft1', 'mjsoft1', '401509237099026', '1297818707', '리퍼키보드 판매테스트 2', '0000-00-00', '0000-00-00 00:00:00', 'ryun**', '박성원', 1000, 1, '마우스:12,키보드:12,색상:붉,크기:X,용도:외부-1개', '', '2015-09-23 14:08:26', '2015-09-23 14:08:26', '0000-00-00 00:00:00', '일반배송', 0, 0, '배송완료전', 0, '', '', '', 0, '', '', '박성원', '0504-2621-9789', '0504-2621-9789', '701812', '대구광역시 동구 신암4동  250-1 큰고개웰그린 101동 1407호', '', '배송준비중', '', '', 80, 920, '', '', 1, '', ''),
(7, '4GS', '7015092370990261', '11', '11', 'mjsoft1', 'mjsoft1', '701509237099026', '1297818707', '리퍼키보드 판매테스트 2', '0000-00-00', '0000-00-00 00:00:00', 'ryun**', '박성원', 1000, 1, '마우스:12,키보드:12,색상:붉,크기:X,용도:외부-1개', '', '2015-09-23 14:08:26', '2015-09-23 14:08:26', '0000-00-00 00:00:00', '일반배송', 0, 0, '배송완료전', 0, '', '', '', 0, 'CJ대한통운', '689308705081', '박성원', '0504-2621-9789', '0504-2621-9789', '701812', '대구광역시 동구 신암4동  250-1 큰고개웰그린 101동 1407호', '', '배송중', '', '', 80, 920, '', '', 1, '', ''),
(8, '7RM', '2015092370990261', '11', '11', 'mjsoft1', 'mjsoft1', '201509237099026', '1297818707', '', '0000-00-00', '0000-00-00 00:00:00', 'ryun**', '박성원', 1000, 1, '마우스:12,키보드:12,색상:붉,크기:X,용도:외부-1개', '', '0000-00-00 00:00:00', '0000-00-00 00:00:00', '0000-00-00 00:00:00', '일반배송', 0, 0, '', 0, '', '', '', 0, '', '', '박성원', '0504-2621-9789', '', '', '', '', '', '', '', 0, 0, '', '', 0, '', ''),
(9, '1RC', '1293568830', 'au', '1', 'mjsoft1', 'mjsoft1', '1085750839', 'B248413387', '리퍼키보드 판매테스트 2', '2015-10-04', '0000-00-00 00:00:00', 'ryu***', '박*원', 1000, 1, '골드 / L / 강 / 1개 - ', '', '2015-09-24 18:01:00', '0000-00-00 00:00:00', '0000-00-00 00:00:00', '일반주문', 0, 0, '', 0, '', '', '', 0, '', '', '', '', '', '', '', '', '', '', '', 0, 0, '', '', 0, '', ''),
(10, '1RC', '1293568831', 'au', '1', 'mjsoft1', 'mjsoft1', '1085750840', 'B248413387', '리퍼키보드 판매테스트 2', '2015-10-04', '0000-00-00 00:00:00', 'ryu***', '박*원', 1000, 1, '갈색 / S / 강 / 1개 - ', '', '2015-09-24 18:01:00', '0000-00-00 00:00:00', '0000-00-00 00:00:00', '일반주문', 0, 0, '', 0, '', '', '', 0, '', '', '', '', '', '', '', '', '', '', '', 0, 0, '', '', 0, '', ''),
(11, '1RC', '1293569680', 'au', '1', 'mjsoft1', 'mjsoft1', '1085751134', 'B248413387', '리퍼키보드 판매테스트 2', '2015-10-04', '0000-00-00 00:00:00', 'ryu***', '박*원', 1000, 1, '골드블랙 / S / 약 / 1개 - ', '', '2015-09-24 18:03:00', '0000-00-00 00:00:00', '0000-00-00 00:00:00', '일반주문', 0, 0, '', 0, '', '', '', 0, '', '', '', '', '', '', '', '', '', '', '', 0, 0, '', '', 0, '', ''),
(12, '1RC', '1293569681', 'au', '1', 'mjsoft1', 'mjsoft1', '1085751135', 'B248413387', '리퍼키보드 판매테스트 2', '2015-10-04', '0000-00-00 00:00:00', 'ryu***', '박*원', 1900, 1, '겨자색 / L / 중 / 1개 - ', '크기:L/300원/1개, 크기:S/500원/1개, 색상:빨/100원/1개', '2015-09-24 18:03:00', '0000-00-00 00:00:00', '0000-00-00 00:00:00', '일반주문', 0, 0, '', 0, '', '', '', 0, '', '', '', '', '', '', '', '', '', '', '', 0, 0, '', '', 0, '', ''),
(13, '4GS', '1302971394', 'au', '1', 'mjsoft1', 'mjsoft1', '1089183699', 'B248413387', '리퍼키보드 판매테스트 2', '0000-00-00', '2015-10-06 12:02:00', 'ryu***', '박성원', 1000, 1, '골드 / M / 약 / 1개 - ', '', '2015-10-06 00:00:00', '2015-10-06 12:02:00', '2015-10-06 12:02:00', '일반주문', 0, 0, '배송중', 0, '535213778', '선불', '<span class="css_btn11" style="padding-right:0;"><a style="cursor:pointer" onclick="SendingEvents.DeliveryFeePopup(''mjsoft1'',''1089183699'');">상세보기</a></span>', 10013, 'CJ GLS택배', '689314496004', '박성원', '010-9357-0525', '--', '701-812', '대구광역시 동구 신암동  250-1 101동 1407호', '', '', '010-9357-0525', '053-953-0525', 40, 960, '교환', 'A3', 1000, '', '오픈마켓'),
(14, '4GS', '1302949564', 'au', '1', 'mjsoft1', 'mjsoft1', '1089175671', 'B248413387', '리퍼키보드 판매테스트 2', '0000-00-00', '2015-10-06 11:46:00', 'ryu***', '박성원', 1000, 1, '겨자색 / L / 강 / 1개 - ', '', '2015-10-06 00:00:00', '2015-10-06 11:49:00', '2015-10-06 11:46:00', '일반주문', 0, 0, '배송중', 0, '535207643', '선불', '<span class="css_btn11" style="padding-right:0;"><a style="cursor:pointer" onclick="SendingEvents.DeliveryFeePopup(''mjsoft1'',''1089175671'');">상세보기</a></span>', 10013, 'CJ GLS택배', '689319839314', '박성원', '010-9357-0525', '--', '701-812', '대구광역시 동구 신암동  250-1 101동 1407호', '', '', '010-9357-0525', '053-953-0525', 40, 960, '교환', 'A3', 1000, '', '오픈마켓'),
(15, '3GD', '1303159968', 'gm', '2', '126340163', 'mjsoft1', '1989409992', '686207149', '리퍼키보드 판매테스트 2', '0000-00-00', '2015-10-06 14:24:27', 'ryu***', '박성원', 1000, 1, '사이즈(인치):10인치/1개', '', '2015-10-06 14:24:27', '2015-10-06 14:42:43', '2015-10-06 14:24:29', '일반주문', 0, 0, '', 0, '', '선불', '0', 0, '<select style=''width: 140px;'' class=''selectType01 native''>		<option value="0" selected="selected">선택</option>		<option value="10013">CJ택배</option>		<option value="10001">대한통운</option>		<option value="10007">한진택배</option>		<option value="10005">우체국택배</option>		<option value="10008">현대택배</option>		<option value="10075">현대국제특송</option>		<option value="10003">로젠택배</option>		<option value="10004">동부익스프레스</option>		<option value="10010">KGB택배</option>		<option value="10073">CVSNET(편의점)</option>		<option value="10019">GTX로지스</option>		<option value="10011">하나로택배</option>		<option value="10015">일양택배</option>		<option value="10017">천일택배</option>		<option value="10014">대신택배</option>		<option value="10016">경동택배</option>		<option value="10074">합동택배</option>		<option value="10009">SC로지스</option>		<option value="10072">CJ국제특송</option>		<option value="10022">DHL</option>		<option value="10023">FEDEX</option>		<option value="10020">한진정기화물</option>		<option value="10021">OCS KOREA</option>		<option value="10006">등기우편</option>		<option value="10024">일반우편</option>		<option value="10025">퀵서비스</option>		<option value="10035">방문수령</option>		<option value="10027">LG전자물류</option>		<option value="10028">삼성전자물류</option>		<option value="10029">대우전자물류</option>		<option value="10030">기타가전물류</option>		<option value="10031">가구직배송</option>		<option value="10032">자체배송</option>		<option value="10036">EMS</option>		<option value="10037">양양택배</option>		<option value="10038">(소형항공)우체국</option>		<option value="10039">호남택배</option>		<option value="10040">한국택배</option>		<option value="10041">USPS</option>		<option value="10042">UPS</option>		<option value="10043">GSMNTON</option>		<option value="10044">WarpEx</option>		<option value="10045">성원글로벌</option>		<option value="10046">하이브랜로지스</option>		<option value="10047">국제정보통신</option>		<option value="10048">홈플러스택배</option>		<option value="10049">영풍문고택배</option>		<option value="10050">건영택배</option>		<option value="10051">WIZWA</option>		<option value="10052">FHL express</option>		<option value="10053">Airboy express</option>		<option value="10054">(해외)우체국</option>		<option value="10055">(해외)DHL</option>		<option value="10056">(해외)DPD</option>		<option value="10061">(통합)한진택배</option>		<option value="10071">(마트)CJ택배</option></select>', '', '박성원', '010-9357-0525', '070-8277-8936', '700-719', '대구 중구 삼덕동2가 진석타워 9층 나누미넷', '', '', '010-9357-0525', '02-597-3310', 80, 920, '', 'G1', 1000, '박성원070-8277-8936010-9357-0525대구 중구 삼덕동2가 진석타워 9층 나누미넷', '오픈마켓'),
(16, '4GS', '2015100664864541', '11', '11', 'mjsoft1', 'mjsoft1', '201510066486454', '1297818707', '리퍼키보드 판매테스트 2', '0000-00-00', '0000-00-00 00:00:00', 'ryun**', '박성원', 1000, 1, '마우스:tt,키보드:tt,색상:붉,크기:X,용도:외부-1개', '', '2015-10-06 15:08:18', '2015-10-06 15:08:18', '0000-00-00 00:00:00', '일반배송', 0, 0, '배송완료전', 0, '500714633', '', '', 0, 'CJ대한통운', '689395471326', '박성원', '0504-2531-8106', '0504-2531-8106', '701812', '대구광역시 동구 신암4동  250-1 큰고개웰그린 101동 1407호', '', '배송중', '', '', 80, 920, '', '', 1, '', '');

-- --------------------------------------------------------

--
-- 테이블 구조 `sms5_book`
--

CREATE TABLE IF NOT EXISTS `sms5_book` (
  `bk_no` int(11) NOT NULL AUTO_INCREMENT,
  `bg_no` int(11) NOT NULL DEFAULT '0',
  `mb_no` int(11) NOT NULL DEFAULT '0',
  `mb_id` varchar(20) NOT NULL DEFAULT '',
  `bk_name` varchar(255) NOT NULL DEFAULT '',
  `bk_hp` varchar(255) NOT NULL DEFAULT '',
  `bk_receipt` tinyint(4) NOT NULL DEFAULT '0',
  `bk_datetime` datetime NOT NULL DEFAULT '0000-00-00 00:00:00',
  `bk_memo` text NOT NULL,
  PRIMARY KEY (`bk_no`),
  KEY `bk_name` (`bk_name`),
  KEY `bk_hp` (`bk_hp`),
  KEY `mb_no` (`mb_no`),
  KEY `bg_no` (`bg_no`,`bk_no`),
  KEY `mb_id` (`mb_id`)
) ENGINE=MyISAM  DEFAULT CHARSET=utf8 AUTO_INCREMENT=11 ;

--
-- 테이블의 덤프 데이터 `sms5_book`
--

INSERT INTO `sms5_book` (`bk_no`, `bg_no`, `mb_no`, `mb_id`, `bk_name`, `bk_hp`, `bk_receipt`, `bk_datetime`, `bk_memo`) VALUES
(1, 1, 0, 'admin', '최고관리자', '010-1235-5514', 0, '2015-09-14 11:10:09', ''),
(2, 1, 0, 'ryunen', '박성원', '010-9357-0525', 1, '2015-09-14 11:10:09', ''),
(3, 1, 0, 'test', '귀요믜', '010-2961-5052', 1, '2015-09-14 11:10:09', ''),
(7, 1, 0, 'kall', '박성원', '010-9357-0525', 1, '2015-09-14 11:10:09', ''),
(8, 2, 0, 'vizz', '환대리', '010-8455-1074', 1, '2015-09-14 11:10:09', ''),
(9, 2, 0, 'hak79', '이봉학', '', 0, '2015-09-14 11:10:09', ''),
(10, 2, 0, 'osm', '오상목', '010-9896-5352', 1, '2015-09-14 11:10:09', '');

-- --------------------------------------------------------

--
-- 테이블 구조 `sms5_book_group`
--

CREATE TABLE IF NOT EXISTS `sms5_book_group` (
  `bg_no` int(11) NOT NULL AUTO_INCREMENT,
  `bg_name` varchar(255) NOT NULL DEFAULT '',
  `bg_count` int(11) NOT NULL DEFAULT '0',
  `bg_member` int(11) NOT NULL DEFAULT '0',
  `bg_nomember` int(11) NOT NULL DEFAULT '0',
  `bg_receipt` int(11) NOT NULL DEFAULT '0',
  `bg_reject` int(11) NOT NULL DEFAULT '0',
  PRIMARY KEY (`bg_no`),
  KEY `bg_name` (`bg_name`)
) ENGINE=MyISAM  DEFAULT CHARSET=utf8 AUTO_INCREMENT=3 ;

--
-- 테이블의 덤프 데이터 `sms5_book_group`
--

INSERT INTO `sms5_book_group` (`bg_no`, `bg_name`, `bg_count`, `bg_member`, `bg_nomember`, `bg_receipt`, `bg_reject`) VALUES
(1, '미분류', 4, 4, 0, 3, 1),
(2, 'VIP', 3, 3, 0, 2, 1);

-- --------------------------------------------------------

--
-- 테이블 구조 `sms5_config`
--

CREATE TABLE IF NOT EXISTS `sms5_config` (
  `cf_phone` varchar(255) NOT NULL DEFAULT '',
  `cf_datetime` datetime NOT NULL DEFAULT '0000-00-00 00:00:00',
  `cf_member` tinyint(4) NOT NULL DEFAULT '1',
  `cf_level` tinyint(4) NOT NULL DEFAULT '2',
  `cf_point` int(11) NOT NULL DEFAULT '0',
  `cf_day_count` int(11) NOT NULL DEFAULT '0',
  `cf_skin` varchar(100) NOT NULL DEFAULT ''
) ENGINE=MyISAM DEFAULT CHARSET=utf8;

-- --------------------------------------------------------

--
-- 테이블 구조 `sms5_form`
--

CREATE TABLE IF NOT EXISTS `sms5_form` (
  `fo_no` int(11) NOT NULL AUTO_INCREMENT,
  `fg_no` tinyint(4) NOT NULL DEFAULT '0',
  `fg_member` char(1) NOT NULL DEFAULT '0',
  `fo_name` varchar(255) NOT NULL DEFAULT '',
  `fo_content` text NOT NULL,
  `fo_datetime` datetime NOT NULL DEFAULT '0000-00-00 00:00:00',
  PRIMARY KEY (`fo_no`),
  KEY `fg_no` (`fg_no`,`fo_no`)
) ENGINE=MyISAM DEFAULT CHARSET=utf8 AUTO_INCREMENT=1 ;

-- --------------------------------------------------------

--
-- 테이블 구조 `sms5_form_group`
--

CREATE TABLE IF NOT EXISTS `sms5_form_group` (
  `fg_no` int(11) NOT NULL AUTO_INCREMENT,
  `fg_name` varchar(255) NOT NULL DEFAULT '',
  `fg_count` int(11) NOT NULL DEFAULT '0',
  `fg_member` tinyint(4) NOT NULL,
  PRIMARY KEY (`fg_no`),
  KEY `fg_name` (`fg_name`)
) ENGINE=MyISAM DEFAULT CHARSET=utf8 AUTO_INCREMENT=1 ;

-- --------------------------------------------------------

--
-- 테이블 구조 `sms5_history`
--

CREATE TABLE IF NOT EXISTS `sms5_history` (
  `hs_no` int(11) NOT NULL AUTO_INCREMENT,
  `wr_no` int(11) NOT NULL DEFAULT '0',
  `wr_renum` int(11) NOT NULL DEFAULT '0',
  `bg_no` int(11) NOT NULL DEFAULT '0',
  `mb_no` int(11) NOT NULL DEFAULT '0',
  `mb_id` varchar(20) NOT NULL DEFAULT '',
  `bk_no` int(11) NOT NULL DEFAULT '0',
  `hs_name` varchar(30) NOT NULL DEFAULT '',
  `hs_hp` varchar(255) NOT NULL DEFAULT '',
  `hs_datetime` datetime NOT NULL DEFAULT '0000-00-00 00:00:00',
  `hs_flag` tinyint(4) NOT NULL DEFAULT '0',
  `hs_code` varchar(255) NOT NULL DEFAULT '',
  `hs_memo` varchar(255) NOT NULL DEFAULT '',
  `hs_log` varchar(255) NOT NULL DEFAULT '',
  PRIMARY KEY (`hs_no`),
  KEY `wr_no` (`wr_no`),
  KEY `mb_no` (`mb_no`),
  KEY `bk_no` (`bk_no`),
  KEY `hs_hp` (`hs_hp`),
  KEY `hs_code` (`hs_code`),
  KEY `bg_no` (`bg_no`),
  KEY `mb_id` (`mb_id`)
) ENGINE=MyISAM DEFAULT CHARSET=utf8 AUTO_INCREMENT=1 ;

-- --------------------------------------------------------

--
-- 테이블 구조 `sms5_member_history`
--

CREATE TABLE IF NOT EXISTS `sms5_member_history` (
  `mh_no` int(11) NOT NULL AUTO_INCREMENT,
  `mb_id` varchar(30) NOT NULL,
  `mh_reply` varchar(30) NOT NULL,
  `mh_hp` varchar(30) NOT NULL,
  `mh_datetime` datetime NOT NULL,
  `mh_booking` datetime NOT NULL,
  `mh_log` varchar(255) NOT NULL,
  `mh_ip` varchar(15) NOT NULL,
  PRIMARY KEY (`mh_no`),
  KEY `mb_id` (`mb_id`,`mh_datetime`)
) ENGINE=MyISAM DEFAULT CHARSET=utf8 AUTO_INCREMENT=1 ;

-- --------------------------------------------------------

--
-- 테이블 구조 `sms5_write`
--

CREATE TABLE IF NOT EXISTS `sms5_write` (
  `wr_no` int(11) NOT NULL DEFAULT '1',
  `wr_renum` int(11) NOT NULL DEFAULT '0',
  `wr_reply` varchar(255) NOT NULL DEFAULT '',
  `wr_message` varchar(255) NOT NULL DEFAULT '',
  `wr_booking` datetime NOT NULL DEFAULT '0000-00-00 00:00:00',
  `wr_total` int(11) NOT NULL DEFAULT '0',
  `wr_re_total` int(11) NOT NULL DEFAULT '0',
  `wr_success` int(11) NOT NULL DEFAULT '0',
  `wr_failure` int(11) NOT NULL DEFAULT '0',
  `wr_datetime` datetime NOT NULL DEFAULT '0000-00-00 00:00:00',
  `wr_memo` text NOT NULL,
  KEY `wr_no` (`wr_no`,`wr_renum`)
) ENGINE=MyISAM DEFAULT CHARSET=utf8;

